{"id":4392,"date":"2022-08-08T20:47:32","date_gmt":"2022-08-08T20:47:32","guid":{"rendered":"https:\/\/www.sunkaraoke.hu\/index.php\/termek\/postas-jozsi-holdfenyes-ejszakan\/"},"modified":"2025-04-01T15:30:45","modified_gmt":"2025-04-01T15:30:45","slug":"postas-jozsi-holdfenyes-ejszakan","status":"publish","type":"product","link":"https:\/\/www.sunkaraoke.hu\/index.php\/termek\/postas-jozsi-holdfenyes-ejszakan\/","title":{"rendered":"<div class=\"wcmp-player-container product-4392\"><audio controlslist=\"nodownload\" data-product=\"4392\"  volume=\"1\"  preload=\"none\" data-lazyloading=\"none\" class=\"wcmp-player track mejs-classic\" data-duration=\"0:32\" data-estimated_duration=\"4\"><source src=\"https:\/\/www.sunkaraoke.hu\/wp-content\/uploads\/2022\/08\/Holdfenyes-Postas-voc.demooo.mp3\" type=\"audio\/mp3\" \/><\/audio><\/div>Post\u00e1s J\u00f3zsi &#8211; Holdf\u00e9nyes \u00e9jszak\u00e1n (Original)"},"content":{"rendered":"<p><strong>04:09<\/strong> | <strong><img loading=\"lazy\" decoding=\"async\" class=\"alignnone size-full wp-image-466\" src=\"https:\/\/www.sunkaraoke.hu\/wp-content\/uploads\/2022\/07\/choir_1-copy.webp\" alt=\"\" width=\"30\" height=\"30\" \/> <\/strong><\/p>\n","protected":false},"excerpt":{"rendered":"<h6><strong>Bits\u0171r\u0171s\u00e9g: 320<\/strong>kb\/s<strong><br \/>\n<\/strong><strong>Hossz: <\/strong>04:09<strong><br \/>\n<\/strong><strong style=\"font-size: 16px;\">Vok\u00e1lt tartalmaz: <\/strong>Igen <img loading=\"lazy\" decoding=\"async\" class=\"alignnone size-full wp-image-466\" src=\"http:\/\/www.sunkaraoke.hu\/wp-content\/uploads\/2022\/07\/choir_1-copy.png\" alt=\"\" width=\"30\" height=\"30\" \/><strong style=\"font-size: 16px;\"><br \/>\n<\/strong><\/h6>\n<p>Sunkaraoke mp3 st\u00fadi\u00f3 \/ www.sunkaraoke.hu \/ Inf: Tel: 06 20 4275001<\/p>\n<p>&#8212;-Intr\u00f3&#8212;<br \/>\nNa v\u00e9gre,hogy itt a ny\u00e1r,<br \/>\nsok ember kalandra v\u00e1r,<br \/>\n\u00e9s ha pezseg az \u00e9let,<br \/>\nnekem ez a val\u00f3 vil\u00e1g!<br \/>\nIde nem kell nagy kab\u00e1t,<br \/>\nitt l\u00e1ngolnak az \u00e9jszak\u00e1k,<br \/>\n\u00e9s a cs\u00f3kok t\u00fcz\u00e9t\u0151l,<br \/>\nmelegebb lesz a ny\u00e1r.<br \/>\nHoldf\u00e9nyes \u00e9jszak\u00e1k,<br \/>\na szerelem r\u00e1d tal\u00e1l,<br \/>\n\u00faj l\u00e1ngra gy\u00fajtja a sz\u00edvedet,<br \/>\n\u00e9gni hagyja tal\u00e1n.<br \/>\nNe f\u00e9lj,hogyha \u00e1t\u00f6lel,<br \/>\nt\u00f6bb\u00e9 nem enged el,<br \/>\na sz\u00e9p herceg elj\u00f6n a lov\u00e1n,<br \/>\nh\u00f3feh\u00e9r parip\u00e1n.<br \/>\n&#8212;Sz\u00f3l\u00f3&#8212;<br \/>\nA hajnali napsug\u00e1r,<br \/>\nfel\u00e9breszt na,indulj m\u00e1r,<br \/>\na szerelem szigete r\u00e9g\u00f3ta vissza v\u00e1r.<br \/>\nAhol a csend a legszebb sz\u00f3.<br \/>\nMert az,ki nem mondhat\u00f3,<br \/>\ncsak a szelek f\u00e9nye hozz\u00e1 foghat\u00f3.<br \/>\nHoldf\u00e9nyes \u00e9jszak\u00e1k,<br \/>\na szerelem r\u00e1d tal\u00e1l.<br \/>\n\u00daj l\u00e1ngra gy\u00fajtja a sz\u00edvedet,<br \/>\n\u00e9gni hagyja tal\u00e1n.<br \/>\nNe f\u00e9lj,hogyha \u00e1t\u00f6lel,<br \/>\nt\u00f6bb\u00e9 nem enged el,<br \/>\na sz\u00e9p herceg elj\u00f6n a lov\u00e1n,<br \/>\nh\u00f3feh\u00e9r parip\u00e1n.<br \/>\nA hajnali napsug\u00e1r,<br \/>\nfel\u00e9breszt na,indulj m\u00e1r,<br \/>\na szerelem szigete r\u00e9g\u00f3ta vissza v\u00e1r.<br \/>\nAhol a csend a legszebb sz\u00f3.<br \/>\nMert az,ki nem mondhat\u00f3,<br \/>\ncsak a szelek f\u00e9nye hozz\u00e1 foghat\u00f3.<br \/>\nHoldf\u00e9nyes \u00e9jszak\u00e1k,<br \/>\na szerelem r\u00e1d tal\u00e1l.<br \/>\n\u00daj l\u00e1ngra gy\u00fajtja a sz\u00edvedet,<br \/>\n\u00e9gni hagyja tal\u00e1n.<br \/>\nNe f\u00e9lj,hogyha \u00e1t\u00f6lel.<br \/>\nt\u00f6bb\u00e9 nem enged el,<br \/>\na sz\u00e9p herceg elj\u00f6n a lov\u00e1n,<br \/>\nh\u00f3feh\u00e9r parip\u00e1n.<br \/>\nHoldf\u00e9nyes \u00e9jszak\u00e1k,<br \/>\na szerelem r\u00e1d tal\u00e1l.<br \/>\n\u00daj l\u00e1ngra gy\u00fajtja a sz\u00edvedet,<br \/>\n\u00e9gni hagyja tal\u00e1n.<br \/>\nNe f\u00e9lj,hogyha \u00e1t\u00f6lel,<br \/>\nt\u00f6bb\u00e9 nem enged el,<br \/>\na sz\u00e9p herceg elj\u00f6n a lov\u00e1n,<br \/>\nh\u00f3feh\u00e9r parip\u00e1n.<br \/>\n&#8212;V\u00e9ge&#8212;-<\/p>\n","protected":false},"featured_media":9011,"template":"","meta":{"site-sidebar-layout":"default","site-content-layout":"default","ast-site-content-layout":"default","site-content-style":"default","site-sidebar-style":"default","ast-global-header-display":"","ast-banner-title-visibility":"","ast-main-header-display":"","ast-hfb-above-header-display":"","ast-hfb-below-header-display":"","ast-hfb-mobile-header-display":"","site-post-title":"","ast-breadcrumbs-content":"","ast-featured-img":"","footer-sml-layout":"","theme-transparent-header-meta":"default","adv-header-id-meta":"","stick-header-meta":"","header-above-stick-meta":"","header-main-stick-meta":"","header-below-stick-meta":"","astra-migrate-meta-layouts":"set","ast-page-background-enabled":"default","ast-page-background-meta":{"desktop":{"background-color":"var(--ast-global-color-4)","background-image":"","background-repeat":"repeat","background-position":"center center","background-size":"auto","background-attachment":"scroll","background-type":"","background-media":"","overlay-type":"","overlay-color":"","overlay-opacity":"","overlay-gradient":""},"tablet":{"background-color":"","background-image":"","background-repeat":"repeat","background-position":"center center","background-size":"auto","background-attachment":"scroll","background-type":"","background-media":"","overlay-type":"","overlay-color":"","overlay-opacity":"","overlay-gradient":""},"mobile":{"background-color":"","background-image":"","background-repeat":"repeat","background-position":"center center","background-size":"auto","background-attachment":"scroll","background-type":"","background-media":"","overlay-type":"","overlay-color":"","overlay-opacity":"","overlay-gradient":""}},"ast-content-background-meta":{"desktop":{"background-color":"var(--ast-global-color-5)","background-image":"","background-repeat":"repeat","background-position":"center center","background-size":"auto","background-attachment":"scroll","background-type":"","background-media":"","overlay-type":"","overlay-color":"","overlay-opacity":"","overlay-gradient":""},"tablet":{"background-color":"var(--ast-global-color-5)","background-image":"","background-repeat":"repeat","background-position":"center center","background-size":"auto","background-attachment":"scroll","background-type":"","background-media":"","overlay-type":"","overlay-color":"","overlay-opacity":"","overlay-gradient":""},"mobile":{"background-color":"var(--ast-global-color-5)","background-image":"","background-repeat":"repeat","background-position":"center center","background-size":"auto","background-attachment":"scroll","background-type":"","background-media":"","overlay-type":"","overlay-color":"","overlay-opacity":"","overlay-gradient":""}}},"product_cat":[46],"product_tag":[],"class_list":["post-4392","product","type-product","status-publish","has-post-thumbnail","hentry","product_cat-eredeti-karaoke-dalok","desktop-align-left","tablet-align-left","mobile-align-left"],"_links":{"self":[{"href":"https:\/\/www.sunkaraoke.hu\/index.php\/wp-json\/wp\/v2\/product\/4392","targetHints":{"allow":["GET"]}}],"collection":[{"href":"https:\/\/www.sunkaraoke.hu\/index.php\/wp-json\/wp\/v2\/product"}],"about":[{"href":"https:\/\/www.sunkaraoke.hu\/index.php\/wp-json\/wp\/v2\/types\/product"}],"wp:featuredmedia":[{"embeddable":true,"href":"https:\/\/www.sunkaraoke.hu\/index.php\/wp-json\/wp\/v2\/media\/9011"}],"wp:attachment":[{"href":"https:\/\/www.sunkaraoke.hu\/index.php\/wp-json\/wp\/v2\/media?parent=4392"}],"wp:term":[{"taxonomy":"product_cat","embeddable":true,"href":"https:\/\/www.sunkaraoke.hu\/index.php\/wp-json\/wp\/v2\/product_cat?post=4392"},{"taxonomy":"product_tag","embeddable":true,"href":"https:\/\/www.sunkaraoke.hu\/index.php\/wp-json\/wp\/v2\/product_tag?post=4392"}],"curies":[{"name":"wp","href":"https:\/\/api.w.org\/{rel}","templated":true}]}}