{"id":4371,"date":"2022-08-08T20:47:30","date_gmt":"2022-08-08T20:47:30","guid":{"rendered":"https:\/\/www.sunkaraoke.hu\/index.php\/termek\/balkan-fanatik-feljott-a-nap-2014-remix\/"},"modified":"2025-04-10T13:30:54","modified_gmt":"2025-04-10T13:30:54","slug":"balkan-fanatik-feljott-a-nap-2014-remix","status":"publish","type":"product","link":"https:\/\/www.sunkaraoke.hu\/index.php\/termek\/balkan-fanatik-feljott-a-nap-2014-remix\/","title":{"rendered":"<div class=\"wcmp-player-container product-4371\"><audio controlslist=\"nodownload\" data-product=\"4371\"  volume=\"1\"  preload=\"none\" data-lazyloading=\"none\" class=\"wcmp-player track mejs-classic\" data-duration=\"0:36\" data-estimated_duration=\"4\"><source src=\"https:\/\/www.sunkaraoke.hu\/wp-content\/uploads\/2022\/08\/Feljott-a-nap-2014.-remix-kdemoo.mp3\" type=\"audio\/mp3\" \/><\/audio><\/div>Balk\u00e1n Fanatik &#8211; Felj\u00f6tt a nap (SB Remix Edition)"},"content":{"rendered":"<p><strong>03:33<\/strong> | <strong><img loading=\"lazy\" decoding=\"async\" class=\"alignnone size-full wp-image-467\" src=\"https:\/\/www.sunkaraoke.hu\/wp-content\/uploads\/2022\/07\/choir_2-copy.webp\" alt=\"\" width=\"30\" height=\"30\" \/> <strong> | <img loading=\"lazy\" decoding=\"async\" class=\"alignnone size-full wp-image-613\" src=\"https:\/\/www.sunkaraoke.hu\/wp-content\/uploads\/2022\/07\/transzponalas.webp\" alt=\"\" width=\"30\" height=\"30\" \/> -1<\/strong><\/strong><\/p>\n","protected":false},"excerpt":{"rendered":"<h6><strong>Bits\u0171r\u0171s\u00e9g: 320<\/strong>kb\/s<strong><br \/>\n<\/strong><strong>Hossz: <\/strong>03:33<strong><br \/>\n<\/strong><strong style=\"font-size: 16px;\">Vok\u00e1lt tartalmaz: <\/strong>Nem <img loading=\"lazy\" decoding=\"async\" class=\"alignnone size-full wp-image-467\" src=\"http:\/\/www.sunkaraoke.hu\/wp-content\/uploads\/2022\/07\/choir_2-copy.png\" alt=\"\" width=\"30\" height=\"30\" \/><br \/>\nTranszpon\u00e1l\u00e1s: Igen -1<\/h6>\n<p>Sunkaraoke mp3 st\u00fadi\u00f3 \/ www.sunkaraoke.hu \/ Inf: Tel: 06 20 4275001<\/p>\n<p>&#8212;Intr\u00f3&#8212;<br \/>\nAzt gondoltam es\u0151 esik,<br \/>\npedig a szemem k\u00f6nnyezik.<br \/>\nAz \u00e9n szemem s\u0171r\u0171 felh\u0151,<br \/>\nonnan ver engem az es\u0151.<br \/>\nGyere r\u00f3zs\u00e1m b\u00e9k\u00fclj\u00fcnk meg,<br \/>\nmi egym\u00e1snak engedj\u00fcnk meg,<br \/>\nmindig voltak kik \u00edgy j\u00e1rtak,<br \/>\nmind megengedtek egym\u00e1snak.<br \/>\nMindig voltak kik \u00edgy j\u00e1rtak,<br \/>\nmind megengedtek egym\u00e1snak.<br \/>\nFelj\u00f6tt a nap, sz\u00e9pen ragyog,<br \/>\n\u00e9n olyan nagy bajban vagyok.<br \/>\nAjj Istenem, hogy sz\u00e9gyellem,<br \/>\nhogy reggel kell hazamennem.<br \/>\nFelj\u00f6tt a nap, sz\u00e9pen ragyog,<br \/>\n\u00e9n m\u00e9g a kocsm\u00e1ban vagyok.<br \/>\nAjj Istenem, hogy sz\u00e9gyellem,<br \/>\nhogy reggel kell hazamennem.<br \/>\n&#8212;Sz\u00f3l\u00f3&#8212;<br \/>\nNy\u00fajtsad kezed b\u00e1r egy felet,<br \/>\nb\u00e1r m\u00e9g egy sz\u00f3t sz\u00f3ljak veled.<br \/>\nNy\u00fajtsad kezed b\u00e1r egy felet,<br \/>\nb\u00e1r m\u00e9g egy sz\u00f3t sz\u00f3ljak veled!<br \/>\nNy\u00fajtsad kezed keresztesen,<br \/>\nb\u00facs\u00fazzunk el \u00f6r\u00f6k\u00f6sen.<br \/>\nNy\u00fajtsad kezed keresztesen,<br \/>\nb\u00facs\u00fazzunk el \u00f6r\u00f6k\u00f6sen.<br \/>\nFelj\u00f6tt a nap, sz\u00e9pen ragyog.<br \/>\n\u00e9n olyan nagy bajban vagyok.<br \/>\nAjj Istenem, hogy sz\u00e9gyellem,<br \/>\nhogy reggel kell hazamennem.<br \/>\nFelj\u00f6tt a nap, sz\u00e9pen ragyog,<br \/>\n\u00e9n m\u00e9g a kocsm\u00e1ban vagyok.<br \/>\nAjj Istenem, hogy sz\u00e9gyellem,<br \/>\nhogy reggel kell hazamennem.<br \/>\n&#8212;Sz\u00f3l\u00f3&#8212;<br \/>\nFelj\u00f6tt a nap, sz\u00e9pen ragyog,<br \/>\n\u00e9n olyan nagy bajban vagyok.<br \/>\nAjj Istenem, hogy sz\u00e9gyellem,<br \/>\nhogy reggel kell hazamennem.<br \/>\nFelj\u00f6tt a nap, sz\u00e9pen ragyog,<br \/>\n\u00e9n m\u00e9g a kocsm\u00e1ban vagyok.<br \/>\nAjj Istenem, hogy sz\u00e9gyellem,<br \/>\nhogy reggel kell hazamennem.<br \/>\n&#8212;V\u00e9ge&#8212;<\/p>\n","protected":false},"featured_media":10897,"template":"","meta":{"site-sidebar-layout":"default","site-content-layout":"default","ast-site-content-layout":"default","site-content-style":"default","site-sidebar-style":"default","ast-global-header-display":"","ast-banner-title-visibility":"","ast-main-header-display":"","ast-hfb-above-header-display":"","ast-hfb-below-header-display":"","ast-hfb-mobile-header-display":"","site-post-title":"","ast-breadcrumbs-content":"","ast-featured-img":"","footer-sml-layout":"","theme-transparent-header-meta":"default","adv-header-id-meta":"","stick-header-meta":"","header-above-stick-meta":"","header-main-stick-meta":"","header-below-stick-meta":"","astra-migrate-meta-layouts":"set","ast-page-background-enabled":"default","ast-page-background-meta":{"desktop":{"background-color":"var(--ast-global-color-4)","background-image":"","background-repeat":"repeat","background-position":"center center","background-size":"auto","background-attachment":"scroll","background-type":"","background-media":"","overlay-type":"","overlay-color":"","overlay-opacity":"","overlay-gradient":""},"tablet":{"background-color":"","background-image":"","background-repeat":"repeat","background-position":"center center","background-size":"auto","background-attachment":"scroll","background-type":"","background-media":"","overlay-type":"","overlay-color":"","overlay-opacity":"","overlay-gradient":""},"mobile":{"background-color":"","background-image":"","background-repeat":"repeat","background-position":"center center","background-size":"auto","background-attachment":"scroll","background-type":"","background-media":"","overlay-type":"","overlay-color":"","overlay-opacity":"","overlay-gradient":""}},"ast-content-background-meta":{"desktop":{"background-color":"var(--ast-global-color-5)","background-image":"","background-repeat":"repeat","background-position":"center center","background-size":"auto","background-attachment":"scroll","background-type":"","background-media":"","overlay-type":"","overlay-color":"","overlay-opacity":"","overlay-gradient":""},"tablet":{"background-color":"var(--ast-global-color-5)","background-image":"","background-repeat":"repeat","background-position":"center center","background-size":"auto","background-attachment":"scroll","background-type":"","background-media":"","overlay-type":"","overlay-color":"","overlay-opacity":"","overlay-gradient":""},"mobile":{"background-color":"var(--ast-global-color-5)","background-image":"","background-repeat":"repeat","background-position":"center center","background-size":"auto","background-attachment":"scroll","background-type":"","background-media":"","overlay-type":"","overlay-color":"","overlay-opacity":"","overlay-gradient":""}}},"product_cat":[48],"product_tag":[],"class_list":["post-4371","product","type-product","status-publish","has-post-thumbnail","hentry","product_cat-sunkaraoke-dalok","desktop-align-left","tablet-align-left","mobile-align-left"],"_links":{"self":[{"href":"https:\/\/www.sunkaraoke.hu\/index.php\/wp-json\/wp\/v2\/product\/4371","targetHints":{"allow":["GET"]}}],"collection":[{"href":"https:\/\/www.sunkaraoke.hu\/index.php\/wp-json\/wp\/v2\/product"}],"about":[{"href":"https:\/\/www.sunkaraoke.hu\/index.php\/wp-json\/wp\/v2\/types\/product"}],"wp:featuredmedia":[{"embeddable":true,"href":"https:\/\/www.sunkaraoke.hu\/index.php\/wp-json\/wp\/v2\/media\/10897"}],"wp:attachment":[{"href":"https:\/\/www.sunkaraoke.hu\/index.php\/wp-json\/wp\/v2\/media?parent=4371"}],"wp:term":[{"taxonomy":"product_cat","embeddable":true,"href":"https:\/\/www.sunkaraoke.hu\/index.php\/wp-json\/wp\/v2\/product_cat?post=4371"},{"taxonomy":"product_tag","embeddable":true,"href":"https:\/\/www.sunkaraoke.hu\/index.php\/wp-json\/wp\/v2\/product_tag?post=4371"}],"curies":[{"name":"wp","href":"https:\/\/api.w.org\/{rel}","templated":true}]}}