{"id":4361,"date":"2022-08-08T20:47:30","date_gmt":"2022-08-08T20:47:30","guid":{"rendered":"https:\/\/www.sunkaraoke.hu\/index.php\/termek\/sihell-ferry-kezunkben-a-szotyola\/"},"modified":"2025-04-04T13:02:49","modified_gmt":"2025-04-04T13:02:49","slug":"sihell-ferry-kezunkben-a-szotyola","status":"publish","type":"product","link":"https:\/\/www.sunkaraoke.hu\/index.php\/termek\/sihell-ferry-kezunkben-a-szotyola\/","title":{"rendered":"<div class=\"wcmp-player-container product-4361\"><audio controlslist=\"nodownload\" data-product=\"4361\"  volume=\"1\"  preload=\"none\" data-lazyloading=\"none\" class=\"wcmp-player track mejs-classic\" data-duration=\"0:32\" data-estimated_duration=\"4\"><source src=\"https:\/\/www.sunkaraoke.hu\/wp-content\/uploads\/2022\/08\/Kezunkben-a-szotyola-vocal-SF.-demooo.mp3\" type=\"audio\/mp3\" \/><\/audio><\/div>Sihell Ferry &#8211; Kez\u00fcnkben a szotyola (Original)"},"content":{"rendered":"<p><strong>03:39<\/strong> | <strong><img loading=\"lazy\" decoding=\"async\" class=\"alignnone size-full wp-image-466\" src=\"https:\/\/www.sunkaraoke.hu\/wp-content\/uploads\/2022\/07\/choir_1-copy.webp\" alt=\"\" width=\"30\" height=\"30\" \/> <\/strong><\/p>\n","protected":false},"excerpt":{"rendered":"<h6><strong>Bits\u0171r\u0171s\u00e9g: 320<\/strong>kb\/s<strong><br \/>\n<\/strong><strong>Hossz: <\/strong>03:39<strong><br \/>\n<\/strong><strong style=\"font-size: 16px;\">Vok\u00e1lt tartalmaz: <\/strong>Igen <img loading=\"lazy\" decoding=\"async\" class=\"alignnone size-full wp-image-466\" src=\"http:\/\/www.sunkaraoke.hu\/wp-content\/uploads\/2022\/07\/choir_1-copy.png\" alt=\"\" width=\"30\" height=\"30\" \/><strong style=\"font-size: 16px;\"><br \/>\n<\/strong><\/h6>\n<p>Sunkaraoke mp3 st\u00fadi\u00f3 \/ www.sunkaraoke.hu \/ Inf: Tel: 06 20 4275001<\/p>\n<p>&#8212;Intr\u00f3&#8212;<br \/>\nKez\u00fcnkben a szotyola, pletyk\u00e1lunk a faluba,<br \/>\nkinek mi a b\u00e1nata.<br \/>\nSz\u00f3l a cig\u00e1ny muzsika, p\u00f6rk\u00f6lt f\u0151 a faz\u00e9kba,<br \/>\na gyerekek rosszalkodnak!<br \/>\nA szomsz\u00e9dba nagy a zaj, aludni itt nem szabad,<br \/>\nminden nap ott \u00fcnnepnap van.<br \/>\nEs\u0151 ut\u00e1n zivatar, ha baj van m\u00e9gis s\u00fct a nap,<br \/>\nide sz\u00fclettem , ez az \u00e9letem.<br \/>\nNem adn\u00e1m semmi\u00e9rt, \u00e9n a vil\u00e1gom,<br \/>\nmert a csal\u00e1dom jaj de im\u00e1dom,<br \/>\ntudom kicsit olaszos a virtus,<br \/>\nn\u00e9ha n\u00e9ha t\u00fal nagy is a cirkusz!<br \/>\nNem adn\u00e1m semmi\u00e9rt, \u00e9n a vil\u00e1gom,<br \/>\nmert a csal\u00e1dom jaj de im\u00e1dom,<br \/>\nvan amikor zokog s\u00edr a lelkem,<br \/>\nde holnaput\u00e1n elfeledek mindent!<br \/>\n&#8212;Sz\u00f3l\u00f3&#8212;<br \/>\nAz udvarban pici pad, ki\u00fcl\u00fcnk ha s\u00fct a nap,<br \/>\nsz\u00f3l a zene a szomsz\u00e9dban,<br \/>\nfullos merci zsiguli, bmw vagy bicikli,<br \/>\na kapu el\u0151tt elf\u00e9r mind.<br \/>\nKi mond itt ma igazat, kicsi-e vagy nagy a baj,<br \/>\nmi t\u00f6rt\u00e9nt a kisfalunkban,<br \/>\nma m\u00e9g harag holnap nem, elfeledj\u00fck csendesen,<br \/>\nide sz\u00fclettem , ez az \u00e9letem.<br \/>\nNem adn\u00e1m semmi\u00e9rt, \u00e9n a vil\u00e1gom,<br \/>\nmert a csal\u00e1dom jaj de im\u00e1dom,<br \/>\ntudom kicsit olaszos a virtus,<br \/>\nn\u00e9ha n\u00e9ha t\u00fal nagy is a cirkusz!<br \/>\nNem adn\u00e1m semmi\u00e9rt, \u00e9n a vil\u00e1gom,<br \/>\nmert a csal\u00e1dom, jaj de im\u00e1dom,<br \/>\nvan amikor zokog s\u00edr a lelkem,<br \/>\nde holnaput\u00e1n elfeledek mindent!<br \/>\nNem adn\u00e1m semmi\u00e9rt, \u00e9n a vil\u00e1gom,<br \/>\nmert a csal\u00e1dom jaj de im\u00e1dom,<br \/>\ntudom kicsit olaszos a virtus,<br \/>\nn\u00e9ha n\u00e9ha t\u00fal nagy is a cirkusz!<br \/>\nNem adn\u00e1m semmi\u00e9rt, \u00e9n a vil\u00e1gom,<br \/>\nmert a csal\u00e1dom, jaj de im\u00e1dom,<br \/>\nvan amikor zokog s\u00edr a lelkem,<br \/>\nde holnaput\u00e1n elfeledek mindent!<br \/>\n&#8212;Sz\u00f3l\u00f3&#8212;<br \/>\nNem adn\u00e1m semmi\u00e9rt, \u00e9n a vil\u00e1gom,<br \/>\nmert a csal\u00e1dom jaj de im\u00e1dom,<br \/>\ntudom kicsit olaszos a virtus,<br \/>\nn\u00e9ha n\u00e9ha t\u00fal nagy is a cirkusz!<br \/>\nNem adn\u00e1m semmi\u00e9rt, \u00e9n a vil\u00e1gom,<br \/>\nmert a csal\u00e1dom, jaj de im\u00e1dom,<br \/>\nvan amikor zokog s\u00edr a lelkem,<br \/>\nde holnaput\u00e1n elfeledek mindent!<br \/>\n&#8212;V\u00e9ge&#8212;<\/p>\n","protected":false},"featured_media":9301,"template":"","meta":{"site-sidebar-layout":"default","site-content-layout":"default","ast-site-content-layout":"default","site-content-style":"default","site-sidebar-style":"default","ast-global-header-display":"","ast-banner-title-visibility":"","ast-main-header-display":"","ast-hfb-above-header-display":"","ast-hfb-below-header-display":"","ast-hfb-mobile-header-display":"","site-post-title":"","ast-breadcrumbs-content":"","ast-featured-img":"","footer-sml-layout":"","theme-transparent-header-meta":"default","adv-header-id-meta":"","stick-header-meta":"","header-above-stick-meta":"","header-main-stick-meta":"","header-below-stick-meta":"","astra-migrate-meta-layouts":"set","ast-page-background-enabled":"default","ast-page-background-meta":{"desktop":{"background-color":"var(--ast-global-color-4)","background-image":"","background-repeat":"repeat","background-position":"center center","background-size":"auto","background-attachment":"scroll","background-type":"","background-media":"","overlay-type":"","overlay-color":"","overlay-opacity":"","overlay-gradient":""},"tablet":{"background-color":"","background-image":"","background-repeat":"repeat","background-position":"center center","background-size":"auto","background-attachment":"scroll","background-type":"","background-media":"","overlay-type":"","overlay-color":"","overlay-opacity":"","overlay-gradient":""},"mobile":{"background-color":"","background-image":"","background-repeat":"repeat","background-position":"center center","background-size":"auto","background-attachment":"scroll","background-type":"","background-media":"","overlay-type":"","overlay-color":"","overlay-opacity":"","overlay-gradient":""}},"ast-content-background-meta":{"desktop":{"background-color":"var(--ast-global-color-5)","background-image":"","background-repeat":"repeat","background-position":"center center","background-size":"auto","background-attachment":"scroll","background-type":"","background-media":"","overlay-type":"","overlay-color":"","overlay-opacity":"","overlay-gradient":""},"tablet":{"background-color":"var(--ast-global-color-5)","background-image":"","background-repeat":"repeat","background-position":"center center","background-size":"auto","background-attachment":"scroll","background-type":"","background-media":"","overlay-type":"","overlay-color":"","overlay-opacity":"","overlay-gradient":""},"mobile":{"background-color":"var(--ast-global-color-5)","background-image":"","background-repeat":"repeat","background-position":"center center","background-size":"auto","background-attachment":"scroll","background-type":"","background-media":"","overlay-type":"","overlay-color":"","overlay-opacity":"","overlay-gradient":""}}},"product_cat":[55],"product_tag":[],"class_list":["post-4361","product","type-product","status-publish","has-post-thumbnail","hentry","product_cat-sihell-ferry","desktop-align-left","tablet-align-left","mobile-align-left"],"_links":{"self":[{"href":"https:\/\/www.sunkaraoke.hu\/index.php\/wp-json\/wp\/v2\/product\/4361","targetHints":{"allow":["GET"]}}],"collection":[{"href":"https:\/\/www.sunkaraoke.hu\/index.php\/wp-json\/wp\/v2\/product"}],"about":[{"href":"https:\/\/www.sunkaraoke.hu\/index.php\/wp-json\/wp\/v2\/types\/product"}],"wp:featuredmedia":[{"embeddable":true,"href":"https:\/\/www.sunkaraoke.hu\/index.php\/wp-json\/wp\/v2\/media\/9301"}],"wp:attachment":[{"href":"https:\/\/www.sunkaraoke.hu\/index.php\/wp-json\/wp\/v2\/media?parent=4361"}],"wp:term":[{"taxonomy":"product_cat","embeddable":true,"href":"https:\/\/www.sunkaraoke.hu\/index.php\/wp-json\/wp\/v2\/product_cat?post=4361"},{"taxonomy":"product_tag","embeddable":true,"href":"https:\/\/www.sunkaraoke.hu\/index.php\/wp-json\/wp\/v2\/product_tag?post=4361"}],"curies":[{"name":"wp","href":"https:\/\/api.w.org\/{rel}","templated":true}]}}