{"id":4360,"date":"2022-08-08T20:47:30","date_gmt":"2022-08-08T20:47:30","guid":{"rendered":"https:\/\/www.sunkaraoke.hu\/index.php\/termek\/sihell-ferry-mindig-jo-a-kedved\/"},"modified":"2025-04-04T13:05:45","modified_gmt":"2025-04-04T13:05:45","slug":"sihell-ferry-mindig-jo-a-kedved","status":"publish","type":"product","link":"https:\/\/www.sunkaraoke.hu\/index.php\/termek\/sihell-ferry-mindig-jo-a-kedved\/","title":{"rendered":"<div class=\"wcmp-player-container product-4360\"><audio controlslist=\"nodownload\" data-product=\"4360\"  volume=\"1\"  preload=\"none\" data-lazyloading=\"none\" class=\"wcmp-player track mejs-classic\" data-duration=\"0:34\" data-estimated_duration=\"4\"><source src=\"https:\/\/www.sunkaraoke.hu\/wp-content\/uploads\/2022\/08\/Mindig-jo-a-kedved-voc-SF.-kdemooo.mp3\" type=\"audio\/mp3\" \/><\/audio><\/div>Sihell Ferry &#8211; Mindig j\u00f3 a kedved (Original)"},"content":{"rendered":"<p><strong>03:54<\/strong> | <strong><img loading=\"lazy\" decoding=\"async\" class=\"alignnone size-full wp-image-466\" src=\"https:\/\/www.sunkaraoke.hu\/wp-content\/uploads\/2022\/07\/choir_1-copy.webp\" alt=\"\" width=\"30\" height=\"30\" \/> <\/strong><\/p>\n","protected":false},"excerpt":{"rendered":"<h6><strong>Bits\u0171r\u0171s\u00e9g: 320<\/strong>kb\/s<strong><br \/>\n<\/strong><strong>Hossz: <\/strong>03:54<strong><br \/>\n<\/strong><strong style=\"font-size: 16px;\">Vok\u00e1lt tartalmaz: <\/strong>Igen <img loading=\"lazy\" decoding=\"async\" class=\"alignnone size-full wp-image-466\" src=\"http:\/\/www.sunkaraoke.hu\/wp-content\/uploads\/2022\/07\/choir_1-copy.png\" alt=\"\" width=\"30\" height=\"30\" \/><strong style=\"font-size: 16px;\"><br \/>\n<\/strong><\/h6>\n<p>Sunkaraoke mp3 st\u00fadi\u00f3 \/ www.sunkaraoke.hu \/ Inf: Tel: 06 20 4275001<\/p>\n<p>&#8212;Intr\u00f3&#8212;<br \/>\nL\u00e1, lo, lo, ro, l\u00e1, lo&#8230;..<br \/>\nRi, p\u00e1, p\u00e1, p\u00e1, p\u00f3&#8230;.<br \/>\nL\u00e1, lo, lo, ro, l\u00e1, lo&#8230;..<br \/>\nRi, p\u00e1, p\u00e1, p\u00e1, p\u00f3&#8230;.<br \/>\nItt ma a legrajabbak mulatnak, buliznak,<br \/>\nfolyik a legjobb whyskie \u00e9s a p\u00e1linka,<br \/>\naz \u00e9jszak\u00e1nak a vag\u00e1nya itt mulat az \u00e9jaszak\u00e1ba,<br \/>\n\u00e9s az \u0151 t\u00e1rsas\u00e1ga!<br \/>\nCsuri az \u00e9jszaka vag\u00e1nya, itt mulat az \u00e9jszak\u00e1ba,<br \/>\n\u00e9s az \u0151 gy\u00f6ny\u00f6r\u0171 bab\u00e1ja.<\/p>\n<p>Hatalmas sz\u00edv dobog benned, \u00e9s mindig j\u00f3 a kedved,<br \/>\na testv\u00e9reid nagyon szereted.<br \/>\nA f\u00f6ld\u00f6n nincs ellens\u00e9ged, mindenki tisztel t\u00e9ged,<br \/>\nmert a csal\u00e1dod nagyon szereted.<br \/>\nL\u00e1, lo, lo, ro, l\u00e1, lo&#8230;..<br \/>\nRi, p\u00e1, p\u00e1, p\u00e1, p\u00f3&#8230;.<br \/>\nL\u00e1, lo, lo, ro, l\u00e1, lo&#8230;..<br \/>\nRi, p\u00e1, p\u00e1, p\u00e1, p\u00f3&#8230;.<br \/>\nItt ma a legrajabbak mulatnak, buliznak,<br \/>\negym\u00e1s eg\u00e9szs\u00e9g\u00e9re sz\u00edvb\u0151l koccintva.<br \/>\nMulass testv\u00e9r megteheted, a p\u00e9nzedet megkeresed,<br \/>\nnem sajn\u00e1lod hogy boldog lehess.<br \/>\nMulass Csuri megteheted, a p\u00e9nzedet megkeresed,<br \/>\nnem sajn\u00e1lod hogy boldog lehess.<br \/>\nHatalmas sz\u00edv dobog benned, \u00e9s mindig j\u00f3 a kedved,<br \/>\na testv\u00e9reid nagyon szereted.<br \/>\nA f\u00f6ld\u00f6n nincs ellens\u00e9ged, mindenki tisztel t\u00e9ged,<br \/>\nmert a csal\u00e1dod nagyon szereted.<br \/>\nL\u00e1, lo, lo, ro, l\u00e1, lo&#8230;..<br \/>\nRi, p\u00e1, p\u00e1, p\u00e1, p\u00f3&#8230;.<br \/>\nL\u00e1, lo, lo, ro, l\u00e1, lo&#8230;..<br \/>\nRi, p\u00e1, p\u00e1, p\u00e1, p\u00f3&#8230;.<br \/>\nHatalmas sz\u00edv dobog benned, \u00e9s mindig j\u00f3 a kedved,<br \/>\na testv\u00e9reim nagyon szereted.<br \/>\nA f\u00f6ld\u00f6n nincs ellens\u00e9ged, mindenki tisztel t\u00e9ged,<br \/>\nmert a csal\u00e1dod nagyon szereted.<br \/>\nHatalmas sz\u00edv dobog benned, \u00e9s mindig j\u00f3 a kedved,<br \/>\na testv\u00e9reid nagyon szereted.<br \/>\nA f\u00f6ld\u00f6n nincs ellens\u00e9ged, mindenki tisztel t\u00e9ged,<br \/>\nmert a csal\u00e1dod nagyon szereted.<br \/>\nMert a csal\u00e1dod nagyon szereted.<br \/>\n&#8212;V\u00e9ge&#8212;<\/p>\n","protected":false},"featured_media":9301,"template":"","meta":{"site-sidebar-layout":"default","site-content-layout":"default","ast-site-content-layout":"default","site-content-style":"default","site-sidebar-style":"default","ast-global-header-display":"","ast-banner-title-visibility":"","ast-main-header-display":"","ast-hfb-above-header-display":"","ast-hfb-below-header-display":"","ast-hfb-mobile-header-display":"","site-post-title":"","ast-breadcrumbs-content":"","ast-featured-img":"","footer-sml-layout":"","theme-transparent-header-meta":"default","adv-header-id-meta":"","stick-header-meta":"","header-above-stick-meta":"","header-main-stick-meta":"","header-below-stick-meta":"","astra-migrate-meta-layouts":"set","ast-page-background-enabled":"default","ast-page-background-meta":{"desktop":{"background-color":"var(--ast-global-color-4)","background-image":"","background-repeat":"repeat","background-position":"center center","background-size":"auto","background-attachment":"scroll","background-type":"","background-media":"","overlay-type":"","overlay-color":"","overlay-opacity":"","overlay-gradient":""},"tablet":{"background-color":"","background-image":"","background-repeat":"repeat","background-position":"center center","background-size":"auto","background-attachment":"scroll","background-type":"","background-media":"","overlay-type":"","overlay-color":"","overlay-opacity":"","overlay-gradient":""},"mobile":{"background-color":"","background-image":"","background-repeat":"repeat","background-position":"center center","background-size":"auto","background-attachment":"scroll","background-type":"","background-media":"","overlay-type":"","overlay-color":"","overlay-opacity":"","overlay-gradient":""}},"ast-content-background-meta":{"desktop":{"background-color":"var(--ast-global-color-5)","background-image":"","background-repeat":"repeat","background-position":"center center","background-size":"auto","background-attachment":"scroll","background-type":"","background-media":"","overlay-type":"","overlay-color":"","overlay-opacity":"","overlay-gradient":""},"tablet":{"background-color":"var(--ast-global-color-5)","background-image":"","background-repeat":"repeat","background-position":"center center","background-size":"auto","background-attachment":"scroll","background-type":"","background-media":"","overlay-type":"","overlay-color":"","overlay-opacity":"","overlay-gradient":""},"mobile":{"background-color":"var(--ast-global-color-5)","background-image":"","background-repeat":"repeat","background-position":"center center","background-size":"auto","background-attachment":"scroll","background-type":"","background-media":"","overlay-type":"","overlay-color":"","overlay-opacity":"","overlay-gradient":""}}},"product_cat":[55],"product_tag":[],"class_list":["post-4360","product","type-product","status-publish","has-post-thumbnail","hentry","product_cat-sihell-ferry","desktop-align-left","tablet-align-left","mobile-align-left"],"_links":{"self":[{"href":"https:\/\/www.sunkaraoke.hu\/index.php\/wp-json\/wp\/v2\/product\/4360","targetHints":{"allow":["GET"]}}],"collection":[{"href":"https:\/\/www.sunkaraoke.hu\/index.php\/wp-json\/wp\/v2\/product"}],"about":[{"href":"https:\/\/www.sunkaraoke.hu\/index.php\/wp-json\/wp\/v2\/types\/product"}],"wp:featuredmedia":[{"embeddable":true,"href":"https:\/\/www.sunkaraoke.hu\/index.php\/wp-json\/wp\/v2\/media\/9301"}],"wp:attachment":[{"href":"https:\/\/www.sunkaraoke.hu\/index.php\/wp-json\/wp\/v2\/media?parent=4360"}],"wp:term":[{"taxonomy":"product_cat","embeddable":true,"href":"https:\/\/www.sunkaraoke.hu\/index.php\/wp-json\/wp\/v2\/product_cat?post=4360"},{"taxonomy":"product_tag","embeddable":true,"href":"https:\/\/www.sunkaraoke.hu\/index.php\/wp-json\/wp\/v2\/product_tag?post=4360"}],"curies":[{"name":"wp","href":"https:\/\/api.w.org\/{rel}","templated":true}]}}