{"id":4333,"date":"2022-08-08T20:47:27","date_gmt":"2022-08-08T20:47:27","guid":{"rendered":"https:\/\/www.sunkaraoke.hu\/index.php\/termek\/akos-ujrakezdhetnenk\/"},"modified":"2025-04-01T11:01:43","modified_gmt":"2025-04-01T11:01:43","slug":"akos-ujrakezdhetnenk","status":"publish","type":"product","link":"https:\/\/www.sunkaraoke.hu\/index.php\/termek\/akos-ujrakezdhetnenk\/","title":{"rendered":"<div class=\"wcmp-player-container product-4333\"><audio controlslist=\"nodownload\" data-product=\"4333\"  volume=\"1\"  preload=\"none\" data-lazyloading=\"none\" class=\"wcmp-player track mejs-classic\" data-duration=\"0:33\" data-estimated_duration=\"4\"><source src=\"https:\/\/www.sunkaraoke.hu\/wp-content\/uploads\/2022\/08\/Ujrakezdhetnenk-E-demoo.mp3\" type=\"audio\/mp3\" \/><\/audio><\/div>\u00c1kos &#8211; \u00dajrakezdhetn\u00e9nk (Original)"},"content":{"rendered":"<p><strong>03:56<\/strong> | <strong><img loading=\"lazy\" decoding=\"async\" class=\"alignnone size-full wp-image-467\" src=\"https:\/\/www.sunkaraoke.hu\/wp-content\/uploads\/2022\/07\/choir_2-copy.webp\" alt=\"\" width=\"30\" height=\"30\" \/> <\/strong><\/p>\n","protected":false},"excerpt":{"rendered":"<h6><strong>Bits\u0171r\u0171s\u00e9g: 320<\/strong>kb\/s<strong><br \/>\n<\/strong><strong>Hossz: <\/strong>03:56<strong><br \/>\n<\/strong><strong style=\"font-size: 16px;\">Vok\u00e1lt tartalmaz: <\/strong>Nem <img loading=\"lazy\" decoding=\"async\" class=\"alignnone size-full wp-image-467\" src=\"http:\/\/www.sunkaraoke.hu\/wp-content\/uploads\/2022\/07\/choir_2-copy.png\" alt=\"\" width=\"30\" height=\"30\" \/><strong style=\"font-size: 16px;\"><br \/>\n<\/strong><\/h6>\n<p>Sunkaraoke mp3 st\u00fadi\u00f3 \/ www.sunkaraoke.hu \/ Inf: Tel: 06 20 4275001<\/p>\n<p>&#8212;Intr\u00f3&#8211;<br \/>\nVan, aki egyed\u00fcl,van, aki p\u00e1rban,<br \/>\nvan, aki t\u00e9tlen\u00fcl\u00e9s vannak, akik h\u00e1rman,<br \/>\nt\u00f6ltik az \u00e9jszak\u00e1t.<br \/>\nAki csak \u00e1rad,egyszer majd kisz\u00e1rad,<br \/>\nt\u00e9pi az \u00e9let, am\u00edg v\u00e9gleg belef\u00e1rad,<br \/>\n\u00e9s v\u00e1rja az \u00e9jszak\u00e1t.<br \/>\nT\u00fck\u00f6rbe n\u00e9z\u00fcnk, de \u00f6nmagunkba soha,<br \/>\nmindig m\u00e1s a hib\u00e1s, mindig m\u00e1s ostoba,<br \/>\n\u00e9s f\u00e9lj\u00fck az \u00e9jszak\u00e1t!<\/p>\n<p>Pedig senki se veheti el, ami csak a mi\u00e9nk,<br \/>\ntal\u00e1n m\u00e9g \u00fajrakezdhetn\u00e9nk,<br \/>\nitt, a szakad\u00e9k perem\u00e9n,<br \/>\nnem rem\u00e9l m\u00e1s,csak te meg \u00e9n.<br \/>\nSenki se veheti el,ami csak a mi\u00e9nk!<br \/>\nTal\u00e1n m\u00e9g \u00fajrakezdhetn\u00e9nk itt a szakad\u00e9k perem\u00e9n,<br \/>\nnem rem\u00e9l m\u00e1s,csak te meg \u00e9n!<br \/>\n&#8212;Sz\u00f3l\u00f3&#8212;<br \/>\nHi\u00e1ba k\u00e9red nem csitul a v\u00e9red,<br \/>\nde hal\u00e1l n\u00e9lk\u00fcl mennyit \u00e9r az \u00e9let,<br \/>\nte csak \u00e9lvezd az \u00e9jszak\u00e1t<br \/>\nMindenki besz\u00e9l mindenki oktat,<br \/>\nmindenki rem\u00e9li hogy egyszer felragyoghat,<br \/>\nf\u00e9nnyel \u0171zni az \u00e9jszak\u00e1t!<\/p>\n<p>Tudod senki se veheti el, ami csak a mi\u00e9nk,<br \/>\ntal\u00e1n m\u00e9g \u00fajrakezdhetn\u00e9nk,<br \/>\nitt, a szakad\u00e9k perem\u00e9n,<br \/>\nnem rem\u00e9l m\u00e1s,csak te meg \u00e9n.<br \/>\nSenki se veheti el,ami csak a mi\u00e9nk!<br \/>\nTal\u00e1n m\u00e9g \u00fajrakezdhetn\u00e9nk itt a szakad\u00e9k perem\u00e9n,<br \/>\nnem rem\u00e9l m\u00e1s,csak te meg \u00e9n!<br \/>\n&#8212;Sz\u00f3l\u00f3&#8212;<br \/>\nTudod senki se veheti el, ami csak a mi\u00e9nk,<br \/>\ntal\u00e1n m\u00e9g \u00fajrakezdhetn\u00e9nk,<br \/>\nitt, a szakad\u00e9k perem\u00e9n,<br \/>\nnem rem\u00e9l m\u00e1s,csak te meg \u00e9n.<br \/>\nSenki se veheti el,ami csak a mi\u00e9nk!<br \/>\nTal\u00e1n m\u00e9g \u00fajrakezdhetn\u00e9nk itt a szakad\u00e9k perem\u00e9n,<br \/>\nnem rem\u00e9l m\u00e1s,csak te meg \u00e9n!<br \/>\n&#8212;V\u00e9ge&#8212;<\/p>\n","protected":false},"featured_media":8999,"template":"","meta":{"site-sidebar-layout":"default","site-content-layout":"default","ast-site-content-layout":"default","site-content-style":"default","site-sidebar-style":"default","ast-global-header-display":"","ast-banner-title-visibility":"","ast-main-header-display":"","ast-hfb-above-header-display":"","ast-hfb-below-header-display":"","ast-hfb-mobile-header-display":"","site-post-title":"","ast-breadcrumbs-content":"","ast-featured-img":"","footer-sml-layout":"","theme-transparent-header-meta":"default","adv-header-id-meta":"","stick-header-meta":"","header-above-stick-meta":"","header-main-stick-meta":"","header-below-stick-meta":"","astra-migrate-meta-layouts":"set","ast-page-background-enabled":"default","ast-page-background-meta":{"desktop":{"background-color":"var(--ast-global-color-4)","background-image":"","background-repeat":"repeat","background-position":"center center","background-size":"auto","background-attachment":"scroll","background-type":"","background-media":"","overlay-type":"","overlay-color":"","overlay-opacity":"","overlay-gradient":""},"tablet":{"background-color":"","background-image":"","background-repeat":"repeat","background-position":"center center","background-size":"auto","background-attachment":"scroll","background-type":"","background-media":"","overlay-type":"","overlay-color":"","overlay-opacity":"","overlay-gradient":""},"mobile":{"background-color":"","background-image":"","background-repeat":"repeat","background-position":"center center","background-size":"auto","background-attachment":"scroll","background-type":"","background-media":"","overlay-type":"","overlay-color":"","overlay-opacity":"","overlay-gradient":""}},"ast-content-background-meta":{"desktop":{"background-color":"var(--ast-global-color-5)","background-image":"","background-repeat":"repeat","background-position":"center center","background-size":"auto","background-attachment":"scroll","background-type":"","background-media":"","overlay-type":"","overlay-color":"","overlay-opacity":"","overlay-gradient":""},"tablet":{"background-color":"var(--ast-global-color-5)","background-image":"","background-repeat":"repeat","background-position":"center center","background-size":"auto","background-attachment":"scroll","background-type":"","background-media":"","overlay-type":"","overlay-color":"","overlay-opacity":"","overlay-gradient":""},"mobile":{"background-color":"var(--ast-global-color-5)","background-image":"","background-repeat":"repeat","background-position":"center center","background-size":"auto","background-attachment":"scroll","background-type":"","background-media":"","overlay-type":"","overlay-color":"","overlay-opacity":"","overlay-gradient":""}}},"product_cat":[58],"product_tag":[],"class_list":["post-4333","product","type-product","status-publish","has-post-thumbnail","hentry","product_cat-erdelyi-zoltan","desktop-align-left","tablet-align-left","mobile-align-left"],"_links":{"self":[{"href":"https:\/\/www.sunkaraoke.hu\/index.php\/wp-json\/wp\/v2\/product\/4333","targetHints":{"allow":["GET"]}}],"collection":[{"href":"https:\/\/www.sunkaraoke.hu\/index.php\/wp-json\/wp\/v2\/product"}],"about":[{"href":"https:\/\/www.sunkaraoke.hu\/index.php\/wp-json\/wp\/v2\/types\/product"}],"wp:featuredmedia":[{"embeddable":true,"href":"https:\/\/www.sunkaraoke.hu\/index.php\/wp-json\/wp\/v2\/media\/8999"}],"wp:attachment":[{"href":"https:\/\/www.sunkaraoke.hu\/index.php\/wp-json\/wp\/v2\/media?parent=4333"}],"wp:term":[{"taxonomy":"product_cat","embeddable":true,"href":"https:\/\/www.sunkaraoke.hu\/index.php\/wp-json\/wp\/v2\/product_cat?post=4333"},{"taxonomy":"product_tag","embeddable":true,"href":"https:\/\/www.sunkaraoke.hu\/index.php\/wp-json\/wp\/v2\/product_tag?post=4333"}],"curies":[{"name":"wp","href":"https:\/\/api.w.org\/{rel}","templated":true}]}}