{"id":4313,"date":"2022-08-08T20:47:25","date_gmt":"2022-08-08T20:47:25","guid":{"rendered":"https:\/\/www.sunkaraoke.hu\/index.php\/termek\/tesok-szep-alom\/"},"modified":"2025-03-28T12:33:31","modified_gmt":"2025-03-28T12:33:31","slug":"tesok-szep-alom","status":"publish","type":"product","link":"https:\/\/www.sunkaraoke.hu\/index.php\/termek\/tesok-szep-alom\/","title":{"rendered":"<div class=\"wcmp-player-container product-4313\"><audio controlslist=\"nodownload\" data-product=\"4313\"  volume=\"1\"  preload=\"none\" data-lazyloading=\"none\" class=\"wcmp-player track mejs-classic\" data-duration=\"0:31\" data-estimated_duration=\"4\"><source src=\"https:\/\/www.sunkaraoke.hu\/wp-content\/uploads\/2022\/08\/Szep-alom-Orig-_demo.mp3\" type=\"audio\/mp3\" \/><\/audio><\/div>Tes\u00f3k &#8211; Sz\u00e9p \u00e1lom (Original)"},"content":{"rendered":"<p><strong>03:31<\/strong> | <strong><img loading=\"lazy\" decoding=\"async\" class=\"alignnone size-full wp-image-467\" src=\"https:\/\/www.sunkaraoke.hu\/wp-content\/uploads\/2022\/07\/choir_2-copy.webp\" alt=\"\" width=\"30\" height=\"30\" \/> <\/strong><\/p>\n","protected":false},"excerpt":{"rendered":"<h6><strong>Bits\u0171r\u0171s\u00e9g: 320 kb\/s<\/strong><br \/>\n<strong>Hossz: 03:31<\/strong><br \/>\n<strong>Vok\u00e1lt tartalmaz: Nem <img loading=\"lazy\" decoding=\"async\" class=\"alignnone size-full wp-image-467\" src=\"http:\/\/www.sunkaraoke.hu\/wp-content\/uploads\/2022\/07\/choir_2-copy.png\" alt=\"\" width=\"30\" height=\"30\" \/><\/strong><strong style=\"font-size: 16px;\"><br \/>\n<\/strong><\/h6>\n<p>Sunkaraoke mp3 st\u00fadi\u00f3 \/ www.sunkaraoke.hu \/ Inf: Tel: 06 20 4275001<\/p>\n<p>&#8212;Intr\u00f3&#8212;<br \/>\nRandev\u00fara h\u00edvtalak,<br \/>\nde te nem j\u00f6tt\u00e9l velem,<br \/>\nm\u00e1snak kellek, neked m\u00e9rt nem,<br \/>\nv\u00e1laszolj nekem!<br \/>\nHa megl\u00e1tom a sz\u00e9p szemed,<br \/>\nfelpezsd\u00edted a v\u00e9remet,<br \/>\nm\u00e1s m\u00e1r nem kell, \u00fagy \u00e9rzem,<br \/>\ncsak te kellesz nekem.<br \/>\nEgy sz\u00e9p \u00e1lom ez a szerelem,<br \/>\nmert \u00e1lmaimban szeretsz engem.<br \/>\nA val\u00f3s\u00e1gban kinevetsz,<br \/>\n\u00e9s t\u00f6nkre teszed az \u00e9letem.<br \/>\nEgy sz\u00e9p \u00e1lom ez a szerelem,<br \/>\nde k\u00e9rlek, egyszer szeress engem.<br \/>\nA val\u00f3s\u00e1gban, ha megteszed,<br \/>\nneked adom az \u00e9letem.<br \/>\n&#8212;Sz\u00f3l\u00f3&#8212;<br \/>\nHa nem pr\u00f3b\u00e1lod meg velem,<br \/>\ngy\u00f6trelem lesz az \u00e9letem,<br \/>\nm\u00e1s m\u00e1r nem kell, \u00fagy \u00e9rzem,<br \/>\ncsak te kellesz nekem.<br \/>\nHa megl\u00e1tom a sz\u00e9p szemed,<br \/>\nfelpezsd\u00edted a v\u00e9remet,<br \/>\nm\u00e1s m\u00e1r nem kell, \u00fagy \u00e9rzem,<br \/>\ncsak te kellesz nekem.<br \/>\nEgy sz\u00e9p \u00e1lom ez a szerelem,<br \/>\nmert \u00e1lmaimban szeretsz engem.<br \/>\nA val\u00f3s\u00e1gban kinevetsz,<br \/>\n\u00e9s t\u00f6nkre teszed az \u00e9letem,<br \/>\nEgy sz\u00e9p \u00e1lom ez a szerelem,<br \/>\nde k\u00e9rlek, egyszer szeress engem.<br \/>\nA val\u00f3s\u00e1gban, ha megteszed,<br \/>\nneked adom az \u00e9letem.<br \/>\nEgy sz\u00e9p \u00e1lom ez a szerelem,<br \/>\nmert \u00e1lmaimban szeretsz engem.<br \/>\nA val\u00f3s\u00e1gban kinevetsz,<br \/>\n\u00e9s t\u00f6nkre teszed az \u00e9letem.<br \/>\nEgy sz\u00e9p \u00e1lom ez a szerelem,<br \/>\nde k\u00e9rlek, egyszer szeress engem.<br \/>\nA val\u00f3s\u00e1gban, ha megteszed,<br \/>\nneked adom az \u00e9letem.<br \/>\n&#8212;V\u00e9ge&#8212;<\/p>\n","protected":false},"featured_media":8715,"template":"","meta":{"site-sidebar-layout":"default","site-content-layout":"default","ast-site-content-layout":"default","site-content-style":"default","site-sidebar-style":"default","ast-global-header-display":"","ast-banner-title-visibility":"","ast-main-header-display":"","ast-hfb-above-header-display":"","ast-hfb-below-header-display":"","ast-hfb-mobile-header-display":"","site-post-title":"","ast-breadcrumbs-content":"","ast-featured-img":"","footer-sml-layout":"","theme-transparent-header-meta":"default","adv-header-id-meta":"","stick-header-meta":"","header-above-stick-meta":"","header-main-stick-meta":"","header-below-stick-meta":"","astra-migrate-meta-layouts":"set","ast-page-background-enabled":"default","ast-page-background-meta":{"desktop":{"background-color":"var(--ast-global-color-4)","background-image":"","background-repeat":"repeat","background-position":"center center","background-size":"auto","background-attachment":"scroll","background-type":"","background-media":"","overlay-type":"","overlay-color":"","overlay-opacity":"","overlay-gradient":""},"tablet":{"background-color":"","background-image":"","background-repeat":"repeat","background-position":"center center","background-size":"auto","background-attachment":"scroll","background-type":"","background-media":"","overlay-type":"","overlay-color":"","overlay-opacity":"","overlay-gradient":""},"mobile":{"background-color":"","background-image":"","background-repeat":"repeat","background-position":"center center","background-size":"auto","background-attachment":"scroll","background-type":"","background-media":"","overlay-type":"","overlay-color":"","overlay-opacity":"","overlay-gradient":""}},"ast-content-background-meta":{"desktop":{"background-color":"var(--ast-global-color-5)","background-image":"","background-repeat":"repeat","background-position":"center center","background-size":"auto","background-attachment":"scroll","background-type":"","background-media":"","overlay-type":"","overlay-color":"","overlay-opacity":"","overlay-gradient":""},"tablet":{"background-color":"var(--ast-global-color-5)","background-image":"","background-repeat":"repeat","background-position":"center center","background-size":"auto","background-attachment":"scroll","background-type":"","background-media":"","overlay-type":"","overlay-color":"","overlay-opacity":"","overlay-gradient":""},"mobile":{"background-color":"var(--ast-global-color-5)","background-image":"","background-repeat":"repeat","background-position":"center center","background-size":"auto","background-attachment":"scroll","background-type":"","background-media":"","overlay-type":"","overlay-color":"","overlay-opacity":"","overlay-gradient":""}}},"product_cat":[48],"product_tag":[],"class_list":["post-4313","product","type-product","status-publish","has-post-thumbnail","hentry","product_cat-sunkaraoke-dalok","desktop-align-left","tablet-align-left","mobile-align-left"],"_links":{"self":[{"href":"https:\/\/www.sunkaraoke.hu\/index.php\/wp-json\/wp\/v2\/product\/4313","targetHints":{"allow":["GET"]}}],"collection":[{"href":"https:\/\/www.sunkaraoke.hu\/index.php\/wp-json\/wp\/v2\/product"}],"about":[{"href":"https:\/\/www.sunkaraoke.hu\/index.php\/wp-json\/wp\/v2\/types\/product"}],"wp:featuredmedia":[{"embeddable":true,"href":"https:\/\/www.sunkaraoke.hu\/index.php\/wp-json\/wp\/v2\/media\/8715"}],"wp:attachment":[{"href":"https:\/\/www.sunkaraoke.hu\/index.php\/wp-json\/wp\/v2\/media?parent=4313"}],"wp:term":[{"taxonomy":"product_cat","embeddable":true,"href":"https:\/\/www.sunkaraoke.hu\/index.php\/wp-json\/wp\/v2\/product_cat?post=4313"},{"taxonomy":"product_tag","embeddable":true,"href":"https:\/\/www.sunkaraoke.hu\/index.php\/wp-json\/wp\/v2\/product_tag?post=4313"}],"curies":[{"name":"wp","href":"https:\/\/api.w.org\/{rel}","templated":true}]}}