{"id":4307,"date":"2022-08-08T20:47:25","date_gmt":"2022-08-08T20:47:25","guid":{"rendered":"https:\/\/www.sunkaraoke.hu\/index.php\/termek\/mulatos-dalok-mulatos-mix-19\/"},"modified":"2025-04-06T17:35:05","modified_gmt":"2025-04-06T17:35:05","slug":"mulatos-dalok-mulatos-mix-19","status":"publish","type":"product","link":"https:\/\/www.sunkaraoke.hu\/index.php\/termek\/mulatos-dalok-mulatos-mix-19\/","title":{"rendered":"<div class=\"wcmp-player-container product-4307\"><audio controlslist=\"nodownload\" data-product=\"4307\"  volume=\"1\"  preload=\"none\" data-lazyloading=\"none\" class=\"wcmp-player track mejs-classic\" data-duration=\"0:32\" data-estimated_duration=\"4\"><source src=\"https:\/\/www.sunkaraoke.hu\/wp-content\/uploads\/2022\/08\/Mulatos-mix-19.-SB-kdemooo.mp3\" type=\"audio\/mp3\" \/><\/audio><\/div>Mulat\u00f3s dalok &#8211; Mulat\u00f3s mix 19. (Original SB. Edition)"},"content":{"rendered":"<p><strong>06:00<\/strong> | <strong><img loading=\"lazy\" decoding=\"async\" class=\"alignnone size-full wp-image-467\" src=\"https:\/\/www.sunkaraoke.hu\/wp-content\/uploads\/2022\/07\/choir_2-copy.webp\" alt=\"\" width=\"30\" height=\"30\" \/> <\/strong><\/p>\n","protected":false},"excerpt":{"rendered":"<h6><strong>Bits\u0171r\u0171s\u00e9g: 320<\/strong>kb\/s<strong><br \/>\n<\/strong><strong>Hossz: <\/strong>06:00<strong><br \/>\n<\/strong><strong style=\"font-size: 16px;\">Vok\u00e1lt tartalmaz: <\/strong>Nem <img loading=\"lazy\" decoding=\"async\" class=\"alignnone size-full wp-image-467\" src=\"http:\/\/www.sunkaraoke.hu\/wp-content\/uploads\/2022\/07\/choir_2-copy.png\" alt=\"\" width=\"30\" height=\"30\" \/><strong style=\"font-size: 16px;\"><br \/>\n<\/strong><\/h6>\n<p>Sunkaraoke mp3 st\u00fadi\u00f3 \/ www.sunkaraoke.hu \/ Inf: Tel: 06 20 4275001<\/p>\n<p>&#8212;Intr\u00f3&#8212;<br \/>\nLakodalom van a mi utc\u00e1nkban,<br \/>\nf\u00e9rjhez megy a falu legszebb l\u00e1nya,<br \/>\nhivatalos vagyok oda \u00e9n is,<br \/>\nnem menn\u00e9k el ha sz\u00e1zszor \u00fczenn\u00e9k is.<br \/>\nHivatalos vagyok oda \u00e9n is,<br \/>\nnem menn\u00e9k el ha sz\u00e1zszor \u00fczenn\u00e9k is.<br \/>\nGyere t\u00e1ncolj cig\u00e1nyl\u00e1ny,<br \/>\nez a t\u00e1nc most neked j\u00e1r.<br \/>\nEliszom az utols\u00f3 p\u00e9nzemet,<br \/>\nnem b\u00e1nom, hogy szerettelek t\u00e9gedet.<br \/>\nGyere t\u00e1ncolj cig\u00e1nyl\u00e1ny,<br \/>\nez a t\u00e1nc most neked j\u00e1r.<br \/>\nEliszom az utols\u00f3 p\u00e9nzemet,<br \/>\ngyere t\u00e1ncolj cig\u00e1nyl\u00e1ny!<br \/>\n\u00c9l a faluv\u00e9gi a kiskunyh\u00f3ban egy suk\u00e1r cig\u00e1nyl\u00e1ny,<br \/>\nrabja lettem nem felejtem, sz\u00edvem re\u00e1 v\u00e1r.<br \/>\nSzeretni m\u00e1st az \u00f3ta \u00e9n nem tudok,<br \/>\n\u00e1lmaimba mindig csak r\u00e1d gondolok.<br \/>\nGyere t\u00e1ncolj cig\u00e1nyl\u00e1ny,<br \/>\nez a t\u00e1nc most neked j\u00e1r.<br \/>\nEliszom az utols\u00f3 p\u00e9nzemet,<br \/>\nnem b\u00e1nom, hogy szerettelek t\u00e9gedet.<br \/>\nGyere t\u00e1ncolj cig\u00e1nyl\u00e1ny,<br \/>\nez a t\u00e1nc most neked j\u00e1r.<br \/>\nEliszom az utols\u00f3 p\u00e9nzemet,<br \/>\ngyere t\u00e1ncolj cig\u00e1nyl\u00e1ny!<br \/>\n&#8212;-Sz\u00f3l\u00f3&#8212;<br \/>\nHossz\u00fa, fekete haj, de suk\u00e1r ez a csaj,<br \/>\nde t\u00fals\u00e1gosan gizda, a l\u00f3v\u00e9ja meg nyista.<br \/>\nHossz\u00fa, fekete haj, de suk\u00e1r ez a csaj,<br \/>\nde t\u00fals\u00e1gosan gizda, a l\u00f3v\u00e9ja meg nyista!<br \/>\nMert olyan kamel\u00f3s a bar\u00e1tom,<br \/>\nolyan suk\u00e1r cs\u00e1v\u00f3 bel\u00e1tom,<br \/>\nOlyan sunelos a cs\u00e1v\u00f3,<br \/>\nminden csajn\u00e1l l\u00e1cs\u00f3!<br \/>\nMert olyan kamel\u00f3s a bar\u00e1tom,<br \/>\nolyan suk\u00e1r cs\u00e1v\u00f3 bel\u00e1tom,<br \/>\nOlyan sunelos a cs\u00e1v\u00f3, minden csajn\u00e1l l\u00e1cs\u00f3!<br \/>\nHossz\u00fa, fekete haj, de suk\u00e1r ez a csaj,<br \/>\nde t\u00fals\u00e1gosan gizda,a l\u00f3v\u00e9ja meg nyista.<br \/>\nHossz\u00fa, fekete haj, de suk\u00e1r ez a csaj,<br \/>\nde t\u00fals\u00e1gosan gizda, a l\u00f3v\u00e9ja meg nyista!<br \/>\n&#8212;Sz\u00f3l\u00f3&#8212;<br \/>\nPiros lett a pipacs vir\u00e1ga, megn\u0151s\u00fcl\u00f6k \u00e9n nemsok\u00e1ra.<br \/>\nPiros lett a pipacs vir\u00e1ga, megn\u0151s\u00fcl\u00f6k \u00e9n nemsok\u00e1ra.<br \/>\nV\u00e1rj\u00e1l kicsik\u00e9t m\u00e9g, fiatal vagyok \u00e9n m\u00e9g,<br \/>\nt\u00edzenhat \u00e9ves vagyok, szeretni m\u00e9g nem tudok,<br \/>\ngyere bab\u00e1m, tan\u00edts\u00e1l meg szeretni!<br \/>\nV\u00e1rj\u00e1l kicsik\u00e9t m\u00e9g, fiatal vagyok \u00e9n m\u00e9g,<br \/>\nt\u00edzenhat \u00e9ves vagyok, szeretni m\u00e9g nem tudok,<br \/>\ngyere bab\u00e1m, tan\u00edts\u00e1l meg szeretni!<br \/>\n&#8212;Sz\u00f3l\u00f3&#8212;<br \/>\nHogyha n\u00e9kem sok p\u00e9nzem lesz, fel\u00fcl\u00f6k a rep\u00fcl\u0151re.<br \/>\n\u00dagy elsz\u00e1llok, mint a fecske odafenn a leveg\u0151be.<br \/>\nAmerre \u00e9n j\u00e1rok, b\u00e1mul a vil\u00e1g,<br \/>\nirigylik a sok p\u00e9nzt, amit k\u00f6lt\u00f6k r\u00e1d.<br \/>\n\u00c9n a sok p\u00e9nzt nem sajn\u00e1lom,<br \/>\ncsak te l\u00e9gy a pici p\u00e1rom.<br \/>\nAmerre \u00e9n j\u00e1rok, b\u00e1mul a vil\u00e1g,<br \/>\nirigylik a sok p\u00e9nzt, amit k\u00f6lt\u00f6k r\u00e1d.<br \/>\n\u00c9n a sok p\u00e9nzt nem sajn\u00e1lom,<br \/>\ncsak te l\u00e9gy a pici p\u00e1rom.<br \/>\n&#8212;-Sz\u00f3l\u00f3&#8212;<br \/>\nDr\u00e1ga Isten sz\u00e9pen k\u00e9rlek,<br \/>\naranyes\u0151 hulljon n\u00e9kem,aranyes\u0151 a vir\u00e1gos r\u00e9ten.<br \/>\nAranyes\u0151 a sz\u00e9p kis h\u00e1zra,<br \/>\naranyes\u0151 a csal\u00e1domra,jajj, ha meghalok.<br \/>\nAranyes\u0151 a sz\u00e9p kis h\u00e1zra,<br \/>\naranyes\u0151 a csal\u00e1domra,jajj, temera.<br \/>\nAzt hiszitek j\u00f3 kedvem van,<br \/>\npedig a sz\u00edvem gy\u00e1szba van,<br \/>\npedig a sz\u00edvem gy\u00e1szba van jajj.<br \/>\nGy\u00e1szba is lesz am\u00edg \u00e9lek,<br \/>\nm\u00edg a s\u00edrba le nem tesznek jajj,ha meghalok.<br \/>\nGy\u00e1szba is lesz am\u00edg \u00e9lek,<br \/>\nm\u00edg a s\u00edrba le nem tesznek jajj,ha meghalok.<br \/>\n&#8212;V\u00e9ge&#8212;<\/p>\n","protected":false},"featured_media":8757,"template":"","meta":{"site-sidebar-layout":"default","site-content-layout":"default","ast-site-content-layout":"default","site-content-style":"default","site-sidebar-style":"default","ast-global-header-display":"","ast-banner-title-visibility":"","ast-main-header-display":"","ast-hfb-above-header-display":"","ast-hfb-below-header-display":"","ast-hfb-mobile-header-display":"","site-post-title":"","ast-breadcrumbs-content":"","ast-featured-img":"","footer-sml-layout":"","theme-transparent-header-meta":"default","adv-header-id-meta":"","stick-header-meta":"","header-above-stick-meta":"","header-main-stick-meta":"","header-below-stick-meta":"","astra-migrate-meta-layouts":"set","ast-page-background-enabled":"default","ast-page-background-meta":{"desktop":{"background-color":"var(--ast-global-color-4)","background-image":"","background-repeat":"repeat","background-position":"center center","background-size":"auto","background-attachment":"scroll","background-type":"","background-media":"","overlay-type":"","overlay-color":"","overlay-opacity":"","overlay-gradient":""},"tablet":{"background-color":"","background-image":"","background-repeat":"repeat","background-position":"center center","background-size":"auto","background-attachment":"scroll","background-type":"","background-media":"","overlay-type":"","overlay-color":"","overlay-opacity":"","overlay-gradient":""},"mobile":{"background-color":"","background-image":"","background-repeat":"repeat","background-position":"center center","background-size":"auto","background-attachment":"scroll","background-type":"","background-media":"","overlay-type":"","overlay-color":"","overlay-opacity":"","overlay-gradient":""}},"ast-content-background-meta":{"desktop":{"background-color":"var(--ast-global-color-5)","background-image":"","background-repeat":"repeat","background-position":"center center","background-size":"auto","background-attachment":"scroll","background-type":"","background-media":"","overlay-type":"","overlay-color":"","overlay-opacity":"","overlay-gradient":""},"tablet":{"background-color":"var(--ast-global-color-5)","background-image":"","background-repeat":"repeat","background-position":"center center","background-size":"auto","background-attachment":"scroll","background-type":"","background-media":"","overlay-type":"","overlay-color":"","overlay-opacity":"","overlay-gradient":""},"mobile":{"background-color":"var(--ast-global-color-5)","background-image":"","background-repeat":"repeat","background-position":"center center","background-size":"auto","background-attachment":"scroll","background-type":"","background-media":"","overlay-type":"","overlay-color":"","overlay-opacity":"","overlay-gradient":""}}},"product_cat":[48],"product_tag":[],"class_list":["post-4307","product","type-product","status-publish","has-post-thumbnail","hentry","product_cat-sunkaraoke-dalok","desktop-align-left","tablet-align-left","mobile-align-left"],"_links":{"self":[{"href":"https:\/\/www.sunkaraoke.hu\/index.php\/wp-json\/wp\/v2\/product\/4307","targetHints":{"allow":["GET"]}}],"collection":[{"href":"https:\/\/www.sunkaraoke.hu\/index.php\/wp-json\/wp\/v2\/product"}],"about":[{"href":"https:\/\/www.sunkaraoke.hu\/index.php\/wp-json\/wp\/v2\/types\/product"}],"wp:featuredmedia":[{"embeddable":true,"href":"https:\/\/www.sunkaraoke.hu\/index.php\/wp-json\/wp\/v2\/media\/8757"}],"wp:attachment":[{"href":"https:\/\/www.sunkaraoke.hu\/index.php\/wp-json\/wp\/v2\/media?parent=4307"}],"wp:term":[{"taxonomy":"product_cat","embeddable":true,"href":"https:\/\/www.sunkaraoke.hu\/index.php\/wp-json\/wp\/v2\/product_cat?post=4307"},{"taxonomy":"product_tag","embeddable":true,"href":"https:\/\/www.sunkaraoke.hu\/index.php\/wp-json\/wp\/v2\/product_tag?post=4307"}],"curies":[{"name":"wp","href":"https:\/\/api.w.org\/{rel}","templated":true}]}}