{"id":4111,"date":"2025-04-07T07:00:10","date_gmt":"2025-04-07T07:00:10","guid":{"rendered":"https:\/\/www.sunkaraoke.hu\/index.php\/termek\/sunkaraoke-2013-dance-mix-sunkaraoke-2013-dance-mix\/"},"modified":"2025-04-10T05:59:17","modified_gmt":"2025-04-10T05:59:17","slug":"sunkaraoke-2013-dance-mix-sunkaraoke-2013-dance-mix","status":"publish","type":"product","link":"https:\/\/www.sunkaraoke.hu\/index.php\/termek\/sunkaraoke-2013-dance-mix-sunkaraoke-2013-dance-mix\/","title":{"rendered":"<div class=\"wcmp-player-container product-4111\"><audio controlslist=\"nodownload\" data-product=\"4111\"  volume=\"1\"  preload=\"none\" data-lazyloading=\"none\" class=\"wcmp-player track mejs-classic\" data-duration=\"0:37\" data-estimated_duration=\"4\"><source src=\"https:\/\/www.sunkaraoke.hu\/wp-content\/uploads\/2022\/08\/Sunkaraoke-2013.-Dance-mix-SB-demoo.mp3\" type=\"audio\/mp3\" \/><\/audio><\/div>Sunkaraoke Dance mix &#8211; Sunkaraoke Dance mix NEW (Original SB Edition)"},"content":{"rendered":"<p><strong>07:19<\/strong> | <strong><img loading=\"lazy\" decoding=\"async\" class=\"alignnone size-full wp-image-467\" src=\"https:\/\/www.sunkaraoke.hu\/wp-content\/uploads\/2022\/07\/choir_2-copy.webp\" alt=\"\" width=\"30\" height=\"30\" \/> <\/strong><\/p>\n","protected":false},"excerpt":{"rendered":"<h6><strong>Bits\u0171r\u0171s\u00e9g: 320<\/strong>kb\/s<strong><br \/>\n<\/strong><strong>Hossz: <\/strong>07:19<strong><br \/>\n<\/strong><strong style=\"font-size: 16px;\">Vok\u00e1lt tartalmaz: <\/strong>Nem <img loading=\"lazy\" decoding=\"async\" class=\"alignnone size-full wp-image-467\" src=\"http:\/\/www.sunkaraoke.hu\/wp-content\/uploads\/2022\/07\/choir_2-copy.png\" alt=\"\" width=\"30\" height=\"30\" \/><strong style=\"font-size: 16px;\"><br \/>\n<\/strong><\/h6>\n<p>Sunkaraoke mp3 st\u00fadi\u00f3 \/ www.sunkaraoke.hu \/ Inf: Tel: 06 20 4275001<\/p>\n<p>&#8212;Intr\u00f3&#8212;<br \/>\nKarodon vitt\u00e9l \u00e9vekig,<br \/>\nakaratod rabja voltam.<br \/>\nA v\u00e1gyak bennem egyre n\u0151ttek,<br \/>\nelfelejtem, hogy k\u00f6lyk\u00f6d voltam.<br \/>\nHi\u00e1ba h\u00edvn\u00e1l megt\u00f6rt sz\u00edvvel,<br \/>\nelnyeltek a s\u0171r\u0171 v\u00e1rosok.<br \/>\nA t\u0171zfalakra \u00edrtam \u00e9jjel,<br \/>\nengem ne v\u00e1rjatok!<\/p>\n<p>K\u00f6lyk\u00f6d voltam, v\u00e9redb\u0151l lettem.<br \/>\nK\u00f6lyk\u00f6d voltam, nem \u00e9rtett\u00e9l engem.<br \/>\nEml\u00e9ked m\u00e9gis fogva tart, el nem enged.<br \/>\nRossz hold kelt f\u00f6l, mikor a k\u00f6lyk\u00f6d lettem,<br \/>\nrossz hold kelt f\u00f6l.<br \/>\n&#8212;Sz\u00f3l\u00f3&#8212;<br \/>\nA r\u00e9gi dolgok sorra elvonultak,<br \/>\npercr\u0151l percre messzebb jutok.<br \/>\nTerheim hegyekk\u00e9 n\u0151ttek,<br \/>\n\u00e1tt\u00f6rni rajtuk nem tudok.<br \/>\nSz\u00e1rnyaira vett a v\u00e1gy,<br \/>\n\u00e9s nem mondhatok neked m\u00e1st,<br \/>\na rem\u00e9nyt soha fel ne add,<br \/>\nmegveted m\u00e9g hideg \u00e1gyamat,<br \/>\nmegveted m\u00e9g hideg \u00e1gyamat.<\/p>\n<p>K\u00f6lyk\u00f6d voltam, v\u00e9redb\u0151l lettem.<br \/>\nK\u00f6lyk\u00f6d voltam, nem \u00e9rtett\u00e9l engem.<br \/>\nEml\u00e9ked m\u00e9gis fogva tart, el nem enged.<br \/>\nRossz hold kelt f\u00f6l, mikor a k\u00f6lyk\u00f6d lettem,<br \/>\nrossz hold kelt f\u00f6l.<br \/>\n&#8212;Sz\u00f3l\u00f3&#8212;<br \/>\nA r\u00e9gi dolgok sorra elvonultak,<br \/>\npercr\u0151l percre messzebb jutok.<br \/>\nTerheim hegyekk\u00e9 n\u0151ttek,<br \/>\n\u00e1tt\u00f6rni rajtuk nem tudok.<br \/>\nSz\u00e1rnyaira vett a v\u00e1gy,<br \/>\n\u00e9s nem mondhatok neked m\u00e1st,<br \/>\na rem\u00e9nyt soha fel ne add,<br \/>\nmegveted m\u00e9g hideg \u00e1gyamat,<br \/>\nmegveted m\u00e9g hideg \u00e1gyamat.<br \/>\nK\u00f6lyk\u00f6d voltam, v\u00e9redb\u0151l lettem.<br \/>\nK\u00f6lyk\u00f6d voltam, nem \u00e9rtett\u00e9l engem.<br \/>\nEml\u00e9ked m\u00e9gis fogva tart, el nem enged.<br \/>\nRossz hold kelt f\u00f6l, mikor a k\u00f6lyk\u00f6d lettem,<br \/>\nrossz hold kelt f\u00f6l.<br \/>\n&#8212;Sz\u00f3l\u00f3&#8212;<br \/>\nCs\u00e1b\u00edt a f\u00fclledt \u00e9jjel egy party h\u00edvogat,<br \/>\nj\u00f6het a szerelem te vagy az esetem.<br \/>\n\u0150rj\u00edt\u0151 v\u00e1gyak dal\u00e1t d\u00fadolja a sz\u00e9l,<br \/>\nelsz\u00e9d\u00edt a ny\u00e1r, \u00e9s r\u00e1m tal\u00e1l a szenved\u00e9ly.<br \/>\nCsak r\u00f3lad \u00e1lmodom, a nem is akarom,<br \/>\nelvesztem az eszem \u00e9s nem is keresem.<br \/>\nEz most a mi id\u0151nk,egy buli belef\u00e9r,<br \/>\nelsz\u00e9d\u00edt a ny\u00e1r \u00e9s meg\u0151rj\u00edt a szenved\u00e9ly.<\/p>\n<p>Mondd, m\u00e9g \u00edg\u00e9rsz-e nekem szerelmet kedvesem,<br \/>\nha mondan\u00e1d mes\u00e9lj m\u00e9g \u00e9n mind elhiszem.<br \/>\nMost \u00edg\u00e9rd nekem m\u00e9g hogy r\u00e1nk ragyog az \u00e9g,<br \/>\negy elvar\u00e1zsolt ny\u00e1r sz\u00edvemben \u00fajra \u00e9l.<br \/>\nMondd, m\u00e9g \u00edg\u00e9rsz-e nekem szerelmet kedvesem,<br \/>\nha mondan\u00e1d mes\u00e9lj m\u00e9g \u00e9n mind elhiszem.<br \/>\nMost \u00edg\u00e9rd nekem m\u00e9g hogy r\u00e1nk ragyog az \u00e9g,<br \/>\negy elvar\u00e1zsolt ny\u00e1r sz\u00edvemben \u00fajra \u00e9l.<br \/>\n&#8212;Sz\u00f3l\u00f3&#8212;<br \/>\nEzeregy \u00e9jen \u00e1t a cs\u00f3kod keresem,<br \/>\nfogva tart mosolyod soha nem feledem.<br \/>\nF\u00e9lt\u00e9keny sz\u00edvemet neked adom \u00e9n,<br \/>\namit \u00e9rzek fel\u00e9d tudod kev\u00e9s lenne sz\u00e1z leg\u00e9ny.<br \/>\nCsak r\u00f3lad \u00e1lmodom, ha nem is akarom,<br \/>\nelvesztem az eszem \u00e9s nem is keresem.<br \/>\nEz most a mi id\u0151nk,egy buli belef\u00e9r,<br \/>\nelsz\u00e9d\u00edt a ny\u00e1r \u00e9s meg\u0151rj\u00edt a szenved\u00e9ly.<\/p>\n<p>Mondd, m\u00e9g \u00edg\u00e9rsz-e nekem, szerelmet kedvesem,<br \/>\nha mondan\u00e1d mes\u00e9lj m\u00e9g \u00e9n mind elhiszem.<br \/>\nMost \u00edg\u00e9rd nekem m\u00e9g, hogy r\u00e1nk ragyog az \u00e9g,<br \/>\negy elvar\u00e1zsolt ny\u00e1r sz\u00edvemben \u00fajra \u00e9l.<br \/>\nMondd, m\u00e9g \u00edg\u00e9rsz-e nekem, szerelmet kedvesem,<br \/>\nha mondan\u00e1d mes\u00e9lj m\u00e9g, \u00e9n mind elhiszem.<br \/>\nMost \u00edg\u00e9rd nekem m\u00e9g, hogy r\u00e1nk ragyog az \u00e9g,<br \/>\negy elvar\u00e1zsolt ny\u00e1r sz\u00edvemben \u00fajra \u00e9l.<br \/>\n&#8212;Sz\u00f3l\u00f3&#8212;<br \/>\nMondd, m\u00e9g \u00edg\u00e9rsz-e nekem, szerelmet kedvesem,<br \/>\nha mondan\u00e1d mes\u00e9lj m\u00e9g \u00e9n mind elhiszem.<br \/>\nMost \u00edg\u00e9rd nekem m\u00e9g, hogy r\u00e1nk ragyog az \u00e9g,<br \/>\negy elvar\u00e1zsolt ny\u00e1r sz\u00edvemben \u00fajra \u00e9l.<br \/>\nMondd, m\u00e9g \u00edg\u00e9rsz-e nekem, szerelmet kedvesem,<br \/>\nha mondan\u00e1d mes\u00e9lj m\u00e9g, \u00e9n mind elhiszem.<br \/>\nMost \u00edg\u00e9rd nekem m\u00e9g, hogy r\u00e1nk ragyog az \u00e9g,<br \/>\negy elvar\u00e1zsolt ny\u00e1r sz\u00edvemben \u00fajra \u00e9l.<br \/>\n&#8212;V\u00e9ge&#8212;<\/p>\n","protected":false},"featured_media":18265,"template":"","meta":{"site-sidebar-layout":"default","site-content-layout":"default","ast-site-content-layout":"default","site-content-style":"default","site-sidebar-style":"default","ast-global-header-display":"","ast-banner-title-visibility":"","ast-main-header-display":"","ast-hfb-above-header-display":"","ast-hfb-below-header-display":"","ast-hfb-mobile-header-display":"","site-post-title":"","ast-breadcrumbs-content":"","ast-featured-img":"","footer-sml-layout":"","theme-transparent-header-meta":"default","adv-header-id-meta":"","stick-header-meta":"","header-above-stick-meta":"","header-main-stick-meta":"","header-below-stick-meta":"","astra-migrate-meta-layouts":"set","ast-page-background-enabled":"default","ast-page-background-meta":{"desktop":{"background-color":"var(--ast-global-color-4)","background-image":"","background-repeat":"repeat","background-position":"center center","background-size":"auto","background-attachment":"scroll","background-type":"","background-media":"","overlay-type":"","overlay-color":"","overlay-opacity":"","overlay-gradient":""},"tablet":{"background-color":"","background-image":"","background-repeat":"repeat","background-position":"center center","background-size":"auto","background-attachment":"scroll","background-type":"","background-media":"","overlay-type":"","overlay-color":"","overlay-opacity":"","overlay-gradient":""},"mobile":{"background-color":"","background-image":"","background-repeat":"repeat","background-position":"center center","background-size":"auto","background-attachment":"scroll","background-type":"","background-media":"","overlay-type":"","overlay-color":"","overlay-opacity":"","overlay-gradient":""}},"ast-content-background-meta":{"desktop":{"background-color":"var(--ast-global-color-5)","background-image":"","background-repeat":"repeat","background-position":"center center","background-size":"auto","background-attachment":"scroll","background-type":"","background-media":"","overlay-type":"","overlay-color":"","overlay-opacity":"","overlay-gradient":""},"tablet":{"background-color":"var(--ast-global-color-5)","background-image":"","background-repeat":"repeat","background-position":"center center","background-size":"auto","background-attachment":"scroll","background-type":"","background-media":"","overlay-type":"","overlay-color":"","overlay-opacity":"","overlay-gradient":""},"mobile":{"background-color":"var(--ast-global-color-5)","background-image":"","background-repeat":"repeat","background-position":"center center","background-size":"auto","background-attachment":"scroll","background-type":"","background-media":"","overlay-type":"","overlay-color":"","overlay-opacity":"","overlay-gradient":""}}},"product_cat":[48],"product_tag":[],"class_list":["post-4111","product","type-product","status-publish","has-post-thumbnail","hentry","product_cat-sunkaraoke-dalok","desktop-align-left","tablet-align-left","mobile-align-left"],"_links":{"self":[{"href":"https:\/\/www.sunkaraoke.hu\/index.php\/wp-json\/wp\/v2\/product\/4111","targetHints":{"allow":["GET"]}}],"collection":[{"href":"https:\/\/www.sunkaraoke.hu\/index.php\/wp-json\/wp\/v2\/product"}],"about":[{"href":"https:\/\/www.sunkaraoke.hu\/index.php\/wp-json\/wp\/v2\/types\/product"}],"wp:featuredmedia":[{"embeddable":true,"href":"https:\/\/www.sunkaraoke.hu\/index.php\/wp-json\/wp\/v2\/media\/18265"}],"wp:attachment":[{"href":"https:\/\/www.sunkaraoke.hu\/index.php\/wp-json\/wp\/v2\/media?parent=4111"}],"wp:term":[{"taxonomy":"product_cat","embeddable":true,"href":"https:\/\/www.sunkaraoke.hu\/index.php\/wp-json\/wp\/v2\/product_cat?post=4111"},{"taxonomy":"product_tag","embeddable":true,"href":"https:\/\/www.sunkaraoke.hu\/index.php\/wp-json\/wp\/v2\/product_tag?post=4111"}],"curies":[{"name":"wp","href":"https:\/\/api.w.org\/{rel}","templated":true}]}}