{"id":4103,"date":"2022-08-08T20:47:10","date_gmt":"2022-08-08T20:47:10","guid":{"rendered":"https:\/\/www.sunkaraoke.hu\/index.php\/termek\/henna-kismadar\/"},"modified":"2025-04-04T10:19:52","modified_gmt":"2025-04-04T10:19:52","slug":"henna-kismadar","status":"publish","type":"product","link":"https:\/\/www.sunkaraoke.hu\/index.php\/termek\/henna-kismadar\/","title":{"rendered":"<div class=\"wcmp-player-container product-4103\"><audio controlslist=\"nodownload\" data-product=\"4103\"  volume=\"1\"  preload=\"none\" data-lazyloading=\"none\" class=\"wcmp-player track mejs-classic\" data-duration=\"0:33\" data-estimated_duration=\"4\"><source src=\"https:\/\/www.sunkaraoke.hu\/wp-content\/uploads\/2022\/08\/Kismadar-Vocal-SF-kademooo.mp3\" type=\"audio\/mp3\" \/><\/audio><\/div>Henna &#8211; Kismad\u00e1r (Original)"},"content":{"rendered":"<p><strong>03:01<\/strong> | <strong><img loading=\"lazy\" decoding=\"async\" class=\"alignnone size-full wp-image-466\" src=\"https:\/\/www.sunkaraoke.hu\/wp-content\/uploads\/2022\/07\/choir_1-copy.webp\" alt=\"\" width=\"30\" height=\"30\" \/> <\/strong><\/p>\n","protected":false},"excerpt":{"rendered":"<h6><strong>Bits\u0171r\u0171s\u00e9g: 320<\/strong>kb\/s<strong><br \/>\n<\/strong><strong>Hossz: <\/strong>03:01<strong><br \/>\n<\/strong><strong style=\"font-size: 16px;\">Vok\u00e1lt tartalmaz: <\/strong>Igen <img loading=\"lazy\" decoding=\"async\" class=\"alignnone size-full wp-image-466\" src=\"http:\/\/www.sunkaraoke.hu\/wp-content\/uploads\/2022\/07\/choir_1-copy.png\" alt=\"\" width=\"30\" height=\"30\" \/><strong style=\"font-size: 16px;\"><br \/>\n<\/strong><\/h6>\n<p>Sunkaraoke mp3 st\u00fadi\u00f3 \/ www.sunkaraoke.hu \/ Inf: Tel: 06 20 4275001<\/p>\n<p>&#8212;Intr\u00f3&#8212;<\/p>\n<p>A kismad\u00e1r dalol a f\u00e1n, \u0151 is boldog \u0151 is tudja a n\u00f3t\u00e1t, a n\u00f3t\u00e1t.<br \/>\nAm\u00edg a f\u00f6ld\u00f6n cig\u00e1nyzene sz\u00f3l ,csak addig van boldogs\u00e1g, boldogs\u00e1g.<br \/>\nEgy \u00e9letem, egy hal\u00e1lom, a vid\u00e1ms\u00e1g a kir\u00e1lyom,<br \/>\nnem kell m\u00e1s, nem kell m\u00e1s.<br \/>\n\u00c1tmulatni az \u00e9jszak\u00e1t, \u00e1t bulizni minden percet, boldogs\u00e1g!<\/p>\n<p>Dalolj, csak dalolj kismad\u00e1r, \u0171zd ez a sz\u00edvemb\u0151l a b\u00e1natot,<br \/>\nte l\u00e1tod ha boldog vagyok, te l\u00e1tod f\u00e1j nagyon.<br \/>\n\u00c9n veled nevetek, \u00e9s veled szeretek,<br \/>\nh\u00e1t dalold ki a sz\u00edvedb\u0151l a szerelmet.<br \/>\nDalolj, csak dalolj kismad\u00e1r, \u0171zd ez a sz\u00edvemb\u0151l a b\u00e1natot,<br \/>\nte l\u00e1tod ha boldog vagyok, te l\u00e1tod f\u00e1j nagyon.<br \/>\n\u00c9n veled nevetek, \u00e9s veled szeretek,<br \/>\nh\u00e1t dalold ki a sz\u00edvedb\u0151l a szerelmet.<br \/>\n&#8212;Sz\u00f3l\u00f3&#8212;<br \/>\nA kismad\u00e1r dalol a f\u00e1n, \u0151 is boldog \u0151 is tudja a n\u00f3t\u00e1t, a n\u00f3t\u00e1t.<br \/>\nAzt dalolja hogy az \u00e9let sz\u00e9p, \u00e9s a legszebb kincs a boldogs\u00e1g, boldogs\u00e1g.<br \/>\nEgy \u00e9letem, egy hal\u00e1lom, a vid\u00e1ms\u00e1g a kir\u00e1lyom,<br \/>\nnem kell m\u00e1s, nem kell m\u00e1s.<br \/>\nHa b\u00e1natod messze \u0171z\u00f6m, k\u00f6lt\u00f6zz\u00f6n a sz\u00edvembe a boldogs\u00e1g!<\/p>\n<p>Dalolj, csak dalolj kismad\u00e1r \u0171zd ez a sz\u00edvemb\u0151l a b\u00e1natot,<br \/>\nte l\u00e1tod ha boldog vagyok, te l\u00e1tod f\u00e1j nagyon.<br \/>\n\u00c9n veled nevetek, \u00e9s veled szeretek,<br \/>\ndalold ki a sz\u00edvedb\u0151l a szerelmet.<br \/>\nDalolj, csak dalolj kismad\u00e1r \u0171zd ez a sz\u00edvemb\u0151l a b\u00e1natot,<br \/>\nte l\u00e1tod ha boldog vagyok, te l\u00e1tod f\u00e1j nagyon.<br \/>\n\u00c9n veled nevetek, \u00e9s veled szeretek,<br \/>\nh\u00e1t dalold ki a sz\u00edvedb\u0151l a szerelmet.<\/p>\n<p>Dalolj, csak dalolj kismad\u00e1r, \u0171zd ez a sz\u00edvemb\u0151l a b\u00e1natot,<br \/>\nte l\u00e1tod ha boldog vagyok, te l\u00e1tod f\u00e1j nagyon.<br \/>\n\u00c9n veled nevetek, \u00e9s veled szeretek,<br \/>\ndalold ki a sz\u00edvedb\u0151l a szerelmet.<br \/>\nDalolj, csak dalolj kismad\u00e1r \u0171zd ez a sz\u00edvemb\u0151l a b\u00e1natot,<br \/>\nte l\u00e1tod ha boldog vagyok, te l\u00e1tod f\u00e1j nagyon.<br \/>\n\u00c9n veled nevetek, \u00e9s veled szeretek,<br \/>\nh\u00e1t dalold ki a sz\u00edvedb\u0151l a szerelmet.<br \/>\nH\u00e1t dalold ki a sz\u00edvedb\u0151l a szerelmet.<br \/>\n&#8212;V\u00e9ge&#8212;<\/p>\n","protected":false},"featured_media":9303,"template":"","meta":{"site-sidebar-layout":"default","site-content-layout":"default","ast-site-content-layout":"default","site-content-style":"default","site-sidebar-style":"default","ast-global-header-display":"","ast-banner-title-visibility":"","ast-main-header-display":"","ast-hfb-above-header-display":"","ast-hfb-below-header-display":"","ast-hfb-mobile-header-display":"","site-post-title":"","ast-breadcrumbs-content":"","ast-featured-img":"","footer-sml-layout":"","theme-transparent-header-meta":"default","adv-header-id-meta":"","stick-header-meta":"","header-above-stick-meta":"","header-main-stick-meta":"","header-below-stick-meta":"","astra-migrate-meta-layouts":"set","ast-page-background-enabled":"default","ast-page-background-meta":{"desktop":{"background-color":"var(--ast-global-color-4)","background-image":"","background-repeat":"repeat","background-position":"center center","background-size":"auto","background-attachment":"scroll","background-type":"","background-media":"","overlay-type":"","overlay-color":"","overlay-opacity":"","overlay-gradient":""},"tablet":{"background-color":"","background-image":"","background-repeat":"repeat","background-position":"center center","background-size":"auto","background-attachment":"scroll","background-type":"","background-media":"","overlay-type":"","overlay-color":"","overlay-opacity":"","overlay-gradient":""},"mobile":{"background-color":"","background-image":"","background-repeat":"repeat","background-position":"center center","background-size":"auto","background-attachment":"scroll","background-type":"","background-media":"","overlay-type":"","overlay-color":"","overlay-opacity":"","overlay-gradient":""}},"ast-content-background-meta":{"desktop":{"background-color":"var(--ast-global-color-5)","background-image":"","background-repeat":"repeat","background-position":"center center","background-size":"auto","background-attachment":"scroll","background-type":"","background-media":"","overlay-type":"","overlay-color":"","overlay-opacity":"","overlay-gradient":""},"tablet":{"background-color":"var(--ast-global-color-5)","background-image":"","background-repeat":"repeat","background-position":"center center","background-size":"auto","background-attachment":"scroll","background-type":"","background-media":"","overlay-type":"","overlay-color":"","overlay-opacity":"","overlay-gradient":""},"mobile":{"background-color":"var(--ast-global-color-5)","background-image":"","background-repeat":"repeat","background-position":"center center","background-size":"auto","background-attachment":"scroll","background-type":"","background-media":"","overlay-type":"","overlay-color":"","overlay-opacity":"","overlay-gradient":""}}},"product_cat":[55],"product_tag":[],"class_list":["post-4103","product","type-product","status-publish","has-post-thumbnail","hentry","product_cat-sihell-ferry","desktop-align-left","tablet-align-left","mobile-align-left"],"_links":{"self":[{"href":"https:\/\/www.sunkaraoke.hu\/index.php\/wp-json\/wp\/v2\/product\/4103","targetHints":{"allow":["GET"]}}],"collection":[{"href":"https:\/\/www.sunkaraoke.hu\/index.php\/wp-json\/wp\/v2\/product"}],"about":[{"href":"https:\/\/www.sunkaraoke.hu\/index.php\/wp-json\/wp\/v2\/types\/product"}],"wp:featuredmedia":[{"embeddable":true,"href":"https:\/\/www.sunkaraoke.hu\/index.php\/wp-json\/wp\/v2\/media\/9303"}],"wp:attachment":[{"href":"https:\/\/www.sunkaraoke.hu\/index.php\/wp-json\/wp\/v2\/media?parent=4103"}],"wp:term":[{"taxonomy":"product_cat","embeddable":true,"href":"https:\/\/www.sunkaraoke.hu\/index.php\/wp-json\/wp\/v2\/product_cat?post=4103"},{"taxonomy":"product_tag","embeddable":true,"href":"https:\/\/www.sunkaraoke.hu\/index.php\/wp-json\/wp\/v2\/product_tag?post=4103"}],"curies":[{"name":"wp","href":"https:\/\/api.w.org\/{rel}","templated":true}]}}