{"id":4102,"date":"2022-08-08T20:47:10","date_gmt":"2022-08-08T20:47:10","guid":{"rendered":"https:\/\/www.sunkaraoke.hu\/index.php\/termek\/sihell-ferry-nekem-a-balaton-a-tengerpart\/"},"modified":"2025-04-04T10:15:23","modified_gmt":"2025-04-04T10:15:23","slug":"sihell-ferry-nekem-a-balaton-a-tengerpart","status":"publish","type":"product","link":"https:\/\/www.sunkaraoke.hu\/index.php\/termek\/sihell-ferry-nekem-a-balaton-a-tengerpart\/","title":{"rendered":"<div class=\"wcmp-player-container product-4102\"><audio controlslist=\"nodownload\" data-product=\"4102\"  volume=\"1\"  preload=\"none\" data-lazyloading=\"none\" class=\"wcmp-player track mejs-classic\" data-duration=\"0:32\" data-estimated_duration=\"4\"><source src=\"https:\/\/www.sunkaraoke.hu\/wp-content\/uploads\/2022\/08\/Nekem-a-Balaton-Vocal-SF-demoo-1.mp3\" type=\"audio\/mp3\" \/><\/audio><\/div>Sihell Ferry &#8211; Nekem a Balaton a tengerpart (Original)"},"content":{"rendered":"<p><strong>03:52<\/strong> | <strong><img loading=\"lazy\" decoding=\"async\" class=\"alignnone size-full wp-image-467\" src=\"https:\/\/www.sunkaraoke.hu\/wp-content\/uploads\/2022\/07\/choir_2-copy.webp\" alt=\"\" width=\"30\" height=\"30\" \/> <\/strong><\/p>\n","protected":false},"excerpt":{"rendered":"<p><strong>Bits\u0171r\u0171s\u00e9g: 320<\/strong>kb\/s<strong><br \/>\n<\/strong><strong>Hossz: <\/strong>03:52<strong><br \/>\n<\/strong><strong style=\"font-size: 16px;\">Vok\u00e1lt tartalmaz: <\/strong>Nem <img loading=\"lazy\" decoding=\"async\" class=\"alignnone size-full wp-image-467\" src=\"http:\/\/www.sunkaraoke.hu\/wp-content\/uploads\/2022\/07\/choir_2-copy.png\" alt=\"\" width=\"30\" height=\"30\" \/><strong style=\"font-size: 16px;\"><br \/>\n<\/strong><\/p>\n<p>Sunkaraoke mp3 st\u00fadi\u00f3 \/ www.sunkaraoke.hu \/ Inf: Tel: 06 20 4275001<\/p>\n<p>&#8212;Intr\u00f3&#8212;<\/p>\n<p>N\u00e9ha n\u00e9ha m\u00e9g arr\u00f3l \u00e1lmodom,<br \/>\nhogy kokt\u00e9l a kezemben, a tenderparton bulizok.<br \/>\nVelem t\u00e1ncol a sz\u00edv\u00e1rv\u00e1ny is m\u00e1r,<br \/>\n\u00e9s \u00e1t\u00f6lel az a gy\u00f6ny\u00f6r\u0171 sz\u0151ke l\u00e1ny.<br \/>\n\u00c9lem, \u00e9lem \u00edgy az \u00e9letem,<br \/>\n\u00e9s r\u00e1j\u00f6v\u00f6k hogy nem csak \u00e1lom nekem.<\/p>\n<p>Nekem a Balaton a tenderpart, a rivi\u00e9ra,<br \/>\notthonom a kisfalum mert haza v\u00e1rnak,<br \/>\nitt van az \u00e9n dr\u00e1gas\u00e1gom, \u00f3h az \u00e9des cs\u00f3kj\u00e1t \u00e9n \u00fagy im\u00e1dom.<br \/>\nNem adom \u00e9n semmi\u00e9rt, nem cser\u00e9lek,<br \/>\nitt mulatom \u00e1t az \u00e9letemet,<br \/>\ns itt ragyog egy sz\u00e1l vir\u00e1g majd a s\u00edromon.<br \/>\nNekem a Balaton a tenderpart, a rivi\u00e9ra,<br \/>\notthonom a kisfalum mert haza v\u00e1rnak,<br \/>\nitt van az \u00e9n dr\u00e1gas\u00e1gom, \u00f3h az \u00e9des cs\u00f3kj\u00e1t \u00e9n \u00fagy im\u00e1dom.<br \/>\nNem adom \u00e9n semmi\u00e9rt, nem cser\u00e9lek,<br \/>\nitt mulatom \u00e1t az \u00e9letemet,<br \/>\ns itt ragyog egy sz\u00e1l vir\u00e1g majd a s\u00edromon.<\/p>\n<p>N\u00e9ha n\u00e9ha m\u00e9g arr\u00f3l \u00e1lmodom,<br \/>\nhogy kokt\u00e9l a kezemben, a tenderparton bulizok.<br \/>\nEgy fullos aut\u00f3, r\u00e1ms\u00fct a napsug\u00e1r,<br \/>\n\u00e9s ott mulatom \u00e1t az \u00e9jszak\u00e1t.<br \/>\nDe m\u00e1r fel\u00e9bredtem \u00e9s boldog az \u00e9n sz\u00edvem,<br \/>\nmert j\u00f3l tudom hogy nemcsak \u00e1lom nekem.<\/p>\n<p>Nekem a Balaton a tenderpart, a rivi\u00e9ra,<br \/>\notthonom a kisfalum mert haza v\u00e1rnak,<br \/>\nitt van az \u00e9n dr\u00e1gas\u00e1gom, \u00f3h az \u00e9des cs\u00f3kj\u00e1t \u00e9n \u00fagy im\u00e1dom.<br \/>\nNem adom \u00e9n semmi\u00e9rt, nem cser\u00e9lek,<br \/>\nitt mulatom \u00e1t az \u00e9letemet,<br \/>\ns itt ragyog egy sz\u00e1l vir\u00e1g majd a s\u00edromon.<br \/>\nNekem a Balaton a tenderpart, a rivi\u00e9ra,<br \/>\notthonom a kisfalum mert haza v\u00e1rnak,<br \/>\nitt van az \u00e9n dr\u00e1gas\u00e1gom, \u00f3h az \u00e9des cs\u00f3kj\u00e1t \u00e9n \u00fagy im\u00e1dom.<br \/>\nNem adom \u00e9n semmi\u00e9rt, nem cser\u00e9lek,<br \/>\nitt mulatom \u00e1t az \u00e9letemet,<br \/>\ns itt ragyog egy sz\u00e1l vir\u00e1g majd a s\u00edromon.<br \/>\nNekem a Balaton a tenderpart, a rivi\u00e9ra,<br \/>\notthonom a kisfalum mert haza v\u00e1rnak,<br \/>\nitt van az \u00e9n dr\u00e1gas\u00e1gom, \u00f3h az \u00e9des cs\u00f3kj\u00e1t \u00e9n \u00fagy im\u00e1dom.<br \/>\nNem adom \u00e9n semmi\u00e9rt, nem cser\u00e9lek,<br \/>\nitt mulatom \u00e1t az \u00e9letemet,<br \/>\ns itt ragyog egy sz\u00e1l vir\u00e1g majd a s\u00edromon.<br \/>\nNekem a Balaton a tenderpart, a rivi\u00e9ra,<br \/>\notthonom a kisfalum mert haza v\u00e1rnak,<br \/>\nitt van az \u00e9n dr\u00e1gas\u00e1gom, \u00f3h az \u00e9des cs\u00f3kj\u00e1t \u00e9n \u00fagy im\u00e1dom.<br \/>\nNem adom \u00e9n semmi\u00e9rt, nem cser\u00e9lek,<br \/>\nitt mulatom \u00e1t az \u00e9letemet,<br \/>\ns itt ragyog egy sz\u00e1l vir\u00e1g majd a s\u00edromon.<br \/>\n&#8212;V\u00e9ge&#8212;<\/p>\n","protected":false},"featured_media":9301,"template":"","meta":{"site-sidebar-layout":"default","site-content-layout":"default","ast-site-content-layout":"default","site-content-style":"default","site-sidebar-style":"default","ast-global-header-display":"","ast-banner-title-visibility":"","ast-main-header-display":"","ast-hfb-above-header-display":"","ast-hfb-below-header-display":"","ast-hfb-mobile-header-display":"","site-post-title":"","ast-breadcrumbs-content":"","ast-featured-img":"","footer-sml-layout":"","theme-transparent-header-meta":"default","adv-header-id-meta":"","stick-header-meta":"","header-above-stick-meta":"","header-main-stick-meta":"","header-below-stick-meta":"","astra-migrate-meta-layouts":"set","ast-page-background-enabled":"default","ast-page-background-meta":{"desktop":{"background-color":"var(--ast-global-color-4)","background-image":"","background-repeat":"repeat","background-position":"center center","background-size":"auto","background-attachment":"scroll","background-type":"","background-media":"","overlay-type":"","overlay-color":"","overlay-opacity":"","overlay-gradient":""},"tablet":{"background-color":"","background-image":"","background-repeat":"repeat","background-position":"center center","background-size":"auto","background-attachment":"scroll","background-type":"","background-media":"","overlay-type":"","overlay-color":"","overlay-opacity":"","overlay-gradient":""},"mobile":{"background-color":"","background-image":"","background-repeat":"repeat","background-position":"center center","background-size":"auto","background-attachment":"scroll","background-type":"","background-media":"","overlay-type":"","overlay-color":"","overlay-opacity":"","overlay-gradient":""}},"ast-content-background-meta":{"desktop":{"background-color":"var(--ast-global-color-5)","background-image":"","background-repeat":"repeat","background-position":"center center","background-size":"auto","background-attachment":"scroll","background-type":"","background-media":"","overlay-type":"","overlay-color":"","overlay-opacity":"","overlay-gradient":""},"tablet":{"background-color":"var(--ast-global-color-5)","background-image":"","background-repeat":"repeat","background-position":"center center","background-size":"auto","background-attachment":"scroll","background-type":"","background-media":"","overlay-type":"","overlay-color":"","overlay-opacity":"","overlay-gradient":""},"mobile":{"background-color":"var(--ast-global-color-5)","background-image":"","background-repeat":"repeat","background-position":"center center","background-size":"auto","background-attachment":"scroll","background-type":"","background-media":"","overlay-type":"","overlay-color":"","overlay-opacity":"","overlay-gradient":""}}},"product_cat":[55],"product_tag":[],"class_list":["post-4102","product","type-product","status-publish","has-post-thumbnail","hentry","product_cat-sihell-ferry","desktop-align-left","tablet-align-left","mobile-align-left"],"_links":{"self":[{"href":"https:\/\/www.sunkaraoke.hu\/index.php\/wp-json\/wp\/v2\/product\/4102","targetHints":{"allow":["GET"]}}],"collection":[{"href":"https:\/\/www.sunkaraoke.hu\/index.php\/wp-json\/wp\/v2\/product"}],"about":[{"href":"https:\/\/www.sunkaraoke.hu\/index.php\/wp-json\/wp\/v2\/types\/product"}],"wp:featuredmedia":[{"embeddable":true,"href":"https:\/\/www.sunkaraoke.hu\/index.php\/wp-json\/wp\/v2\/media\/9301"}],"wp:attachment":[{"href":"https:\/\/www.sunkaraoke.hu\/index.php\/wp-json\/wp\/v2\/media?parent=4102"}],"wp:term":[{"taxonomy":"product_cat","embeddable":true,"href":"https:\/\/www.sunkaraoke.hu\/index.php\/wp-json\/wp\/v2\/product_cat?post=4102"},{"taxonomy":"product_tag","embeddable":true,"href":"https:\/\/www.sunkaraoke.hu\/index.php\/wp-json\/wp\/v2\/product_tag?post=4102"}],"curies":[{"name":"wp","href":"https:\/\/api.w.org\/{rel}","templated":true}]}}