{"id":4027,"date":"2022-08-08T20:47:03","date_gmt":"2022-08-08T20:47:03","guid":{"rendered":"https:\/\/www.sunkaraoke.hu\/index.php\/termek\/farao-ne-nezzen-ugy-ram\/"},"modified":"2025-04-05T13:10:24","modified_gmt":"2025-04-05T13:10:24","slug":"farao-ne-nezzen-ugy-ram","status":"publish","type":"product","link":"https:\/\/www.sunkaraoke.hu\/index.php\/termek\/farao-ne-nezzen-ugy-ram\/","title":{"rendered":"<div class=\"wcmp-player-container product-4027\"><audio controlslist=\"nodownload\" data-product=\"4027\"  volume=\"1\"  preload=\"none\" data-lazyloading=\"none\" class=\"wcmp-player track mejs-classic\" data-duration=\"0:31\" data-estimated_duration=\"4\"><source src=\"https:\/\/www.sunkaraoke.hu\/wp-content\/uploads\/2022\/08\/Ne-nezzen-ugy-ram-SB-demoo.mp3\" type=\"audio\/mp3\" \/><\/audio><\/div>F\u00e1ra\u00f3 &#8211; Ne n\u00e9zzen \u00fagy r\u00e1m (Original)"},"content":{"rendered":"<p><strong>04:13<\/strong> | <strong><img loading=\"lazy\" decoding=\"async\" class=\"alignnone size-full wp-image-467\" src=\"https:\/\/www.sunkaraoke.hu\/wp-content\/uploads\/2022\/07\/choir_2-copy.webp\" alt=\"\" width=\"30\" height=\"30\" \/> <\/strong><\/p>\n","protected":false},"excerpt":{"rendered":"<h6><strong>Bits\u0171r\u0171s\u00e9g: 320<\/strong>kb\/s<strong><br \/>\n<\/strong><strong>Hossz: <\/strong>04:13<strong><br \/>\n<\/strong><strong style=\"font-size: 16px;\">Vok\u00e1lt tartalmaz: <\/strong>Nem <img loading=\"lazy\" decoding=\"async\" class=\"alignnone size-full wp-image-467\" src=\"http:\/\/www.sunkaraoke.hu\/wp-content\/uploads\/2022\/07\/choir_2-copy.png\" alt=\"\" width=\"30\" height=\"30\" \/><strong style=\"font-size: 16px;\"><br \/>\n<\/strong><\/h6>\n<p>Sunkaraoke mp3 st\u00fadi\u00f3 \/ www.sunkaraoke.hu \/ Inf: Tel: 06 20 4275001<\/p>\n<p>&#8212;Intr\u00f3&#8212;<br \/>\nAmikor m\u00e9g \u00e1lomsz\u00e9p volt,<br \/>\namikor m\u00e9g nem csak f\u00e9l volt.<br \/>\nSzemeidnek f\u00e9nyl\u0151 gy\u00f6ngye,<br \/>\na sz\u00edvemnek minden k\u00f6nnye.<\/p>\n<p>Ne n\u00e9zzen \u00fagy r\u00e1m a gy\u00f6ny\u00f6r\u0171 szem\u00e9vel,<br \/>\na sz\u00edvvel j\u00e1tszani, jaj, nem szabad!<br \/>\nNe fogjon \u00fagy \u00e1t a remeg\u0151 kez\u00e9vel,<br \/>\na sz\u00edvnek h\u00farja van, mely elszakad!<\/p>\n<p>Az els\u0151 cs\u00f3kj\u00e1t,\u00e9n el nem feledem,<br \/>\nott \u00e1llok \u00e1rv\u00e1n,hal\u00e1los betegen, mert szeretem.<br \/>\nNe n\u00e9zzen \u00fagy r\u00e1m a gy\u00f6ny\u00f6r\u0171 szem\u00e9vel,<br \/>\na sz\u00edvvel j\u00e1tszani, jaj, nem szabad!<br \/>\n&#8212;Sz\u00f3l\u00f3&#8212;<br \/>\nSzerelemben nincsen holnap,<br \/>\na sz\u00edv\u0171nk majd egybeolvad.<br \/>\nNekem ez m\u00e1r \u00edgy lesz \u00fajra,<br \/>\na sz\u00edv\u00fcnknek zeng\u0151 h\u00farja.<br \/>\nNe n\u00e9zzen \u00fagy r\u00e1m a gy\u00f6ny\u00f6r\u0171 szem\u00e9vel,<br \/>\na sz\u00edvvel j\u00e1tszani, jaj, nem szabad!<br \/>\nNe fogjon \u00fagy \u00e1t, a remeg\u0151 kez\u00e9vel,<br \/>\na sz\u00edvnek h\u00farja van, mely elszakad!<br \/>\nAz els\u0151 cs\u00f3kj\u00e1t, \u00e9n el nem feledem,<br \/>\nott \u00e1llok \u00e1rv\u00e1n, hal\u00e1los betegen, mert szeretem.<br \/>\nNe n\u00e9zzen \u00fagy r\u00e1m, a gy\u00f6ny\u00f6r\u0171 szem\u00e9vel,<br \/>\na sz\u00edvvel j\u00e1tszani, jaj, nem szabad!<br \/>\n&#8212;Sz\u00f3l\u00f3&#8212;<br \/>\nAz els\u0151 cs\u00f3kj\u00e1t, \u00e9n el nem feledem,<br \/>\nott \u00e1llok \u00e1rv\u00e1n, hal\u00e1los betegen, mert szeretem.<br \/>\nNe n\u00e9zzen \u00fagy r\u00e1m, a gy\u00f6ny\u00f6r\u0171 szem\u00e9vel,<br \/>\na sz\u00edvvel j\u00e1tszani, jaj, nem szabad!<br \/>\n&#8212;V\u00e9ge&#8212;<\/p>\n","protected":false},"featured_media":9691,"template":"","meta":{"site-sidebar-layout":"default","site-content-layout":"default","ast-site-content-layout":"default","site-content-style":"default","site-sidebar-style":"default","ast-global-header-display":"","ast-banner-title-visibility":"","ast-main-header-display":"","ast-hfb-above-header-display":"","ast-hfb-below-header-display":"","ast-hfb-mobile-header-display":"","site-post-title":"","ast-breadcrumbs-content":"","ast-featured-img":"","footer-sml-layout":"","theme-transparent-header-meta":"default","adv-header-id-meta":"","stick-header-meta":"","header-above-stick-meta":"","header-main-stick-meta":"","header-below-stick-meta":"","astra-migrate-meta-layouts":"set","ast-page-background-enabled":"default","ast-page-background-meta":{"desktop":{"background-color":"var(--ast-global-color-4)","background-image":"","background-repeat":"repeat","background-position":"center center","background-size":"auto","background-attachment":"scroll","background-type":"","background-media":"","overlay-type":"","overlay-color":"","overlay-opacity":"","overlay-gradient":""},"tablet":{"background-color":"","background-image":"","background-repeat":"repeat","background-position":"center center","background-size":"auto","background-attachment":"scroll","background-type":"","background-media":"","overlay-type":"","overlay-color":"","overlay-opacity":"","overlay-gradient":""},"mobile":{"background-color":"","background-image":"","background-repeat":"repeat","background-position":"center center","background-size":"auto","background-attachment":"scroll","background-type":"","background-media":"","overlay-type":"","overlay-color":"","overlay-opacity":"","overlay-gradient":""}},"ast-content-background-meta":{"desktop":{"background-color":"var(--ast-global-color-5)","background-image":"","background-repeat":"repeat","background-position":"center center","background-size":"auto","background-attachment":"scroll","background-type":"","background-media":"","overlay-type":"","overlay-color":"","overlay-opacity":"","overlay-gradient":""},"tablet":{"background-color":"var(--ast-global-color-5)","background-image":"","background-repeat":"repeat","background-position":"center center","background-size":"auto","background-attachment":"scroll","background-type":"","background-media":"","overlay-type":"","overlay-color":"","overlay-opacity":"","overlay-gradient":""},"mobile":{"background-color":"var(--ast-global-color-5)","background-image":"","background-repeat":"repeat","background-position":"center center","background-size":"auto","background-attachment":"scroll","background-type":"","background-media":"","overlay-type":"","overlay-color":"","overlay-opacity":"","overlay-gradient":""}}},"product_cat":[48],"product_tag":[],"class_list":["post-4027","product","type-product","status-publish","has-post-thumbnail","hentry","product_cat-sunkaraoke-dalok","desktop-align-left","tablet-align-left","mobile-align-left"],"_links":{"self":[{"href":"https:\/\/www.sunkaraoke.hu\/index.php\/wp-json\/wp\/v2\/product\/4027","targetHints":{"allow":["GET"]}}],"collection":[{"href":"https:\/\/www.sunkaraoke.hu\/index.php\/wp-json\/wp\/v2\/product"}],"about":[{"href":"https:\/\/www.sunkaraoke.hu\/index.php\/wp-json\/wp\/v2\/types\/product"}],"wp:featuredmedia":[{"embeddable":true,"href":"https:\/\/www.sunkaraoke.hu\/index.php\/wp-json\/wp\/v2\/media\/9691"}],"wp:attachment":[{"href":"https:\/\/www.sunkaraoke.hu\/index.php\/wp-json\/wp\/v2\/media?parent=4027"}],"wp:term":[{"taxonomy":"product_cat","embeddable":true,"href":"https:\/\/www.sunkaraoke.hu\/index.php\/wp-json\/wp\/v2\/product_cat?post=4027"},{"taxonomy":"product_tag","embeddable":true,"href":"https:\/\/www.sunkaraoke.hu\/index.php\/wp-json\/wp\/v2\/product_tag?post=4027"}],"curies":[{"name":"wp","href":"https:\/\/api.w.org\/{rel}","templated":true}]}}