{"id":4023,"date":"2022-08-08T20:47:03","date_gmt":"2022-08-08T20:47:03","guid":{"rendered":"https:\/\/www.sunkaraoke.hu\/index.php\/termek\/neoton-szeret-vagy-nem-szeret-2013\/"},"modified":"2025-04-03T09:35:24","modified_gmt":"2025-04-03T09:35:24","slug":"neoton-szeret-vagy-nem-szeret-2013","status":"publish","type":"product","link":"https:\/\/www.sunkaraoke.hu\/index.php\/termek\/neoton-szeret-vagy-nem-szeret-2013\/","title":{"rendered":"<div class=\"wcmp-player-container product-4023\"><audio controlslist=\"nodownload\" data-product=\"4023\"  volume=\"1\"  preload=\"none\" data-lazyloading=\"none\" class=\"wcmp-player track mejs-classic\" data-duration=\"0:37\" data-estimated_duration=\"4\"><source src=\"https:\/\/www.sunkaraoke.hu\/wp-content\/uploads\/2022\/08\/Szeret-vagy-nem-szeret-Vocal-kdemoo.mp3\" type=\"audio\/mp3\" \/><\/audio><\/div>Neoton &#8211; Szeret vagy nem szeret (Original Tommy Edition)"},"content":{"rendered":"<p><strong>03:14<\/strong> | <strong><img loading=\"lazy\" decoding=\"async\" class=\"alignnone size-full wp-image-466\" src=\"https:\/\/www.sunkaraoke.hu\/wp-content\/uploads\/2022\/07\/choir_1-copy.webp\" alt=\"\" width=\"30\" height=\"30\" \/> <\/strong><\/p>\n","protected":false},"excerpt":{"rendered":"<h6><strong>Bits\u0171r\u0171s\u00e9g: 320<\/strong>kb\/s<strong><br \/>\n<\/strong><strong>Hossz: <\/strong>03:14<strong><br \/>\n<\/strong><strong style=\"font-size: 16px;\">Vok\u00e1lt tartalmaz: <\/strong>Igen <img loading=\"lazy\" decoding=\"async\" class=\"alignnone size-full wp-image-466\" src=\"http:\/\/www.sunkaraoke.hu\/wp-content\/uploads\/2022\/07\/choir_1-copy.png\" alt=\"\" width=\"30\" height=\"30\" \/><strong style=\"font-size: 16px;\"><br \/>\n<\/strong><\/h6>\n<p>Sunkaraoke mp3 st\u00fadi\u00f3 \/ www.sunkaraoke.hu \/ Inf: Tel: 06 20 4275001<\/p>\n<p>&#8212;Intr\u00f3&#8212;<br \/>\nN\u00e9gy napja ismerj\u00fck egym\u00e1st,<br \/>\naz \u00f6csi meg \u00e9n.<br \/>\nBelmond\u00f3n\u00e1l is sokkal, k\u00fcl\u00f6nb leg\u00e9ny.<br \/>\nAz \u00e9let n\u00e9ha pofon egyszer\u0171,<br \/>\nnem izgalmas kalandreg\u00e9ny.<br \/>\nB\u00e1r k\u00f6ztudottan rendes l\u00e1ny vagyok,<br \/>\nde igent mondtam \u00e9n.<\/p>\n<p>Szeret vagy nem szeret,<br \/>\nkaromba z\u00e1rom.<br \/>\nSzeret vagy nem szeret,<br \/>\ntudja az \u00e9g.<br \/>\nSzeret vagy nem szeret,<br \/>\n\u0151 csak mosolyog r\u00e1m,<br \/>\n\u00e9s csak mosolyog r\u00e1m.<\/p>\n<p>K\u00e9t napja ismerj\u00fck egym\u00e1st,<br \/>\na Csaba meg \u00e9n.<br \/>\nOlyan, mint Al Pacino,<br \/>\nde nagyon szer\u00e9ny.<br \/>\nAz \u00e9let n\u00e9ha pofon egyszer\u0171,<br \/>\nnem bonyolult csal\u00e1dreg\u00e9ny.<br \/>\nB\u00e1r k\u00f6ztudottan rendes l\u00e1ny vagyok,<br \/>\nde igent mondtam \u00e9n.<br \/>\nSzeret vagy nem szeret,<br \/>\nkaromba z\u00e1rom.<br \/>\nSzeret vagy nem szeret,<br \/>\ntudja az \u00e9g.<br \/>\nSzeret vagy nem szeret,<br \/>\n\u0151 csak mosolyog r\u00e1m,<br \/>\n\u00e9s csak mosolyog r\u00e1m.<\/p>\n<p>Az \u00e9let n\u00e9ha pofon egyszer\u0171,<br \/>\nnem izgalmas kalandreg\u00e9ny.<br \/>\nB\u00e1r k\u00f6ztudottan rendes l\u00e1ny vagyok,<br \/>\nde igent mondtam \u00e9n.<\/p>\n<p>Szeret vagy nem szeret,<br \/>\nkaromba z\u00e1rom.<br \/>\nSzeret vagy nem szeret,<br \/>\ntudja az \u00e9g.<br \/>\nSzeret vagy nem szeret,<br \/>\n\u0151 csak mosolyog r\u00e1m,<br \/>\n\u00e9s csak mosolyog r\u00e1m.<br \/>\nSzeret vagy nem szeret,<br \/>\nkaromba z\u00e1rom.<br \/>\nSzeret vagy nem szeret,<br \/>\ntudja az \u00e9g.<br \/>\nSzeret vagy nem szeret,<br \/>\n\u0151 csak mosolyog r\u00e1m,<br \/>\n\u00e9s csak mosolyog r\u00e1m.<\/p>\n<p>&#8212;V\u00e9ge&#8212;<\/p>\n","protected":false},"featured_media":9391,"template":"","meta":{"site-sidebar-layout":"default","site-content-layout":"default","ast-site-content-layout":"default","site-content-style":"default","site-sidebar-style":"default","ast-global-header-display":"","ast-banner-title-visibility":"","ast-main-header-display":"","ast-hfb-above-header-display":"","ast-hfb-below-header-display":"","ast-hfb-mobile-header-display":"","site-post-title":"","ast-breadcrumbs-content":"","ast-featured-img":"","footer-sml-layout":"","theme-transparent-header-meta":"default","adv-header-id-meta":"","stick-header-meta":"","header-above-stick-meta":"","header-main-stick-meta":"","header-below-stick-meta":"","astra-migrate-meta-layouts":"set","ast-page-background-enabled":"default","ast-page-background-meta":{"desktop":{"background-color":"var(--ast-global-color-4)","background-image":"","background-repeat":"repeat","background-position":"center center","background-size":"auto","background-attachment":"scroll","background-type":"","background-media":"","overlay-type":"","overlay-color":"","overlay-opacity":"","overlay-gradient":""},"tablet":{"background-color":"","background-image":"","background-repeat":"repeat","background-position":"center center","background-size":"auto","background-attachment":"scroll","background-type":"","background-media":"","overlay-type":"","overlay-color":"","overlay-opacity":"","overlay-gradient":""},"mobile":{"background-color":"","background-image":"","background-repeat":"repeat","background-position":"center center","background-size":"auto","background-attachment":"scroll","background-type":"","background-media":"","overlay-type":"","overlay-color":"","overlay-opacity":"","overlay-gradient":""}},"ast-content-background-meta":{"desktop":{"background-color":"var(--ast-global-color-5)","background-image":"","background-repeat":"repeat","background-position":"center center","background-size":"auto","background-attachment":"scroll","background-type":"","background-media":"","overlay-type":"","overlay-color":"","overlay-opacity":"","overlay-gradient":""},"tablet":{"background-color":"var(--ast-global-color-5)","background-image":"","background-repeat":"repeat","background-position":"center center","background-size":"auto","background-attachment":"scroll","background-type":"","background-media":"","overlay-type":"","overlay-color":"","overlay-opacity":"","overlay-gradient":""},"mobile":{"background-color":"var(--ast-global-color-5)","background-image":"","background-repeat":"repeat","background-position":"center center","background-size":"auto","background-attachment":"scroll","background-type":"","background-media":"","overlay-type":"","overlay-color":"","overlay-opacity":"","overlay-gradient":""}}},"product_cat":[48],"product_tag":[],"class_list":["post-4023","product","type-product","status-publish","has-post-thumbnail","hentry","product_cat-sunkaraoke-dalok","desktop-align-left","tablet-align-left","mobile-align-left"],"_links":{"self":[{"href":"https:\/\/www.sunkaraoke.hu\/index.php\/wp-json\/wp\/v2\/product\/4023","targetHints":{"allow":["GET"]}}],"collection":[{"href":"https:\/\/www.sunkaraoke.hu\/index.php\/wp-json\/wp\/v2\/product"}],"about":[{"href":"https:\/\/www.sunkaraoke.hu\/index.php\/wp-json\/wp\/v2\/types\/product"}],"wp:featuredmedia":[{"embeddable":true,"href":"https:\/\/www.sunkaraoke.hu\/index.php\/wp-json\/wp\/v2\/media\/9391"}],"wp:attachment":[{"href":"https:\/\/www.sunkaraoke.hu\/index.php\/wp-json\/wp\/v2\/media?parent=4023"}],"wp:term":[{"taxonomy":"product_cat","embeddable":true,"href":"https:\/\/www.sunkaraoke.hu\/index.php\/wp-json\/wp\/v2\/product_cat?post=4023"},{"taxonomy":"product_tag","embeddable":true,"href":"https:\/\/www.sunkaraoke.hu\/index.php\/wp-json\/wp\/v2\/product_tag?post=4023"}],"curies":[{"name":"wp","href":"https:\/\/api.w.org\/{rel}","templated":true}]}}