{"id":4020,"date":"2022-08-08T20:47:02","date_gmt":"2022-08-08T20:47:02","guid":{"rendered":"https:\/\/www.sunkaraoke.hu\/index.php\/termek\/tesok-add-az-eleted\/"},"modified":"2025-03-28T12:52:48","modified_gmt":"2025-03-28T12:52:48","slug":"tesok-add-az-eleted","status":"publish","type":"product","link":"https:\/\/www.sunkaraoke.hu\/index.php\/termek\/tesok-add-az-eleted\/","title":{"rendered":"<div class=\"wcmp-player-container product-4020\"><audio controlslist=\"nodownload\" data-product=\"4020\"  volume=\"1\"  preload=\"none\" data-lazyloading=\"none\" class=\"wcmp-player track mejs-classic\" data-duration=\"0:31\" data-estimated_duration=\"4\"><source src=\"https:\/\/www.sunkaraoke.hu\/wp-content\/uploads\/2022\/08\/Add-az-eleted-SB_demo.mp3\" type=\"audio\/mp3\" \/><\/audio><\/div>Tes\u00f3k &#8211; Add az \u00e9leted (Original)"},"content":{"rendered":"<p><strong>03:43<\/strong> | <strong><img loading=\"lazy\" decoding=\"async\" class=\"alignnone size-full wp-image-467\" src=\"https:\/\/www.sunkaraoke.hu\/wp-content\/uploads\/2022\/07\/choir_2-copy.webp\" alt=\"\" width=\"30\" height=\"30\" \/> <\/strong><\/p>\n","protected":false},"excerpt":{"rendered":"<h6><strong>Bits\u0171r\u0171s\u00e9g: 320 kb\/s<\/strong><br \/>\n<strong>Hossz: 03:43<\/strong><br \/>\n<strong>Vok\u00e1lt tartalmaz: Nem <img loading=\"lazy\" decoding=\"async\" class=\"alignnone size-full wp-image-467\" src=\"http:\/\/www.sunkaraoke.hu\/wp-content\/uploads\/2022\/07\/choir_2-copy.png\" alt=\"\" width=\"30\" height=\"30\" \/><\/strong><strong style=\"font-size: 16px;\"><br \/>\n<\/strong><\/h6>\n<p>Sunkaraoke mp3 st\u00fadi\u00f3 \/ www.sunkaraoke.hu \/ Inf: Tel: 06 20 4275001<\/p>\n<p>&#8212;Intr\u00f3&#8212;<br \/>\nAmikor l\u00e1tlak felragyog az \u00e9g,<br \/>\namikor cs\u00f3kolsz az nekem a v\u00e9g,<br \/>\namit most \u00e9rzek r\u00e9g \u00e9rzetem m\u00e1r,<br \/>\nharcolok \u00e9rted, nincs nekem hat\u00e1r.<br \/>\nHa \u00e9n hib\u00e1ztam nehogy el\u00edt\u00e9lj,<br \/>\nnem v\u00e1gyom m\u00e1sra csak hogy velem \u00e9lj,<br \/>\nnem kell m\u00e1r senik, b\u00e1rmit felk\u00edn\u00e1l,<br \/>\nn\u00e1lad a sz\u00edvem \u00e9rtelmet tal\u00e1l.<\/p>\n<p>Add az \u00e9leted b\u00e1tran, jobb helyen van az n\u00e1lam,<br \/>\naz eny\u00e9met ny\u00fajtom vidd el, szeretlek t\u00e9ged hidd el.<br \/>\nAdd az \u00e9leted b\u00e1tran, jobb helyen van az n\u00e1lam,<br \/>\nkarodba b\u00fajva \u00e9rzem, v\u00e9gleg haza\u00e9rtem.<br \/>\n&#8212;Sz\u00f3l\u00f3&#8212;<\/p>\n<p>Amikor l\u00e1tlak felragyog az \u00e9g,<br \/>\namikor cs\u00f3kolsz az nekem a v\u00e9g,<br \/>\namit most \u00e9rzek r\u00e9g \u00e9rzetem m\u00e1r,<br \/>\nharcolok \u00e9rted, nincs nekem hat\u00e1r.<br \/>\nHa \u00e9n hib\u00e1ztam nehogy el\u00edt\u00e9lj,<br \/>\nnem v\u00e1gyom m\u00e1sra csak hogy velem \u00e9lj,<br \/>\nnem kell m\u00e1r senik, b\u00e1rmit felk\u00edn\u00e1l,<br \/>\nn\u00e1lad a sz\u00edvem \u00e9rtelmet tal\u00e1l.<\/p>\n<p>Add az \u00e9leted b\u00e1tran, jobb helyen van az n\u00e1lam,<br \/>\naz eny\u00e9met ny\u00fajtom vidd el, szeretlek t\u00e9ged hidd el.<br \/>\nAdd az \u00e9leted b\u00e1tran, jobb helyen van az n\u00e1lam,<br \/>\nkarodba b\u00fajva \u00e9rzem, v\u00e9gleg haza\u00e9rtem.<br \/>\n&#8212;Sz\u00f3l\u00f3&#8212;<br \/>\nAdd az \u00e9leted b\u00e1tran, jobb helyen van az n\u00e1lam,<br \/>\naz eny\u00e9met ny\u00fajtom vidd el, szeretlek t\u00e9ged hidd el.<br \/>\nAdd az \u00e9leted b\u00e1tran, jobb helyen van az n\u00e1lam,<br \/>\nkarodba b\u00fajva \u00e9rzem, v\u00e9gleg haza\u00e9rtem.<\/p>\n<p>Add az \u00e9leted b\u00e1tran, jobb helyen van az n\u00e1lam,<br \/>\naz eny\u00e9met ny\u00fajtom vidd el, szeretlek t\u00e9ged hidd el.<br \/>\nAdd az \u00e9leted b\u00e1tran, jobb helyen van az n\u00e1lam,<br \/>\nkarodba b\u00fajva \u00e9rzem, v\u00e9gleg haza\u00e9rtem.<br \/>\n&#8212;V\u00e9ge&#8212;<\/p>\n","protected":false},"featured_media":8715,"template":"","meta":{"site-sidebar-layout":"default","site-content-layout":"default","ast-site-content-layout":"default","site-content-style":"default","site-sidebar-style":"default","ast-global-header-display":"","ast-banner-title-visibility":"","ast-main-header-display":"","ast-hfb-above-header-display":"","ast-hfb-below-header-display":"","ast-hfb-mobile-header-display":"","site-post-title":"","ast-breadcrumbs-content":"","ast-featured-img":"","footer-sml-layout":"","theme-transparent-header-meta":"default","adv-header-id-meta":"","stick-header-meta":"","header-above-stick-meta":"","header-main-stick-meta":"","header-below-stick-meta":"","astra-migrate-meta-layouts":"set","ast-page-background-enabled":"default","ast-page-background-meta":{"desktop":{"background-color":"var(--ast-global-color-4)","background-image":"","background-repeat":"repeat","background-position":"center center","background-size":"auto","background-attachment":"scroll","background-type":"","background-media":"","overlay-type":"","overlay-color":"","overlay-opacity":"","overlay-gradient":""},"tablet":{"background-color":"","background-image":"","background-repeat":"repeat","background-position":"center center","background-size":"auto","background-attachment":"scroll","background-type":"","background-media":"","overlay-type":"","overlay-color":"","overlay-opacity":"","overlay-gradient":""},"mobile":{"background-color":"","background-image":"","background-repeat":"repeat","background-position":"center center","background-size":"auto","background-attachment":"scroll","background-type":"","background-media":"","overlay-type":"","overlay-color":"","overlay-opacity":"","overlay-gradient":""}},"ast-content-background-meta":{"desktop":{"background-color":"var(--ast-global-color-5)","background-image":"","background-repeat":"repeat","background-position":"center center","background-size":"auto","background-attachment":"scroll","background-type":"","background-media":"","overlay-type":"","overlay-color":"","overlay-opacity":"","overlay-gradient":""},"tablet":{"background-color":"var(--ast-global-color-5)","background-image":"","background-repeat":"repeat","background-position":"center center","background-size":"auto","background-attachment":"scroll","background-type":"","background-media":"","overlay-type":"","overlay-color":"","overlay-opacity":"","overlay-gradient":""},"mobile":{"background-color":"var(--ast-global-color-5)","background-image":"","background-repeat":"repeat","background-position":"center center","background-size":"auto","background-attachment":"scroll","background-type":"","background-media":"","overlay-type":"","overlay-color":"","overlay-opacity":"","overlay-gradient":""}}},"product_cat":[48],"product_tag":[],"class_list":["post-4020","product","type-product","status-publish","has-post-thumbnail","hentry","product_cat-sunkaraoke-dalok","desktop-align-left","tablet-align-left","mobile-align-left"],"_links":{"self":[{"href":"https:\/\/www.sunkaraoke.hu\/index.php\/wp-json\/wp\/v2\/product\/4020","targetHints":{"allow":["GET"]}}],"collection":[{"href":"https:\/\/www.sunkaraoke.hu\/index.php\/wp-json\/wp\/v2\/product"}],"about":[{"href":"https:\/\/www.sunkaraoke.hu\/index.php\/wp-json\/wp\/v2\/types\/product"}],"wp:featuredmedia":[{"embeddable":true,"href":"https:\/\/www.sunkaraoke.hu\/index.php\/wp-json\/wp\/v2\/media\/8715"}],"wp:attachment":[{"href":"https:\/\/www.sunkaraoke.hu\/index.php\/wp-json\/wp\/v2\/media?parent=4020"}],"wp:term":[{"taxonomy":"product_cat","embeddable":true,"href":"https:\/\/www.sunkaraoke.hu\/index.php\/wp-json\/wp\/v2\/product_cat?post=4020"},{"taxonomy":"product_tag","embeddable":true,"href":"https:\/\/www.sunkaraoke.hu\/index.php\/wp-json\/wp\/v2\/product_tag?post=4020"}],"curies":[{"name":"wp","href":"https:\/\/api.w.org\/{rel}","templated":true}]}}