{"id":3999,"date":"2022-08-08T20:47:00","date_gmt":"2022-08-08T20:47:00","guid":{"rendered":"https:\/\/www.sunkaraoke.hu\/index.php\/termek\/asos-attila-orok-szerelem\/"},"modified":"2025-04-09T16:40:32","modified_gmt":"2025-04-09T16:40:32","slug":"asos-attila-orok-szerelem","status":"publish","type":"product","link":"https:\/\/www.sunkaraoke.hu\/index.php\/termek\/asos-attila-orok-szerelem\/","title":{"rendered":"<div class=\"wcmp-player-container product-3999\"><audio controlslist=\"nodownload\" data-product=\"3999\"  volume=\"1\"  preload=\"none\" data-lazyloading=\"none\" class=\"wcmp-player track mejs-classic\" data-duration=\"0:34\" data-estimated_duration=\"4\"><source src=\"https:\/\/www.sunkaraoke.hu\/wp-content\/uploads\/2022\/08\/Orok-szerelem-SB-kdemoo.mp3\" type=\"audio\/mp3\" \/><\/audio><\/div>\u00c1s\u00f3s Attila &#8211; \u00d6r\u00f6k szerelem (Original)"},"content":{"rendered":"<p><strong>02:44<\/strong> | <strong><img loading=\"lazy\" decoding=\"async\" class=\"alignnone size-full wp-image-467\" src=\"https:\/\/www.sunkaraoke.hu\/wp-content\/uploads\/2022\/07\/choir_2-copy.webp\" alt=\"\" width=\"30\" height=\"30\" \/> <\/strong><\/p>\n","protected":false},"excerpt":{"rendered":"<h6><strong>Bits\u0171r\u0171s\u00e9g: 320<\/strong>kb\/s<strong><br \/>\n<\/strong><strong>Hossz: <\/strong>02:44<strong><br \/>\n<\/strong><strong style=\"font-size: 16px;\">Vok\u00e1lt tartalmaz: <\/strong>Nem <img loading=\"lazy\" decoding=\"async\" class=\"alignnone size-full wp-image-467\" src=\"http:\/\/www.sunkaraoke.hu\/wp-content\/uploads\/2022\/07\/choir_2-copy.png\" alt=\"\" width=\"30\" height=\"30\" \/><strong style=\"font-size: 16px;\"><br \/>\n<\/strong><\/h6>\n<p>Sunkaraoke mp3 st\u00fadi\u00f3 \/ www.sunkaraoke.hu \/ Inf: Tel: 06 20 4275001<\/p>\n<p>&#8212;Intr\u00f3&#8212;<br \/>\nFalevelet kerget,a hajnali sz\u00e9l,<br \/>\naz \u00e1lmos ablakon,bek\u00f6sz\u00f6n a f\u00e9ny.<br \/>\nCs\u00f6ndben n\u00e9zem ,hogy \u00e1lmot rajzol az arcodon,<br \/>\nOlyan boldog vagyok, hogy elmondani nem tudom.<\/p>\n<p>Egyetlen sz\u00f3,egy halk igen,<br \/>\nn\u00e9ha csendben szeretlek, n\u00e9ha sz\u00e1zszor mondom el.<br \/>\nEgyetlen sz\u00f3,egy halk igen,<br \/>\ncsillagok muzsik\u00e1lnak, sz\u00e1z angyal \u00e9nekel,<br \/>\n\u00e9s mind azt suttogj\u00e1k, a mi\u00e9nk \u00f6r\u00f6k szerelem.<br \/>\nS ha elszak\u00edt egyszer a v\u00e9gzet,<br \/>\nink\u00e1bb meghalok,mint n\u00e9lk\u00fcled \u00e9ljek!<br \/>\nS minden \u00e1tkozott lesz, mi t\u0151led sz\u00e9p lett.<br \/>\nEgyetlen sz\u00f3,egy halk igen,<br \/>\nn\u00e9ha csendben szeretlek, n\u00e9ha sz\u00e1zszor mondom el.<br \/>\nEgyetlen sz\u00f3,egy halk igen,<br \/>\ncsillagok muzsik\u00e1lnak, sz\u00e1z angyal \u00e9nekel,<br \/>\n\u00e9s mind azt suttogj\u00e1k, a mi\u00e9nk \u00f6r\u00f6k szerelem.<br \/>\n\u00d3h, \u00f3h, \u00f3h, \u00f6r\u00f6k szerelem!<br \/>\n&#8212;V\u00e9ge&#8212;<\/p>\n","protected":false},"featured_media":10082,"template":"","meta":{"site-sidebar-layout":"default","site-content-layout":"default","ast-site-content-layout":"default","site-content-style":"default","site-sidebar-style":"default","ast-global-header-display":"","ast-banner-title-visibility":"","ast-main-header-display":"","ast-hfb-above-header-display":"","ast-hfb-below-header-display":"","ast-hfb-mobile-header-display":"","site-post-title":"","ast-breadcrumbs-content":"","ast-featured-img":"","footer-sml-layout":"","theme-transparent-header-meta":"default","adv-header-id-meta":"","stick-header-meta":"","header-above-stick-meta":"","header-main-stick-meta":"","header-below-stick-meta":"","astra-migrate-meta-layouts":"set","ast-page-background-enabled":"default","ast-page-background-meta":{"desktop":{"background-color":"var(--ast-global-color-4)","background-image":"","background-repeat":"repeat","background-position":"center center","background-size":"auto","background-attachment":"scroll","background-type":"","background-media":"","overlay-type":"","overlay-color":"","overlay-opacity":"","overlay-gradient":""},"tablet":{"background-color":"","background-image":"","background-repeat":"repeat","background-position":"center center","background-size":"auto","background-attachment":"scroll","background-type":"","background-media":"","overlay-type":"","overlay-color":"","overlay-opacity":"","overlay-gradient":""},"mobile":{"background-color":"","background-image":"","background-repeat":"repeat","background-position":"center center","background-size":"auto","background-attachment":"scroll","background-type":"","background-media":"","overlay-type":"","overlay-color":"","overlay-opacity":"","overlay-gradient":""}},"ast-content-background-meta":{"desktop":{"background-color":"var(--ast-global-color-5)","background-image":"","background-repeat":"repeat","background-position":"center center","background-size":"auto","background-attachment":"scroll","background-type":"","background-media":"","overlay-type":"","overlay-color":"","overlay-opacity":"","overlay-gradient":""},"tablet":{"background-color":"var(--ast-global-color-5)","background-image":"","background-repeat":"repeat","background-position":"center center","background-size":"auto","background-attachment":"scroll","background-type":"","background-media":"","overlay-type":"","overlay-color":"","overlay-opacity":"","overlay-gradient":""},"mobile":{"background-color":"var(--ast-global-color-5)","background-image":"","background-repeat":"repeat","background-position":"center center","background-size":"auto","background-attachment":"scroll","background-type":"","background-media":"","overlay-type":"","overlay-color":"","overlay-opacity":"","overlay-gradient":""}}},"product_cat":[48],"product_tag":[],"class_list":["post-3999","product","type-product","status-publish","has-post-thumbnail","hentry","product_cat-sunkaraoke-dalok","desktop-align-left","tablet-align-left","mobile-align-left"],"_links":{"self":[{"href":"https:\/\/www.sunkaraoke.hu\/index.php\/wp-json\/wp\/v2\/product\/3999","targetHints":{"allow":["GET"]}}],"collection":[{"href":"https:\/\/www.sunkaraoke.hu\/index.php\/wp-json\/wp\/v2\/product"}],"about":[{"href":"https:\/\/www.sunkaraoke.hu\/index.php\/wp-json\/wp\/v2\/types\/product"}],"wp:featuredmedia":[{"embeddable":true,"href":"https:\/\/www.sunkaraoke.hu\/index.php\/wp-json\/wp\/v2\/media\/10082"}],"wp:attachment":[{"href":"https:\/\/www.sunkaraoke.hu\/index.php\/wp-json\/wp\/v2\/media?parent=3999"}],"wp:term":[{"taxonomy":"product_cat","embeddable":true,"href":"https:\/\/www.sunkaraoke.hu\/index.php\/wp-json\/wp\/v2\/product_cat?post=3999"},{"taxonomy":"product_tag","embeddable":true,"href":"https:\/\/www.sunkaraoke.hu\/index.php\/wp-json\/wp\/v2\/product_tag?post=3999"}],"curies":[{"name":"wp","href":"https:\/\/api.w.org\/{rel}","templated":true}]}}