{"id":3996,"date":"2022-08-08T20:47:00","date_gmt":"2022-08-08T20:47:00","guid":{"rendered":"https:\/\/www.sunkaraoke.hu\/index.php\/termek\/soltesz-rezso-oh-nem-nem\/"},"modified":"2025-04-09T16:37:33","modified_gmt":"2025-04-09T16:37:33","slug":"soltesz-rezso-oh-nem-nem","status":"publish","type":"product","link":"https:\/\/www.sunkaraoke.hu\/index.php\/termek\/soltesz-rezso-oh-nem-nem\/","title":{"rendered":"<div class=\"wcmp-player-container product-3996\"><audio controlslist=\"nodownload\" data-product=\"3996\"  volume=\"1\"  preload=\"none\" data-lazyloading=\"none\" class=\"wcmp-player track mejs-classic\" data-duration=\"0:36\" data-estimated_duration=\"4\"><source src=\"https:\/\/www.sunkaraoke.hu\/wp-content\/uploads\/2022\/08\/Oh-nem-nem-Tommydemooo.mp3\" type=\"audio\/mp3\" \/><\/audio><\/div>Solt\u00e9sz Rezs\u0151 &#8211; \u00d3h nem nem (Original Tommy Edition)"},"content":{"rendered":"<p><strong>03:58<\/strong> | <strong><img loading=\"lazy\" decoding=\"async\" class=\"alignnone size-full wp-image-467\" src=\"https:\/\/www.sunkaraoke.hu\/wp-content\/uploads\/2022\/07\/choir_2-copy.webp\" alt=\"\" width=\"30\" height=\"30\" \/> <\/strong><\/p>\n","protected":false},"excerpt":{"rendered":"<h6><strong>Bits\u0171r\u0171s\u00e9g: 320<\/strong>kb\/s<strong><br \/>\n<\/strong><strong>Hossz: <\/strong>03:58<strong><br \/>\n<\/strong><strong style=\"font-size: 16px;\">Vok\u00e1lt tartalmaz: <\/strong>Nem <img loading=\"lazy\" decoding=\"async\" class=\"alignnone size-full wp-image-467\" src=\"http:\/\/www.sunkaraoke.hu\/wp-content\/uploads\/2022\/07\/choir_2-copy.png\" alt=\"\" width=\"30\" height=\"30\" \/><strong style=\"font-size: 16px;\"><br \/>\n<\/strong><\/h6>\n<p>Sunkaraoke mp3 st\u00fadi\u00f3 \/ www.sunkaraoke.hu \/ Inf: Tel: 06 20 4275001<\/p>\n<p>&#8212;Intr\u00f3&#8212;<br \/>\nFelh\u00edvt\u00e1l, s k\u00e9rted, hogy l\u00e1ssuk egym\u00e1st,<br \/>\nnem j\u00f3kor sz\u00f3lt\u00e1l, mert volt n\u00e1lam m\u00e1s,<br \/>\n\u00f3h nem, nem, \u00f3 nem, nem.<br \/>\n\u0150 j\u00f3l ismert engem, \u00e9s tetszett nekem,<br \/>\nm\u00e9gis, \u00fagy \u00e9rzem, nem volt szerelem,<br \/>\n\u00f3h nem, nem, \u00f3 nem, nem.<br \/>\nAzt mondtam neked, hogy magam vagyok,<br \/>\nde r\u00e1j\u00f6tt\u00e9l, s t\u00f6bb\u00e9, nem hazudhatok,<br \/>\n\u00f3 nem, nem, \u00f3 nem, nem<br \/>\n\u00c9n bolondul hittem, hogy semmit, se l\u00e1tsz,<br \/>\nbocs\u00e1sd meg, k\u00e9rlek, nem lesz folytat\u00e1s,<br \/>\n\u00f3h nem, nem, \u00f3 nem, nem.<br \/>\nHidd el, \u00fagy v\u00e1rlak t\u00e9ged,<br \/>\n\u00e9s menn\u00e9k, ha k\u00e9red.<br \/>\nMert elv\u00e1lni t\u0151led,<br \/>\nbiztos \u00e9rzem, hogy nem megy.<br \/>\nMajd egyszer tal\u00e1n,<br \/>\nmegtal\u00e1lom helyem.<br \/>\nMajd egyszer tal\u00e1n megv\u00e1ltozom.<br \/>\n&#8212;Sz\u00f3l\u00f3&#8212;<br \/>\n\u00c9n gondoltam, elmondom mindezt neked,<br \/>\nde szemedben l\u00e1tom, hogy m\u00e1r nem hiszed,<br \/>\n\u00f3h nem, nem, \u00f3 nem, nem.<br \/>\nMost egyed\u00fcl vagy, \u00e9n is magam vagyok,<br \/>\ntudom, a d\u00f6nt\u00e9s nem k\u00f6nny\u0171 dolog,<br \/>\n\u00f3h nem, nem, \u00f3 nem, nem<br \/>\nHidd el, \u00fagy v\u00e1rlak t\u00e9ged,<br \/>\n\u00e9s menn\u00e9k, ha k\u00e9red.<br \/>\nMert elv\u00e1lni t\u0151led,<br \/>\nbiztos \u00e9rzem, hogy nem megy.<br \/>\nMajd egyszer tal\u00e1n,<br \/>\nmegtal\u00e1lom helyem.<br \/>\nMajd egyszer tal\u00e1n megv\u00e1ltozom.<br \/>\nHidd el, \u00fagy v\u00e1rlak t\u00e9ged,<br \/>\n\u00e9s menn\u00e9k, ha k\u00e9red.<br \/>\nMert elv\u00e1lni t\u0151led,<br \/>\nbiztos \u00e9rzem, hogy nem megy.<br \/>\nMajd egyszer tal\u00e1n,<br \/>\nmegtal\u00e1lom helyem.<br \/>\nMajd egyszer tal\u00e1n megv\u00e1ltozom.<\/p>\n<p>&#8212;V\u00e9ge&#8212;<\/p>\n","protected":false},"featured_media":10167,"template":"","meta":{"site-sidebar-layout":"default","site-content-layout":"default","ast-site-content-layout":"default","site-content-style":"default","site-sidebar-style":"default","ast-global-header-display":"","ast-banner-title-visibility":"","ast-main-header-display":"","ast-hfb-above-header-display":"","ast-hfb-below-header-display":"","ast-hfb-mobile-header-display":"","site-post-title":"","ast-breadcrumbs-content":"","ast-featured-img":"","footer-sml-layout":"","theme-transparent-header-meta":"default","adv-header-id-meta":"","stick-header-meta":"","header-above-stick-meta":"","header-main-stick-meta":"","header-below-stick-meta":"","astra-migrate-meta-layouts":"set","ast-page-background-enabled":"default","ast-page-background-meta":{"desktop":{"background-color":"var(--ast-global-color-4)","background-image":"","background-repeat":"repeat","background-position":"center center","background-size":"auto","background-attachment":"scroll","background-type":"","background-media":"","overlay-type":"","overlay-color":"","overlay-opacity":"","overlay-gradient":""},"tablet":{"background-color":"","background-image":"","background-repeat":"repeat","background-position":"center center","background-size":"auto","background-attachment":"scroll","background-type":"","background-media":"","overlay-type":"","overlay-color":"","overlay-opacity":"","overlay-gradient":""},"mobile":{"background-color":"","background-image":"","background-repeat":"repeat","background-position":"center center","background-size":"auto","background-attachment":"scroll","background-type":"","background-media":"","overlay-type":"","overlay-color":"","overlay-opacity":"","overlay-gradient":""}},"ast-content-background-meta":{"desktop":{"background-color":"var(--ast-global-color-5)","background-image":"","background-repeat":"repeat","background-position":"center center","background-size":"auto","background-attachment":"scroll","background-type":"","background-media":"","overlay-type":"","overlay-color":"","overlay-opacity":"","overlay-gradient":""},"tablet":{"background-color":"var(--ast-global-color-5)","background-image":"","background-repeat":"repeat","background-position":"center center","background-size":"auto","background-attachment":"scroll","background-type":"","background-media":"","overlay-type":"","overlay-color":"","overlay-opacity":"","overlay-gradient":""},"mobile":{"background-color":"var(--ast-global-color-5)","background-image":"","background-repeat":"repeat","background-position":"center center","background-size":"auto","background-attachment":"scroll","background-type":"","background-media":"","overlay-type":"","overlay-color":"","overlay-opacity":"","overlay-gradient":""}}},"product_cat":[48],"product_tag":[],"class_list":["post-3996","product","type-product","status-publish","has-post-thumbnail","hentry","product_cat-sunkaraoke-dalok","desktop-align-left","tablet-align-left","mobile-align-left"],"_links":{"self":[{"href":"https:\/\/www.sunkaraoke.hu\/index.php\/wp-json\/wp\/v2\/product\/3996","targetHints":{"allow":["GET"]}}],"collection":[{"href":"https:\/\/www.sunkaraoke.hu\/index.php\/wp-json\/wp\/v2\/product"}],"about":[{"href":"https:\/\/www.sunkaraoke.hu\/index.php\/wp-json\/wp\/v2\/types\/product"}],"wp:featuredmedia":[{"embeddable":true,"href":"https:\/\/www.sunkaraoke.hu\/index.php\/wp-json\/wp\/v2\/media\/10167"}],"wp:attachment":[{"href":"https:\/\/www.sunkaraoke.hu\/index.php\/wp-json\/wp\/v2\/media?parent=3996"}],"wp:term":[{"taxonomy":"product_cat","embeddable":true,"href":"https:\/\/www.sunkaraoke.hu\/index.php\/wp-json\/wp\/v2\/product_cat?post=3996"},{"taxonomy":"product_tag","embeddable":true,"href":"https:\/\/www.sunkaraoke.hu\/index.php\/wp-json\/wp\/v2\/product_tag?post=3996"}],"curies":[{"name":"wp","href":"https:\/\/api.w.org\/{rel}","templated":true}]}}