{"id":3918,"date":"2022-08-08T20:46:54","date_gmt":"2022-08-08T20:46:54","guid":{"rendered":"https:\/\/www.sunkaraoke.hu\/index.php\/termek\/zoral-meg-csak-14\/"},"modified":"2025-04-09T12:45:19","modified_gmt":"2025-04-09T12:45:19","slug":"zoral-meg-csak-14","status":"publish","type":"product","link":"https:\/\/www.sunkaraoke.hu\/index.php\/termek\/zoral-meg-csak-14\/","title":{"rendered":"<div class=\"wcmp-player-container product-3918\"><audio controlslist=\"nodownload\" data-product=\"3918\"  volume=\"1\"  preload=\"none\" data-lazyloading=\"none\" class=\"wcmp-player track mejs-classic\" data-duration=\"0:32\" data-estimated_duration=\"4\"><source src=\"https:\/\/www.sunkaraoke.hu\/wp-content\/uploads\/2022\/08\/O-meg-csak-14-SB-kdemo.mp3\" type=\"audio\/mp3\" \/><\/audio><\/div>Zoral &#8211; \u0150 m\u00e9g csak 14 (Original SB Edition)"},"content":{"rendered":"<p><strong>03:52<\/strong> | <strong><img loading=\"lazy\" decoding=\"async\" class=\"alignnone size-full wp-image-467\" src=\"https:\/\/www.sunkaraoke.hu\/wp-content\/uploads\/2022\/07\/choir_2-copy.webp\" alt=\"\" width=\"30\" height=\"30\" \/> <\/strong><\/p>\n","protected":false},"excerpt":{"rendered":"<h6><strong>Bits\u0171r\u0171s\u00e9g: 320 <\/strong>kb\/s<strong><br \/>\n<\/strong><strong>Hossz: <\/strong>03:52<strong><br \/>\n<\/strong><strong style=\"font-size: 16px;\">Vok\u00e1lt tartalmaz: <\/strong>Nem <img loading=\"lazy\" decoding=\"async\" class=\"alignnone size-full wp-image-467\" src=\"http:\/\/www.sunkaraoke.hu\/wp-content\/uploads\/2022\/07\/choir_2-copy.png\" alt=\"\" width=\"30\" height=\"30\" \/><strong style=\"font-size: 16px;\"><br \/>\n<\/strong><\/h6>\n<p>Sunkaraoke mp3 st\u00fadi\u00f3 \/ www.sunkaraoke.hu \/ Inf: Tel: 06 20 4275001<\/p>\n<p>&#8212;Intr\u00f3&#8212;<br \/>\nNev\u00e9t se tudom m\u00e9g, kez\u00e9t se fogom m\u00e9g,<br \/>\ncsak azt tudom, hogy \u0151 m\u00e9g csak most tizenn\u00e9gy.<br \/>\nA papa vigy\u00e1z r\u00e1, a mama vigy\u00e1z r\u00e1,<br \/>\nnem tudja mi v\u00e1r, mi v\u00e1r, mi v\u00e1r r\u00e1.<br \/>\n&#8212;Sz\u00f3l\u00f3&#8212;<br \/>\n\u00c9n nem is figyeln\u00e9k, \u00e9s nem is nevetn\u00e9k,<br \/>\n\u00f3h, ha nem tudn\u00e1m, hogy \u0151 m\u00e9g csak most tizenn\u00e9gy.<br \/>\nNem hisz a mes\u00e9ben, ez van a szem\u00e9ben,<br \/>\nnem tudni mi van, mi van a fej\u00e9ben.<\/p>\n<p>Nem neked val\u00f3 m\u00e9g az \u00e9jszaka,<br \/>\nsiess haza, v\u00e1r a mama!<br \/>\nHa k\u00e9s\u0151n \u00e9rsz haza, nincsen vacsora.<br \/>\n\u00d3h nincs vacsora.<br \/>\n&#8212;Sz\u00f3l\u00f3&#8212;<br \/>\nHi\u00e1ba keresn\u00e9d,hi\u00e1ba szeretn\u00e9d,<br \/>\nerre azt mondja, hogy \u0151 m\u00e9g csak most tizenn\u00e9gy.<br \/>\nHa egyszer megn\u00e9zed, tudja, hogy mi\u00e9rt n\u00e9zed,<br \/>\nnevetve tov\u00e1bb, tov\u00e1bb, tov\u00e1bbmegy.<\/p>\n<p>Nem neked val\u00f3 m\u00e9g az \u00e9jszaka,<br \/>\nsiess haza, v\u00e1r a mama!<br \/>\nHa k\u00e9s\u0151n \u00e9rsz haza, nincsen vacsora.<br \/>\n\u00f3h, jeh, jeh, jeh&#8230;..<br \/>\n&#8212;Sz\u00f3l\u00f3&#8212;-<\/p>\n<p>Nem neked val\u00f3 m\u00e9g az \u00e9jszaka,<br \/>\nsiess haza, v\u00e1r a mama!<br \/>\nHa k\u00e9s\u0151n \u00e9rsz haza, nincsen vacsora.<br \/>\n\u00f3h, jeh, jeh, jeh&#8230;..<br \/>\nNe n\u00e9zz r\u00e1m, ne n\u00e9zz r\u00e1m,<br \/>\nne n\u00e9zz, ne n\u00e9zz, ne n\u00e9zz r\u00e1m!<br \/>\nNe v\u00e1rj r\u00e1m, ne v\u00e1rj r\u00e1m,<br \/>\nne v\u00e1rj, ne v\u00e1rj, ne v\u00e1rj r\u00e1m!<br \/>\nNe n\u00e9zz r\u00e1m, ne n\u00e9zz r\u00e1m,<br \/>\nne n\u00e9zz, ne n\u00e9zz, ne n\u00e9zz r\u00e1m!<br \/>\nNe v\u00e1rj r\u00e1m, ne v\u00e1rj r\u00e1m,<br \/>\nne v\u00e1rj, ne v\u00e1rj, ne v\u00e1rj r\u00e1m!<br \/>\n&#8212;V\u00e9ge&#8212;<\/p>\n","protected":false},"featured_media":18180,"template":"","meta":{"site-sidebar-layout":"default","site-content-layout":"default","ast-site-content-layout":"default","site-content-style":"default","site-sidebar-style":"default","ast-global-header-display":"","ast-banner-title-visibility":"","ast-main-header-display":"","ast-hfb-above-header-display":"","ast-hfb-below-header-display":"","ast-hfb-mobile-header-display":"","site-post-title":"","ast-breadcrumbs-content":"","ast-featured-img":"","footer-sml-layout":"","theme-transparent-header-meta":"default","adv-header-id-meta":"","stick-header-meta":"","header-above-stick-meta":"","header-main-stick-meta":"","header-below-stick-meta":"","astra-migrate-meta-layouts":"set","ast-page-background-enabled":"default","ast-page-background-meta":{"desktop":{"background-color":"var(--ast-global-color-4)","background-image":"","background-repeat":"repeat","background-position":"center center","background-size":"auto","background-attachment":"scroll","background-type":"","background-media":"","overlay-type":"","overlay-color":"","overlay-opacity":"","overlay-gradient":""},"tablet":{"background-color":"","background-image":"","background-repeat":"repeat","background-position":"center center","background-size":"auto","background-attachment":"scroll","background-type":"","background-media":"","overlay-type":"","overlay-color":"","overlay-opacity":"","overlay-gradient":""},"mobile":{"background-color":"","background-image":"","background-repeat":"repeat","background-position":"center center","background-size":"auto","background-attachment":"scroll","background-type":"","background-media":"","overlay-type":"","overlay-color":"","overlay-opacity":"","overlay-gradient":""}},"ast-content-background-meta":{"desktop":{"background-color":"var(--ast-global-color-5)","background-image":"","background-repeat":"repeat","background-position":"center center","background-size":"auto","background-attachment":"scroll","background-type":"","background-media":"","overlay-type":"","overlay-color":"","overlay-opacity":"","overlay-gradient":""},"tablet":{"background-color":"var(--ast-global-color-5)","background-image":"","background-repeat":"repeat","background-position":"center center","background-size":"auto","background-attachment":"scroll","background-type":"","background-media":"","overlay-type":"","overlay-color":"","overlay-opacity":"","overlay-gradient":""},"mobile":{"background-color":"var(--ast-global-color-5)","background-image":"","background-repeat":"repeat","background-position":"center center","background-size":"auto","background-attachment":"scroll","background-type":"","background-media":"","overlay-type":"","overlay-color":"","overlay-opacity":"","overlay-gradient":""}}},"product_cat":[48],"product_tag":[],"class_list":["post-3918","product","type-product","status-publish","has-post-thumbnail","hentry","product_cat-sunkaraoke-dalok","desktop-align-left","tablet-align-left","mobile-align-left"],"_links":{"self":[{"href":"https:\/\/www.sunkaraoke.hu\/index.php\/wp-json\/wp\/v2\/product\/3918","targetHints":{"allow":["GET"]}}],"collection":[{"href":"https:\/\/www.sunkaraoke.hu\/index.php\/wp-json\/wp\/v2\/product"}],"about":[{"href":"https:\/\/www.sunkaraoke.hu\/index.php\/wp-json\/wp\/v2\/types\/product"}],"wp:featuredmedia":[{"embeddable":true,"href":"https:\/\/www.sunkaraoke.hu\/index.php\/wp-json\/wp\/v2\/media\/18180"}],"wp:attachment":[{"href":"https:\/\/www.sunkaraoke.hu\/index.php\/wp-json\/wp\/v2\/media?parent=3918"}],"wp:term":[{"taxonomy":"product_cat","embeddable":true,"href":"https:\/\/www.sunkaraoke.hu\/index.php\/wp-json\/wp\/v2\/product_cat?post=3918"},{"taxonomy":"product_tag","embeddable":true,"href":"https:\/\/www.sunkaraoke.hu\/index.php\/wp-json\/wp\/v2\/product_tag?post=3918"}],"curies":[{"name":"wp","href":"https:\/\/api.w.org\/{rel}","templated":true}]}}