{"id":3877,"date":"2022-08-08T20:46:51","date_gmt":"2022-08-08T20:46:51","guid":{"rendered":"https:\/\/www.sunkaraoke.hu\/index.php\/termek\/tilinger-attila-szeress-ugy-is-ha-rossz-vagyok-2\/"},"modified":"2025-04-09T11:07:21","modified_gmt":"2025-04-09T11:07:21","slug":"tilinger-attila-szeress-ugy-is-ha-rossz-vagyok-2","status":"publish","type":"product","link":"https:\/\/www.sunkaraoke.hu\/index.php\/termek\/tilinger-attila-szeress-ugy-is-ha-rossz-vagyok-2\/","title":{"rendered":"<div class=\"wcmp-player-container product-3877\"><audio controlslist=\"nodownload\" data-product=\"3877\"  volume=\"1\"  preload=\"none\" data-lazyloading=\"none\" class=\"wcmp-player track mejs-classic\" data-duration=\"0:32\" data-estimated_duration=\"4\"><source src=\"https:\/\/www.sunkaraoke.hu\/wp-content\/uploads\/2022\/08\/Szeress-ugy-is-Vocal-Tilinger-N-kademoo.mp3\" type=\"audio\/mp3\" \/><\/audio><\/div>Tilinger Attila &#8211; Szeress \u00fagy is ha rossz vagyok (Original Palika Edition)"},"content":{"rendered":"<p><strong>03:15<\/strong> | <strong><img loading=\"lazy\" decoding=\"async\" class=\"alignnone size-full wp-image-466\" src=\"https:\/\/www.sunkaraoke.hu\/wp-content\/uploads\/2022\/07\/choir_1-copy.webp\" alt=\"\" width=\"30\" height=\"30\" \/> <\/strong><\/p>\n","protected":false},"excerpt":{"rendered":"<h6><strong>Bits\u0171r\u0171s\u00e9g: 320<\/strong>kb\/s<strong><br \/>\n<\/strong><strong>Hossz: <\/strong>03:15<strong><br \/>\n<\/strong><strong style=\"font-size: 16px;\">Vok\u00e1lt tartalmaz: <\/strong>Igen <img loading=\"lazy\" decoding=\"async\" class=\"alignnone size-full wp-image-466\" src=\"http:\/\/www.sunkaraoke.hu\/wp-content\/uploads\/2022\/07\/choir_1-copy.png\" alt=\"\" width=\"30\" height=\"30\" \/><strong style=\"font-size: 16px;\"><br \/>\n<\/strong><\/h6>\n<p>Sunkaraoke mp3 st\u00fadi\u00f3 \/ www.sunkaraoke.hu \/ Inf: Tel: 06 20 4275001<\/p>\n<p>&#8212;Intr\u00f3&#8212;<br \/>\nA mes\u00e9k ut\u00e1n, csak p\u00e1r \u00e9v tal\u00e1n,<br \/>\nm\u00e1r sz\u00e9pp\u00e9 fakult, hogy rosszul tanult, egy gyermek.<br \/>\nM\u00e9g b\u00e1nt a sz\u00f3, \u00e9n nem voltam j\u00f3,<br \/>\nm\u00e9g most sem vagyok, vannak \u0151r\u00fclt napok, \u00e9s percek.<\/p>\n<p>Szeress \u00fagy is ha rossz vagyok,<br \/>\nezt majd mindig visszakapod,<br \/>\nszeress \u00fagy mint egy gyermeket,<br \/>\nhisz az vagyok.<br \/>\nSzeress \u00fagy is ha rossz vagyok,<br \/>\nvannak \u0151r\u00fclt pillanatok,<br \/>\nszeress \u00fagy ahogy itt vagyok, veled.<\/p>\n<p>K\u00e9s\u0151 ma m\u00e1r a mes\u00e9k ut\u00e1n,<br \/>\nhogy nem v\u00e1ltozom ezt t\u0151led tudom, nem megy.<br \/>\nVannak napok, hogy \u0151r\u00fclt vagyok,<br \/>\nde k\u00e9s\u0151 tal\u00e1n, maradok m\u00e1r, gyermek.<\/p>\n<p>Szeress \u00fagy is ha rossz vagyok,<br \/>\nezt majd mindig visszakapod,<br \/>\nszeress \u00fagy mint egy gyermeket,<br \/>\nhisz az vagyok.<br \/>\nSzeress \u00fagy is ha rossz vagyok,<br \/>\nvannak \u0151r\u00fclt pillanatok,<br \/>\nszeress \u00fagy ahogy itt vagyok, veled.<br \/>\n&#8212;Sz\u00f3l\u00f3&#8212;<\/p>\n<p>Szeress \u00fagy is ha rossz vagyok,<br \/>\nezt majd mindig visszakapod,<br \/>\nszeress \u00fagy mint egy gyermeket,<br \/>\nhisz az vagyok.<br \/>\nSzeress \u00fagy is ha rossz vagyok,<br \/>\nezt majd mindig visszakapod,<br \/>\nszeress \u00fagy mint egy gyermeket,<br \/>\nhisz az vagyok.<\/p>\n<p>Szeress \u00fagy is ha rossz vagyok,<br \/>\nvannak \u0151r\u00fclt pillanatok,<br \/>\nszeress \u00fagy ahogy itt vagyok, veled.<br \/>\n&#8212;V\u00e9ge&#8212;<\/p>\n","protected":false},"featured_media":18002,"template":"","meta":{"site-sidebar-layout":"default","site-content-layout":"default","ast-site-content-layout":"default","site-content-style":"default","site-sidebar-style":"default","ast-global-header-display":"","ast-banner-title-visibility":"","ast-main-header-display":"","ast-hfb-above-header-display":"","ast-hfb-below-header-display":"","ast-hfb-mobile-header-display":"","site-post-title":"","ast-breadcrumbs-content":"","ast-featured-img":"","footer-sml-layout":"","theme-transparent-header-meta":"default","adv-header-id-meta":"","stick-header-meta":"","header-above-stick-meta":"","header-main-stick-meta":"","header-below-stick-meta":"","astra-migrate-meta-layouts":"set","ast-page-background-enabled":"default","ast-page-background-meta":{"desktop":{"background-color":"var(--ast-global-color-4)","background-image":"","background-repeat":"repeat","background-position":"center center","background-size":"auto","background-attachment":"scroll","background-type":"","background-media":"","overlay-type":"","overlay-color":"","overlay-opacity":"","overlay-gradient":""},"tablet":{"background-color":"","background-image":"","background-repeat":"repeat","background-position":"center center","background-size":"auto","background-attachment":"scroll","background-type":"","background-media":"","overlay-type":"","overlay-color":"","overlay-opacity":"","overlay-gradient":""},"mobile":{"background-color":"","background-image":"","background-repeat":"repeat","background-position":"center center","background-size":"auto","background-attachment":"scroll","background-type":"","background-media":"","overlay-type":"","overlay-color":"","overlay-opacity":"","overlay-gradient":""}},"ast-content-background-meta":{"desktop":{"background-color":"var(--ast-global-color-5)","background-image":"","background-repeat":"repeat","background-position":"center center","background-size":"auto","background-attachment":"scroll","background-type":"","background-media":"","overlay-type":"","overlay-color":"","overlay-opacity":"","overlay-gradient":""},"tablet":{"background-color":"var(--ast-global-color-5)","background-image":"","background-repeat":"repeat","background-position":"center center","background-size":"auto","background-attachment":"scroll","background-type":"","background-media":"","overlay-type":"","overlay-color":"","overlay-opacity":"","overlay-gradient":""},"mobile":{"background-color":"var(--ast-global-color-5)","background-image":"","background-repeat":"repeat","background-position":"center center","background-size":"auto","background-attachment":"scroll","background-type":"","background-media":"","overlay-type":"","overlay-color":"","overlay-opacity":"","overlay-gradient":""}}},"product_cat":[48],"product_tag":[],"class_list":["post-3877","product","type-product","status-publish","has-post-thumbnail","hentry","product_cat-sunkaraoke-dalok","desktop-align-left","tablet-align-left","mobile-align-left"],"_links":{"self":[{"href":"https:\/\/www.sunkaraoke.hu\/index.php\/wp-json\/wp\/v2\/product\/3877","targetHints":{"allow":["GET"]}}],"collection":[{"href":"https:\/\/www.sunkaraoke.hu\/index.php\/wp-json\/wp\/v2\/product"}],"about":[{"href":"https:\/\/www.sunkaraoke.hu\/index.php\/wp-json\/wp\/v2\/types\/product"}],"wp:featuredmedia":[{"embeddable":true,"href":"https:\/\/www.sunkaraoke.hu\/index.php\/wp-json\/wp\/v2\/media\/18002"}],"wp:attachment":[{"href":"https:\/\/www.sunkaraoke.hu\/index.php\/wp-json\/wp\/v2\/media?parent=3877"}],"wp:term":[{"taxonomy":"product_cat","embeddable":true,"href":"https:\/\/www.sunkaraoke.hu\/index.php\/wp-json\/wp\/v2\/product_cat?post=3877"},{"taxonomy":"product_tag","embeddable":true,"href":"https:\/\/www.sunkaraoke.hu\/index.php\/wp-json\/wp\/v2\/product_tag?post=3877"}],"curies":[{"name":"wp","href":"https:\/\/api.w.org\/{rel}","templated":true}]}}