{"id":3875,"date":"2022-08-08T20:46:50","date_gmt":"2022-08-08T20:46:50","guid":{"rendered":"https:\/\/www.sunkaraoke.hu\/index.php\/termek\/dupla-kave-jegygyuru\/"},"modified":"2025-04-01T05:01:06","modified_gmt":"2025-04-01T05:01:06","slug":"dupla-kave-jegygyuru","status":"publish","type":"product","link":"https:\/\/www.sunkaraoke.hu\/index.php\/termek\/dupla-kave-jegygyuru\/","title":{"rendered":"<div class=\"wcmp-player-container product-3875\"><audio controlslist=\"nodownload\" data-product=\"3875\"  volume=\"1\"  preload=\"none\" data-lazyloading=\"none\" class=\"wcmp-player track mejs-classic\" data-duration=\"0:32\" data-estimated_duration=\"4\"><source src=\"https:\/\/www.sunkaraoke.hu\/wp-content\/uploads\/2022\/08\/Jeggyuru-N-kdemoo.mp3\" type=\"audio\/mp3\" \/><\/audio><\/div>Dupla K\u00e1v\u00e9 &#8211; Jegygy\u0171r\u0171 (Original)"},"content":{"rendered":"<p><strong>02:54<\/strong> | <strong><img loading=\"lazy\" decoding=\"async\" class=\"alignnone size-full wp-image-467\" src=\"https:\/\/www.sunkaraoke.hu\/wp-content\/uploads\/2022\/07\/choir_2-copy.webp\" alt=\"\" width=\"30\" height=\"30\" \/> <\/strong><\/p>\n","protected":false},"excerpt":{"rendered":"<h6><strong>Bits\u0171r\u0171s\u00e9g: 320<\/strong>kb\/s<strong><br \/>\n<\/strong><strong>Hossz: <\/strong>02:54<strong><br \/>\n<\/strong><strong style=\"font-size: 16px;\">Vok\u00e1lt tartalmaz: <\/strong>Nem <img loading=\"lazy\" decoding=\"async\" class=\"alignnone size-full wp-image-467\" src=\"http:\/\/www.sunkaraoke.hu\/wp-content\/uploads\/2022\/07\/choir_2-copy.png\" alt=\"\" width=\"30\" height=\"30\" \/><strong style=\"font-size: 16px;\"><br \/>\n<\/strong><\/h6>\n<p>Sunkaraoke mp3 st\u00fadi\u00f3 \/ www.sunkaraoke.hu \/ Inf: Tel: 06 20 4275001<\/p>\n<p>&#8212;Intr\u00f3&#8212;<br \/>\nK\u00e9rlek, most csendben, csak szemembe n\u00e9zz,<br \/>\nhallgasd mit s\u00fag es mir\u0151l mes\u00e9l.<br \/>\nJelk\u00e9p e gy\u0171r\u0171 sz\u00e9p szavak helyett,<br \/>\nfigyelj meghallod, mit \u00fczenek.<\/p>\n<p>E jeggy\u0171r\u0171vel eljegyezlek,<br \/>\nelmond mindent majd helyettem,<br \/>\n\u00e9rz\u00e9seket, gondolatot,<br \/>\nmit szavakba \u00f6nteni \u00e9n nem tudok.<br \/>\n&#8212;Sz\u00f3l\u00f3&#8212;<br \/>\nElmondja neked, hogy te vagy a f\u00e9ny,<br \/>\nbenned van minden l\u00e9tez\u0151 sz\u00e9p.<br \/>\nAz \u00f6sszes kincsem te lett\u00e9l,<br \/>\nszeretn\u00e9m, ha velem \u00e9ln\u00e9l.<\/p>\n<p>E jeggy\u0171r\u0171vel eljegyezlek,<br \/>\nelmond mindent majd helyettem,<br \/>\n\u00e9rz\u00e9seket, gondolatot,<br \/>\nmit szavakba \u00f6nteni \u00e9n nem tudok.<br \/>\n&#8212;Sz\u00f3l\u00f3&#8212;<br \/>\nJ\u00f3 \u00e9rz\u00e9s tudnom, hogy te is szeretsz,<br \/>\nboldogg\u00e1 teszel, ha velem nevetsz.<br \/>\nMegnyugtat engem, ha mellettem \u00e1llsz,<br \/>\nlegy\u0151z\u00fcnk mindent ,minden akad\u00e1lyt.<\/p>\n<p>E jeggy\u0171r\u0171vel eljegyezlek,<br \/>\nelmond mindent majd helyettem,<br \/>\n\u00e9rz\u00e9seket, gondolatot,<br \/>\nmit szavakba \u00f6nteni \u00e9n nem tudok.<br \/>\n&#8212;Sz\u00f3l\u00f3&#8212;<br \/>\nE jeggy\u0171r\u0171vel eljegyezlek,<br \/>\nelmond mindent majd helyettem,<br \/>\n\u00e9rz\u00e9seket, gondolatot,<br \/>\nmit szavakba \u00f6nteni \u00e9n nem tudok.<\/p>\n<p>E jeggy\u0171r\u0171vel eljegyezlek,<br \/>\nelmond mindent majd helyettem,<br \/>\n\u00e9rz\u00e9seket, gondolatot,<br \/>\nmit szavakba \u00f6nteni \u00e9n nem tudok.<\/p>\n<p>&#8212;V\u00e9ge&#8212;<\/p>\n","protected":false},"featured_media":8996,"template":"","meta":{"site-sidebar-layout":"default","site-content-layout":"default","ast-site-content-layout":"default","site-content-style":"default","site-sidebar-style":"default","ast-global-header-display":"","ast-banner-title-visibility":"","ast-main-header-display":"","ast-hfb-above-header-display":"","ast-hfb-below-header-display":"","ast-hfb-mobile-header-display":"","site-post-title":"","ast-breadcrumbs-content":"","ast-featured-img":"","footer-sml-layout":"","theme-transparent-header-meta":"default","adv-header-id-meta":"","stick-header-meta":"","header-above-stick-meta":"","header-main-stick-meta":"","header-below-stick-meta":"","astra-migrate-meta-layouts":"set","ast-page-background-enabled":"default","ast-page-background-meta":{"desktop":{"background-color":"var(--ast-global-color-4)","background-image":"","background-repeat":"repeat","background-position":"center center","background-size":"auto","background-attachment":"scroll","background-type":"","background-media":"","overlay-type":"","overlay-color":"","overlay-opacity":"","overlay-gradient":""},"tablet":{"background-color":"","background-image":"","background-repeat":"repeat","background-position":"center center","background-size":"auto","background-attachment":"scroll","background-type":"","background-media":"","overlay-type":"","overlay-color":"","overlay-opacity":"","overlay-gradient":""},"mobile":{"background-color":"","background-image":"","background-repeat":"repeat","background-position":"center center","background-size":"auto","background-attachment":"scroll","background-type":"","background-media":"","overlay-type":"","overlay-color":"","overlay-opacity":"","overlay-gradient":""}},"ast-content-background-meta":{"desktop":{"background-color":"var(--ast-global-color-5)","background-image":"","background-repeat":"repeat","background-position":"center center","background-size":"auto","background-attachment":"scroll","background-type":"","background-media":"","overlay-type":"","overlay-color":"","overlay-opacity":"","overlay-gradient":""},"tablet":{"background-color":"var(--ast-global-color-5)","background-image":"","background-repeat":"repeat","background-position":"center center","background-size":"auto","background-attachment":"scroll","background-type":"","background-media":"","overlay-type":"","overlay-color":"","overlay-opacity":"","overlay-gradient":""},"mobile":{"background-color":"var(--ast-global-color-5)","background-image":"","background-repeat":"repeat","background-position":"center center","background-size":"auto","background-attachment":"scroll","background-type":"","background-media":"","overlay-type":"","overlay-color":"","overlay-opacity":"","overlay-gradient":""}}},"product_cat":[48],"product_tag":[],"class_list":["post-3875","product","type-product","status-publish","has-post-thumbnail","hentry","product_cat-sunkaraoke-dalok","desktop-align-left","tablet-align-left","mobile-align-left"],"_links":{"self":[{"href":"https:\/\/www.sunkaraoke.hu\/index.php\/wp-json\/wp\/v2\/product\/3875","targetHints":{"allow":["GET"]}}],"collection":[{"href":"https:\/\/www.sunkaraoke.hu\/index.php\/wp-json\/wp\/v2\/product"}],"about":[{"href":"https:\/\/www.sunkaraoke.hu\/index.php\/wp-json\/wp\/v2\/types\/product"}],"wp:featuredmedia":[{"embeddable":true,"href":"https:\/\/www.sunkaraoke.hu\/index.php\/wp-json\/wp\/v2\/media\/8996"}],"wp:attachment":[{"href":"https:\/\/www.sunkaraoke.hu\/index.php\/wp-json\/wp\/v2\/media?parent=3875"}],"wp:term":[{"taxonomy":"product_cat","embeddable":true,"href":"https:\/\/www.sunkaraoke.hu\/index.php\/wp-json\/wp\/v2\/product_cat?post=3875"},{"taxonomy":"product_tag","embeddable":true,"href":"https:\/\/www.sunkaraoke.hu\/index.php\/wp-json\/wp\/v2\/product_tag?post=3875"}],"curies":[{"name":"wp","href":"https:\/\/api.w.org\/{rel}","templated":true}]}}