{"id":3869,"date":"2022-08-08T20:46:50","date_gmt":"2022-08-08T20:46:50","guid":{"rendered":"https:\/\/www.sunkaraoke.hu\/index.php\/termek\/jolly-jolly-joker-2012\/"},"modified":"2025-03-27T12:51:24","modified_gmt":"2025-03-27T12:51:24","slug":"jolly-jolly-joker-2012","status":"publish","type":"product","link":"https:\/\/www.sunkaraoke.hu\/index.php\/termek\/jolly-jolly-joker-2012\/","title":{"rendered":"<div class=\"wcmp-player-container product-3869\"><audio controlslist=\"nodownload\" data-product=\"3869\"  volume=\"1\"  preload=\"none\" data-lazyloading=\"none\" class=\"wcmp-player track mejs-classic\" data-duration=\"0:33\" data-estimated_duration=\"4\"><source src=\"https:\/\/www.sunkaraoke.hu\/wp-content\/uploads\/2022\/08\/Jolly-Joker-SB_demo.mp3\" type=\"audio\/mp3\" \/><\/audio><\/div>Jolly &#8211; Jolly Joker (Original)"},"content":{"rendered":"<p><strong>04:14<\/strong> | <strong><img loading=\"lazy\" decoding=\"async\" class=\"alignnone size-full wp-image-467\" src=\"https:\/\/www.sunkaraoke.hu\/wp-content\/uploads\/2022\/07\/choir_2-copy.webp\" alt=\"\" width=\"30\" height=\"30\" \/> <\/strong><\/p>\n","protected":false},"excerpt":{"rendered":"<h6>Bits\u0171r\u0171s\u00e9g: 320 kb\/s<br \/>\nHossz: 04:14<br \/>\nVok\u00e1lt tartalmaz: Nem <img loading=\"lazy\" decoding=\"async\" class=\"alignnone size-full wp-image-467\" src=\"http:\/\/www.sunkaraoke.hu\/wp-content\/uploads\/2022\/07\/choir_2-copy.png\" alt=\"\" width=\"30\" height=\"30\" \/><strong style=\"font-size: 16px;\"><br \/>\n<\/strong><\/h6>\n<p>Sunkaraoke mp3 st\u00fadi\u00f3 \/ www.sunkaraoke.hu \/ Inf: Tel: 06 20 4275001<\/p>\n<p>S\u00e1, n\u00e1, n\u00e1, n\u00e1, n\u00e1, n\u00e1, n\u00e1, n\u00e1, ,n\u00e1-&#8230;.<br \/>\nJolly jolly joker,a mindenem te lehetn\u00e9l.<\/p>\n<p>\u00dagy t\u00f6rt\u00e9l r\u00e1m,<br \/>\nmint a fergeteg,j\u00f3l felkavart\u00e1l.<br \/>\nSemmi m\u00e1s nem seg\u00edt,csak ha maradn\u00e1l.<br \/>\nSz\u00edvem, mint egy boldog \u00fajsz\u00fcl\u00f6tt,<br \/>\n\u00e9rted r\u00fagkap\u00e1l.<br \/>\nSenkinek nincs helye, melletted ma m\u00e1r.<\/p>\n<p>N\u00e1lam te Jolly jolly joker,<br \/>\nJolly jolly joker lehetn\u00e9l.<br \/>\n\u00dagy kellesz, Jolly jolly joker,<br \/>\nJolly jolly joker, szeress\u00e9l.<br \/>\nBiztos, hogy te vagy, csak te vagy,<br \/>\nki mindenkit p\u00f3tol,<br \/>\ngyere, na gyere,te legjobb a j\u00f3b\u00f3l,<br \/>\nJolly jolly joker,<br \/>\na mindenem te lehetn\u00e9l.<\/p>\n<p>Voltak sz\u00e9pek,voltak kedvesek,<br \/>\nmindenf\u00e9le volt.<br \/>\nMost a m\u00falt elt\u00fcnik,<br \/>\nmint ruh\u00e1mr\u00f3l a folt.<br \/>\nH\u00edrmond\u00f3nak senki nem marad,<br \/>\nnincs m\u00e1s megold\u00e1s.<br \/>\nItt maradsz kedvesem,nem kell senki m\u00e1s.<\/p>\n<p>&#8212;Sz\u00f3l\u00f3&#8212;<\/p>\n<p>\u00dagy t\u00f6rt\u00e9l r\u00e1m,<br \/>\nmint a fergeteg,j\u00f3l felkavart\u00e1l.<br \/>\nSemmi m\u00e1s nem seg\u00edt,csak ha maradn\u00e1l.<br \/>\nSz\u00edvem, mint egy boldog \u00fajsz\u00fcl\u00f6tt,<br \/>\n\u00e9rted r\u00fagkap\u00e1l.<br \/>\nSenkinek nincs helye, melletted ma m\u00e1r.<\/p>\n<p>N\u00e1lam te Jolly jolly joker,<br \/>\nJolly jolly joker lehetn\u00e9l.<br \/>\n\u00dagy kellesz, Jolly jolly joker,<br \/>\nJolly jolly joker, szeress\u00e9l.<br \/>\nBiztos, hogy te vagy, csak te vagy,<br \/>\nki mindenkit p\u00f3tol,<br \/>\ngyere, na gyere,te legjobb a j\u00f3b\u00f3l,<br \/>\nJolly jolly joker,<br \/>\na mindenem te lehetn\u00e9l.<br \/>\nVoltak sz\u00e9pek,voltak kedvesek,<br \/>\nmindenf\u00e9le volt.<br \/>\nMost a m\u00falt elt\u00fcnik,<br \/>\nmint ruh\u00e1mr\u00f3l a folt.<br \/>\nH\u00edrmond\u00f3nak senki nem marad,<br \/>\nnincs m\u00e1s megold\u00e1s.<br \/>\nItt maradsz kedvesem,nem kell senki m\u00e1s.<\/p>\n<p>N\u00e1lam te Jolly jolly joker,<br \/>\nJolly jolly joker lehetn\u00e9l.<br \/>\n\u00dagy kellesz, Jolly jolly joker,<br \/>\nJolly jolly joker, szeress\u00e9l.<br \/>\nBiztos, hogy te vagy, csak te vagy,<br \/>\nki mindenkit p\u00f3tol,<br \/>\ngyere, na gyere,te legjobb a j\u00f3b\u00f3l,<br \/>\nJolly jolly joker,<br \/>\na mindenem te lehetn\u00e9l.<\/p>\n<p>Jolly jolly joker,<br \/>\na mindenem te lehetn\u00e9l.<\/p>\n<p>&#8212;V\u00e9ge&#8212;<\/p>\n","protected":false},"featured_media":6147,"template":"","meta":{"site-sidebar-layout":"default","site-content-layout":"default","ast-site-content-layout":"default","site-content-style":"default","site-sidebar-style":"default","ast-global-header-display":"","ast-banner-title-visibility":"","ast-main-header-display":"","ast-hfb-above-header-display":"","ast-hfb-below-header-display":"","ast-hfb-mobile-header-display":"","site-post-title":"","ast-breadcrumbs-content":"","ast-featured-img":"","footer-sml-layout":"","theme-transparent-header-meta":"default","adv-header-id-meta":"","stick-header-meta":"","header-above-stick-meta":"","header-main-stick-meta":"","header-below-stick-meta":"","astra-migrate-meta-layouts":"set","ast-page-background-enabled":"default","ast-page-background-meta":{"desktop":{"background-color":"var(--ast-global-color-4)","background-image":"","background-repeat":"repeat","background-position":"center center","background-size":"auto","background-attachment":"scroll","background-type":"","background-media":"","overlay-type":"","overlay-color":"","overlay-opacity":"","overlay-gradient":""},"tablet":{"background-color":"","background-image":"","background-repeat":"repeat","background-position":"center center","background-size":"auto","background-attachment":"scroll","background-type":"","background-media":"","overlay-type":"","overlay-color":"","overlay-opacity":"","overlay-gradient":""},"mobile":{"background-color":"","background-image":"","background-repeat":"repeat","background-position":"center center","background-size":"auto","background-attachment":"scroll","background-type":"","background-media":"","overlay-type":"","overlay-color":"","overlay-opacity":"","overlay-gradient":""}},"ast-content-background-meta":{"desktop":{"background-color":"var(--ast-global-color-5)","background-image":"","background-repeat":"repeat","background-position":"center center","background-size":"auto","background-attachment":"scroll","background-type":"","background-media":"","overlay-type":"","overlay-color":"","overlay-opacity":"","overlay-gradient":""},"tablet":{"background-color":"var(--ast-global-color-5)","background-image":"","background-repeat":"repeat","background-position":"center center","background-size":"auto","background-attachment":"scroll","background-type":"","background-media":"","overlay-type":"","overlay-color":"","overlay-opacity":"","overlay-gradient":""},"mobile":{"background-color":"var(--ast-global-color-5)","background-image":"","background-repeat":"repeat","background-position":"center center","background-size":"auto","background-attachment":"scroll","background-type":"","background-media":"","overlay-type":"","overlay-color":"","overlay-opacity":"","overlay-gradient":""}}},"product_cat":[48],"product_tag":[],"class_list":["post-3869","product","type-product","status-publish","has-post-thumbnail","hentry","product_cat-sunkaraoke-dalok","desktop-align-left","tablet-align-left","mobile-align-left"],"_links":{"self":[{"href":"https:\/\/www.sunkaraoke.hu\/index.php\/wp-json\/wp\/v2\/product\/3869","targetHints":{"allow":["GET"]}}],"collection":[{"href":"https:\/\/www.sunkaraoke.hu\/index.php\/wp-json\/wp\/v2\/product"}],"about":[{"href":"https:\/\/www.sunkaraoke.hu\/index.php\/wp-json\/wp\/v2\/types\/product"}],"wp:featuredmedia":[{"embeddable":true,"href":"https:\/\/www.sunkaraoke.hu\/index.php\/wp-json\/wp\/v2\/media\/6147"}],"wp:attachment":[{"href":"https:\/\/www.sunkaraoke.hu\/index.php\/wp-json\/wp\/v2\/media?parent=3869"}],"wp:term":[{"taxonomy":"product_cat","embeddable":true,"href":"https:\/\/www.sunkaraoke.hu\/index.php\/wp-json\/wp\/v2\/product_cat?post=3869"},{"taxonomy":"product_tag","embeddable":true,"href":"https:\/\/www.sunkaraoke.hu\/index.php\/wp-json\/wp\/v2\/product_tag?post=3869"}],"curies":[{"name":"wp","href":"https:\/\/api.w.org\/{rel}","templated":true}]}}