{"id":3867,"date":"2022-08-08T20:46:50","date_gmt":"2022-08-08T20:46:50","guid":{"rendered":"https:\/\/www.sunkaraoke.hu\/index.php\/termek\/jolly-rumba-rumba-rumba\/"},"modified":"2025-03-27T12:24:30","modified_gmt":"2025-03-27T12:24:30","slug":"jolly-rumba-rumba-rumba","status":"publish","type":"product","link":"https:\/\/www.sunkaraoke.hu\/index.php\/termek\/jolly-rumba-rumba-rumba\/","title":{"rendered":"<div class=\"wcmp-player-container product-3867\"><audio controlslist=\"nodownload\" data-product=\"3867\"  volume=\"1\"  preload=\"none\" data-lazyloading=\"none\" class=\"wcmp-player track mejs-classic\" data-duration=\"0:31\" data-estimated_duration=\"4\"><source src=\"https:\/\/www.sunkaraoke.hu\/wp-content\/uploads\/2022\/08\/Rumba-rumba-N_demo.mp3\" type=\"audio\/mp3\" \/><\/audio><\/div>Jolly &#8211; Rumba, rumba, rumba (Original)"},"content":{"rendered":"<p><strong>03:43<\/strong> | <strong><img loading=\"lazy\" decoding=\"async\" class=\"alignnone size-full wp-image-467\" src=\"https:\/\/www.sunkaraoke.hu\/wp-content\/uploads\/2022\/07\/choir_2-copy.webp\" alt=\"\" width=\"30\" height=\"30\" \/> <\/strong><\/p>\n","protected":false},"excerpt":{"rendered":"<h6>Bits\u0171r\u0171s\u00e9g: 320 kb\/s<br \/>\nHossz: 03:43<br \/>\nVok\u00e1lt tartalmaz: Nem <img loading=\"lazy\" decoding=\"async\" class=\"alignnone size-full wp-image-467\" src=\"http:\/\/www.sunkaraoke.hu\/wp-content\/uploads\/2022\/07\/choir_2-copy.png\" alt=\"\" width=\"30\" height=\"30\" \/><strong style=\"font-size: 16px;\"><br \/>\n<\/strong><\/h6>\n<p>Sunkaraoke mp3 st\u00fadi\u00f3 \/ www.sunkaraoke.hu \/ Inf: Tel: 06 20 4275001<\/p>\n<p>&#8212;Intr\u00f3&#8212;<br \/>\nRumba, rumba, rumba&#8230;..<br \/>\nRumba, rumba, rumba&#8230;..<br \/>\nRumba, rumba, rumba,&#8230;. t\u00e1ncolj velem \u00fajra.<br \/>\nRumba, rumba, rumba&#8230;..<br \/>\nRumba, rumba, rumba&#8230;..<br \/>\nElmegyek mulatni ma \u00e9jszaka,<br \/>\negy h\u00e9tig tuti nem megyek haza.<br \/>\n\u00c1tt\u00e1ncolom az eg\u00e9sz \u00e9jszak\u00e1t,<br \/>\nkimulatom a sz\u00edvem b\u00e1nat\u00e1t.<br \/>\nR\u00e1zd meg a testedet, ny\u00edsd ki a sz\u00edvedet,<br \/>\nna gyere b\u00fajj mell\u00e9m \u00e9s cs\u00f3lkold meg a sz\u00e1m.<br \/>\nTudod hogy akarom, csak veled akarom,<br \/>\nt\u00e1ncolj most \u00e9nvelem \u00e9s \u00fajra legyen ny\u00e1r.<\/p>\n<p>Rumba, rumba, rumba, t\u00e1ncolj velem \u00fajra,<br \/>\nny\u00e1r van a sz\u00edvemben, boldog az \u00e9letem.<br \/>\nRumba, rumba, rumba, t\u00e1ncolj velem \u00fajra,<br \/>\nhogy mondjam el neked, csak t\u00e9ged szeretlek.<\/p>\n<p>Rumba, rumba, rumba, t\u00e1ncolj velem \u00fajra,<br \/>\n\u00e9rezd hogy elveszek, ha engem nem szeretsz.<br \/>\nRumba, rumba, rumba, t\u00e1ncolj velem \u00fajra,<br \/>\nny\u00e1r van a sz\u00edvemben, csak t\u00e9ged szeretlek.<br \/>\n&#8212;Sz\u00f3l\u00f3&#8212;-<br \/>\nElmegyek mulatni ma \u00e9jszaka,<br \/>\negy h\u00e9tig tuti nem megyek haza.<br \/>\n\u00c1tt\u00e1ncolom az eg\u00e9sz \u00e9jszak\u00e1t,<br \/>\nkimulatom a sz\u00edvem b\u00e1nat\u00e1t.<br \/>\nR\u00e1zd meg a testedet, ny\u00edsd ki a sz\u00edvedet,<br \/>\nna gyere b\u00fajj mell\u00e9m \u00e9s cs\u00f3lkold meg a sz\u00e1m.<br \/>\nTudod hogy akarom, csak veled akarom,<br \/>\nt\u00e1ncolj most \u00e9nvelem \u00e9s \u00fajra legyen ny\u00e1r.<\/p>\n<p>Rumba, rumba, rumba, t\u00e1ncolj velem \u00fajra,<br \/>\nny\u00e1r van a sz\u00edvemben, boldog az \u00e9letem.<br \/>\nRumba, rumba, rumba, t\u00e1ncolj velem \u00fajra,<br \/>\nhogy mondjam el neked, csak t\u00e9ged szeretlek.<\/p>\n<p>Rumba, rumba, rumba, t\u00e1ncolj velem \u00fajra,<br \/>\n\u00e9rezd hogy elveszek, ha engem nem szeretsz.<br \/>\nRumba, rumba, rumba, t\u00e1ncolj velem \u00fajra,<br \/>\nny\u00e1r van a sz\u00edvemben, csak t\u00e9ged szeretlek.<br \/>\nRumba, rumba, rumba&#8230;..<br \/>\n&#8212;V\u00e9ge&#8212;<\/p>\n","protected":false},"featured_media":6147,"template":"","meta":{"site-sidebar-layout":"default","site-content-layout":"default","ast-site-content-layout":"default","site-content-style":"default","site-sidebar-style":"default","ast-global-header-display":"","ast-banner-title-visibility":"","ast-main-header-display":"","ast-hfb-above-header-display":"","ast-hfb-below-header-display":"","ast-hfb-mobile-header-display":"","site-post-title":"","ast-breadcrumbs-content":"","ast-featured-img":"","footer-sml-layout":"","theme-transparent-header-meta":"default","adv-header-id-meta":"","stick-header-meta":"","header-above-stick-meta":"","header-main-stick-meta":"","header-below-stick-meta":"","astra-migrate-meta-layouts":"set","ast-page-background-enabled":"default","ast-page-background-meta":{"desktop":{"background-color":"var(--ast-global-color-4)","background-image":"","background-repeat":"repeat","background-position":"center center","background-size":"auto","background-attachment":"scroll","background-type":"","background-media":"","overlay-type":"","overlay-color":"","overlay-opacity":"","overlay-gradient":""},"tablet":{"background-color":"","background-image":"","background-repeat":"repeat","background-position":"center center","background-size":"auto","background-attachment":"scroll","background-type":"","background-media":"","overlay-type":"","overlay-color":"","overlay-opacity":"","overlay-gradient":""},"mobile":{"background-color":"","background-image":"","background-repeat":"repeat","background-position":"center center","background-size":"auto","background-attachment":"scroll","background-type":"","background-media":"","overlay-type":"","overlay-color":"","overlay-opacity":"","overlay-gradient":""}},"ast-content-background-meta":{"desktop":{"background-color":"var(--ast-global-color-5)","background-image":"","background-repeat":"repeat","background-position":"center center","background-size":"auto","background-attachment":"scroll","background-type":"","background-media":"","overlay-type":"","overlay-color":"","overlay-opacity":"","overlay-gradient":""},"tablet":{"background-color":"var(--ast-global-color-5)","background-image":"","background-repeat":"repeat","background-position":"center center","background-size":"auto","background-attachment":"scroll","background-type":"","background-media":"","overlay-type":"","overlay-color":"","overlay-opacity":"","overlay-gradient":""},"mobile":{"background-color":"var(--ast-global-color-5)","background-image":"","background-repeat":"repeat","background-position":"center center","background-size":"auto","background-attachment":"scroll","background-type":"","background-media":"","overlay-type":"","overlay-color":"","overlay-opacity":"","overlay-gradient":""}}},"product_cat":[48],"product_tag":[],"class_list":["post-3867","product","type-product","status-publish","has-post-thumbnail","hentry","product_cat-sunkaraoke-dalok","desktop-align-left","tablet-align-left","mobile-align-left"],"_links":{"self":[{"href":"https:\/\/www.sunkaraoke.hu\/index.php\/wp-json\/wp\/v2\/product\/3867","targetHints":{"allow":["GET"]}}],"collection":[{"href":"https:\/\/www.sunkaraoke.hu\/index.php\/wp-json\/wp\/v2\/product"}],"about":[{"href":"https:\/\/www.sunkaraoke.hu\/index.php\/wp-json\/wp\/v2\/types\/product"}],"wp:featuredmedia":[{"embeddable":true,"href":"https:\/\/www.sunkaraoke.hu\/index.php\/wp-json\/wp\/v2\/media\/6147"}],"wp:attachment":[{"href":"https:\/\/www.sunkaraoke.hu\/index.php\/wp-json\/wp\/v2\/media?parent=3867"}],"wp:term":[{"taxonomy":"product_cat","embeddable":true,"href":"https:\/\/www.sunkaraoke.hu\/index.php\/wp-json\/wp\/v2\/product_cat?post=3867"},{"taxonomy":"product_tag","embeddable":true,"href":"https:\/\/www.sunkaraoke.hu\/index.php\/wp-json\/wp\/v2\/product_tag?post=3867"}],"curies":[{"name":"wp","href":"https:\/\/api.w.org\/{rel}","templated":true}]}}