{"id":3859,"date":"2022-08-08T20:46:49","date_gmt":"2022-08-08T20:46:49","guid":{"rendered":"https:\/\/www.sunkaraoke.hu\/index.php\/termek\/tajtiboy-szerencset-boldogsagot\/"},"modified":"2025-04-09T09:27:51","modified_gmt":"2025-04-09T09:27:51","slug":"tajtiboy-szerencset-boldogsagot","status":"publish","type":"product","link":"https:\/\/www.sunkaraoke.hu\/index.php\/termek\/tajtiboy-szerencset-boldogsagot\/","title":{"rendered":"<div class=\"wcmp-player-container product-3859\"><audio controlslist=\"nodownload\" data-product=\"3859\"  volume=\"1\"  preload=\"none\" data-lazyloading=\"none\" class=\"wcmp-player track mejs-classic\" data-duration=\"0:33\" data-estimated_duration=\"4\"><source src=\"https:\/\/www.sunkaraoke.hu\/wp-content\/uploads\/2022\/08\/Szerencset-boldogsagot-Vocal-N-demooo.mp3\" type=\"audio\/mp3\" \/><\/audio><\/div>Tajtiboy &#8211; Szerencs\u00e9t boldogs\u00e1got (Original)"},"content":{"rendered":"<p><strong>03:40<\/strong> | <strong><img loading=\"lazy\" decoding=\"async\" class=\"alignnone size-full wp-image-466\" src=\"https:\/\/www.sunkaraoke.hu\/wp-content\/uploads\/2022\/07\/choir_1-copy.webp\" alt=\"\" width=\"30\" height=\"30\" \/> <\/strong><\/p>\n","protected":false},"excerpt":{"rendered":"<h6><strong>Bits\u0171r\u0171s\u00e9g: 320<\/strong>kb\/s<strong><br \/>\n<\/strong><strong>Hossz: <\/strong>03:40<strong><br \/>\n<\/strong><strong style=\"font-size: 16px;\">Vok\u00e1lt tartalmaz: <\/strong>Igen <img loading=\"lazy\" decoding=\"async\" class=\"alignnone size-full wp-image-466\" src=\"http:\/\/www.sunkaraoke.hu\/wp-content\/uploads\/2022\/07\/choir_1-copy.png\" alt=\"\" width=\"30\" height=\"30\" \/><strong style=\"font-size: 16px;\"><br \/>\n<\/strong><\/h6>\n<p>Sunkaraoke mp3 st\u00fadi\u00f3 \/ www.sunkaraoke.hu \/ Inf: Tel: 06 20 4275001<\/p>\n<p>&#8212;Intr\u00f3&#8212;<br \/>\nMulatnak a rom\u00e1k Berhid\u00e1n, zs\u00e1m-m\u00e1-m\u00e1-m\u00f3,<br \/>\nnyomatj\u00e1k a whyskit a p\u00e1link\u00e1t zs\u00e1m-m\u00e1-m\u00e1-m\u00f3.<br \/>\nSzerencs\u00e9t boldogs\u00e1got, nagy nagy gazdags\u00e1got,<br \/>\nerre igyunk testv\u00e9r ne sajn\u00e1ld, gyere ne sajn\u00e1ld!<br \/>\nSzerencs\u00e9t boldogs\u00e1got, nagy nagy gazdags\u00e1got,<br \/>\nerre igyunk testv\u00e9r ne sajn\u00e1ld, gyere ne sajn\u00e1ld!<\/p>\n<p>\u00c1ldott legyen boldog a csal\u00e1d, zs\u00e1m-m\u00e1-m\u00e1-m\u00f3,<br \/>\na milli\u00f3k\u00e9rt meg ne dolgozz\u00e1l, ne dolgozz\u00e1l.<br \/>\nSzerencs\u00e9t boldogs\u00e1got, nagy nagy gazdags\u00e1got,<br \/>\nerre igyunk testv\u00e9r ne sajn\u00e1ld, gyere ne sajn\u00e1ld!<br \/>\nSzerencs\u00e9t boldogs\u00e1got, fullos gazdags\u00e1got<br \/>\nerre igyunk testv\u00e9r ne sajn\u00e1ld, gyere ne sajn\u00e1ld!<br \/>\nEmeletes, fullos palot\u00e1t,zs\u00e1m-m\u00e1-m\u00e1-m\u00f3,<br \/>\na rolls-rolls legyen a legrosszabb verd\u00e1d zs\u00e1m-m\u00e1-m\u00e1-m\u00f3.<br \/>\nSzerencs\u00e9t boldogs\u00e1got, nagy nagy gazdags\u00e1got,<br \/>\nerre igyunk testv\u00e9r ne sajn\u00e1ld, gyere ne sajn\u00e1ld!<br \/>\nSzerencs\u00e9t boldogs\u00e1got, fullos gazdags\u00e1got,<br \/>\nerre igyunk testv\u00e9r ne sajn\u00e1ld, gyere ne sajn\u00e1ld!<br \/>\n&#8212;Sz\u00f3l\u00f3&#8212;<br \/>\nEmeletes, fullos palot\u00e1t,zs\u00e1m-m\u00e1-m\u00e1-m\u00f3,<br \/>\na rolls-rolls legyen a legrosszabb verd\u00e1d zs\u00e1m-m\u00e1-m\u00e1-m\u00f3.<br \/>\nSzerencs\u00e9t boldogs\u00e1got, nagy nagy gazdags\u00e1got,<br \/>\nerre igyunk testv\u00e9r ne sajn\u00e1ld, gyere ne sajn\u00e1ld!<br \/>\nSzerencs\u00e9t boldogs\u00e1got, fullos gazdags\u00e1got,<br \/>\nerre igyunk testv\u00e9r ne sajn\u00e1ld, gyere ne sajn\u00e1ld!<\/p>\n<p>\u00c1ldott legyen boldog a csal\u00e1d, zs\u00e1m-m\u00e1-m\u00e1-m\u00f3,<br \/>\na milli\u00f3k\u00e9rt meg ne dolgozz\u00e1l, ne dolgozz\u00e1l.<br \/>\nSzerencs\u00e9t boldogs\u00e1got, nagy nagy gazdags\u00e1got,<br \/>\nerre igyunk testv\u00e9r ne sajn\u00e1ld, gyere ne sajn\u00e1ld!<br \/>\nSzerencs\u00e9t boldogs\u00e1got, fullos gazdags\u00e1got,<br \/>\nerre igyunk testv\u00e9r ne sajn\u00e1ld, gyere ne sajn\u00e1ld!<br \/>\nErre igyunk testv\u00e9r ne sajn\u00e1ld, gyere ne sajn\u00e1ld!<br \/>\n&#8212;V\u00e9ge&#8212;<\/p>\n","protected":false},"featured_media":9020,"template":"","meta":{"site-sidebar-layout":"default","site-content-layout":"default","ast-site-content-layout":"default","site-content-style":"default","site-sidebar-style":"default","ast-global-header-display":"","ast-banner-title-visibility":"","ast-main-header-display":"","ast-hfb-above-header-display":"","ast-hfb-below-header-display":"","ast-hfb-mobile-header-display":"","site-post-title":"","ast-breadcrumbs-content":"","ast-featured-img":"","footer-sml-layout":"","theme-transparent-header-meta":"default","adv-header-id-meta":"","stick-header-meta":"","header-above-stick-meta":"","header-main-stick-meta":"","header-below-stick-meta":"","astra-migrate-meta-layouts":"set","ast-page-background-enabled":"default","ast-page-background-meta":{"desktop":{"background-color":"var(--ast-global-color-4)","background-image":"","background-repeat":"repeat","background-position":"center center","background-size":"auto","background-attachment":"scroll","background-type":"","background-media":"","overlay-type":"","overlay-color":"","overlay-opacity":"","overlay-gradient":""},"tablet":{"background-color":"","background-image":"","background-repeat":"repeat","background-position":"center center","background-size":"auto","background-attachment":"scroll","background-type":"","background-media":"","overlay-type":"","overlay-color":"","overlay-opacity":"","overlay-gradient":""},"mobile":{"background-color":"","background-image":"","background-repeat":"repeat","background-position":"center center","background-size":"auto","background-attachment":"scroll","background-type":"","background-media":"","overlay-type":"","overlay-color":"","overlay-opacity":"","overlay-gradient":""}},"ast-content-background-meta":{"desktop":{"background-color":"var(--ast-global-color-5)","background-image":"","background-repeat":"repeat","background-position":"center center","background-size":"auto","background-attachment":"scroll","background-type":"","background-media":"","overlay-type":"","overlay-color":"","overlay-opacity":"","overlay-gradient":""},"tablet":{"background-color":"var(--ast-global-color-5)","background-image":"","background-repeat":"repeat","background-position":"center center","background-size":"auto","background-attachment":"scroll","background-type":"","background-media":"","overlay-type":"","overlay-color":"","overlay-opacity":"","overlay-gradient":""},"mobile":{"background-color":"var(--ast-global-color-5)","background-image":"","background-repeat":"repeat","background-position":"center center","background-size":"auto","background-attachment":"scroll","background-type":"","background-media":"","overlay-type":"","overlay-color":"","overlay-opacity":"","overlay-gradient":""}}},"product_cat":[48],"product_tag":[],"class_list":["post-3859","product","type-product","status-publish","has-post-thumbnail","hentry","product_cat-sunkaraoke-dalok","desktop-align-left","tablet-align-left","mobile-align-left"],"_links":{"self":[{"href":"https:\/\/www.sunkaraoke.hu\/index.php\/wp-json\/wp\/v2\/product\/3859","targetHints":{"allow":["GET"]}}],"collection":[{"href":"https:\/\/www.sunkaraoke.hu\/index.php\/wp-json\/wp\/v2\/product"}],"about":[{"href":"https:\/\/www.sunkaraoke.hu\/index.php\/wp-json\/wp\/v2\/types\/product"}],"wp:featuredmedia":[{"embeddable":true,"href":"https:\/\/www.sunkaraoke.hu\/index.php\/wp-json\/wp\/v2\/media\/9020"}],"wp:attachment":[{"href":"https:\/\/www.sunkaraoke.hu\/index.php\/wp-json\/wp\/v2\/media?parent=3859"}],"wp:term":[{"taxonomy":"product_cat","embeddable":true,"href":"https:\/\/www.sunkaraoke.hu\/index.php\/wp-json\/wp\/v2\/product_cat?post=3859"},{"taxonomy":"product_tag","embeddable":true,"href":"https:\/\/www.sunkaraoke.hu\/index.php\/wp-json\/wp\/v2\/product_tag?post=3859"}],"curies":[{"name":"wp","href":"https:\/\/api.w.org\/{rel}","templated":true}]}}