{"id":3854,"date":"2022-08-08T20:46:49","date_gmt":"2022-08-08T20:46:49","guid":{"rendered":"https:\/\/www.sunkaraoke.hu\/index.php\/termek\/zseda-ajtok-mogott\/"},"modified":"2025-04-09T09:13:54","modified_gmt":"2025-04-09T09:13:54","slug":"zseda-ajtok-mogott","status":"publish","type":"product","link":"https:\/\/www.sunkaraoke.hu\/index.php\/termek\/zseda-ajtok-mogott\/","title":{"rendered":"<div class=\"wcmp-player-container product-3854\"><audio controlslist=\"nodownload\" data-product=\"3854\"  volume=\"1\"  preload=\"none\" data-lazyloading=\"none\" class=\"wcmp-player track mejs-classic\" data-duration=\"0:37\" data-estimated_duration=\"4\"><source src=\"https:\/\/www.sunkaraoke.hu\/wp-content\/uploads\/2022\/08\/Ajtok-mogott-SB.-kademooo.mp3\" type=\"audio\/mp3\" \/><\/audio><\/div>Zs\u00e9da &#8211; Ajt\u00f3k m\u00f6g\u00f6tt (Original)"},"content":{"rendered":"<p><strong>04:08<\/strong> | <strong><img loading=\"lazy\" decoding=\"async\" class=\"alignnone size-full wp-image-467\" src=\"https:\/\/www.sunkaraoke.hu\/wp-content\/uploads\/2022\/07\/choir_2-copy.webp\" alt=\"\" width=\"30\" height=\"30\" \/> <\/strong><\/p>\n","protected":false},"excerpt":{"rendered":"<h6><strong>Bits\u0171r\u0171s\u00e9g: 320<\/strong>kb\/s<strong><br \/>\n<\/strong><strong>Hossz: <\/strong>04:08<strong><br \/>\n<\/strong><strong style=\"font-size: 16px;\">Vok\u00e1lt tartalmaz: <\/strong>Nem <img loading=\"lazy\" decoding=\"async\" class=\"alignnone size-full wp-image-467\" src=\"http:\/\/www.sunkaraoke.hu\/wp-content\/uploads\/2022\/07\/choir_2-copy.png\" alt=\"\" width=\"30\" height=\"30\" \/><strong style=\"font-size: 16px;\"><br \/>\n<\/strong><\/h6>\n<p>Sunkaraoke mp3 st\u00fadi\u00f3 \/ www.sunkaraoke.hu \/ Inf: Tel: 06 20 4275001<\/p>\n<p>&#8212;Intr\u00f3&#8212;<br \/>\nN\u00e9zd, a f\u00e9nyk\u00e9p \u00e1lmot rejt,<br \/>\negy cs\u00f3k, egy ny\u00e1r, egy kert,<br \/>\nmost l\u00e1ngban \u00e1ll\u00f3 m\u00falt.<br \/>\nN\u00e9zd, mint napf\u00e9ny hercegn\u0151,<br \/>\nszemedben hit, rem\u00e9ny, er\u0151,<br \/>\nma sz\u00f6rny\u0171 \u00e1tok s\u00fajt.<\/p>\n<p>Fogy az id\u0151, bez\u00e1r egy ajt\u00f3,<br \/>\ntitok a v\u00e9r, a k\u00f6nny, a jajsz\u00f3.<br \/>\n\u00d6lel a b\u0171n, a cs\u00f3kja fullaszt,<br \/>\nlegyen er\u0151d, vagy el sem b\u00fajhatsz m\u00e1r, soha tal\u00e1n,<br \/>\nitt sz\u00e1z rem\u00e9nyed m\u00e1gly\u00e1n \u00e9g,<br \/>\nez a t\u0171z sz\u00e9tt\u00e9p, vagy elsz\u00f6ksz m\u00e1r,<br \/>\nvagy elmer\u0171l a ny\u00e1r.<\/p>\n<p>F\u00e9lsz, \u00e9s f\u00e9nyed halv\u00e1ny l\u00e1ng,<br \/>\na sz\u00edved sz\u00e1z szil\u00e1nk,<br \/>\nde lesz, ki \u00f3v \u00e9s v\u00e9d.<br \/>\nCsak sz\u00f3lj,<br \/>\na cinkos cs\u00f6nd kirabol,<br \/>\na sorsod m\u00e1sr\u00f3l sz\u00f3l,<br \/>\nlesz \u00faj vil\u00e1god m\u00e9g.<\/p>\n<p>Fogy az id\u0151, bez\u00e1r egy ajt\u00f3,<br \/>\ntitok a v\u00e9r, a k\u00f6nny, a jajsz\u00f3.<br \/>\n\u00d6lel a b\u0171n, a cs\u00f3kja fullaszt,<br \/>\nlegyen er\u0151d, vagy el sem b\u00fajhatsz m\u00e1r, soha tal\u00e1n,<br \/>\nitt sz\u00e1z rem\u00e9nyed m\u00e1gly\u00e1n \u00e9g,<br \/>\nez a t\u0171z sz\u00e9tt\u00e9p, vagy elsz\u00f6ksz m\u00e1r,<br \/>\nvagy elmer\u0171l a ny\u00e1r.<br \/>\n&#8212;Sz\u00f3l\u00f3&#8212;<br \/>\nS\u00edrsz, \u00e1larc m\u00e9ly\u00e9n s\u00edrsz,<br \/>\nvil\u00e1g v\u00e9g\u00e9t h\u00edvsz,<br \/>\ncsoda nincs, csak sz\u00e9p \u00e9s j\u00f3,<br \/>\nvan a f\u00e9ny, a gy\u00f3gy\u00edt\u00f3, \u00e9rezned kell!<\/p>\n<p>Fogy az id\u0151, bez\u00e1r egy ajt\u00f3,<br \/>\ntitok a v\u00e9r, a k\u00f6nny, a jajsz\u00f3.<br \/>\n\u00d6lel a b\u0171n, a cs\u00f3kja fullaszt,<br \/>\nlegyen er\u0151d, vagy el sem b\u00fajhatsz m\u00e1r, soha tal\u00e1n,<br \/>\nitt sz\u00e1z rem\u00e9nyed m\u00e1gly\u00e1n \u00e9g,<br \/>\nez a t\u0171z sz\u00e9tt\u00e9p, vagy elsz\u00f6ksz m\u00e1r,<br \/>\nvagy elmer\u0171l a ny\u00e1r.<br \/>\n&#8212;V\u00e9ge&#8212;<\/p>\n","protected":false},"featured_media":14186,"template":"","meta":{"site-sidebar-layout":"default","site-content-layout":"default","ast-site-content-layout":"default","site-content-style":"default","site-sidebar-style":"default","ast-global-header-display":"","ast-banner-title-visibility":"","ast-main-header-display":"","ast-hfb-above-header-display":"","ast-hfb-below-header-display":"","ast-hfb-mobile-header-display":"","site-post-title":"","ast-breadcrumbs-content":"","ast-featured-img":"","footer-sml-layout":"","theme-transparent-header-meta":"default","adv-header-id-meta":"","stick-header-meta":"","header-above-stick-meta":"","header-main-stick-meta":"","header-below-stick-meta":"","astra-migrate-meta-layouts":"set","ast-page-background-enabled":"default","ast-page-background-meta":{"desktop":{"background-color":"var(--ast-global-color-4)","background-image":"","background-repeat":"repeat","background-position":"center center","background-size":"auto","background-attachment":"scroll","background-type":"","background-media":"","overlay-type":"","overlay-color":"","overlay-opacity":"","overlay-gradient":""},"tablet":{"background-color":"","background-image":"","background-repeat":"repeat","background-position":"center center","background-size":"auto","background-attachment":"scroll","background-type":"","background-media":"","overlay-type":"","overlay-color":"","overlay-opacity":"","overlay-gradient":""},"mobile":{"background-color":"","background-image":"","background-repeat":"repeat","background-position":"center center","background-size":"auto","background-attachment":"scroll","background-type":"","background-media":"","overlay-type":"","overlay-color":"","overlay-opacity":"","overlay-gradient":""}},"ast-content-background-meta":{"desktop":{"background-color":"var(--ast-global-color-5)","background-image":"","background-repeat":"repeat","background-position":"center center","background-size":"auto","background-attachment":"scroll","background-type":"","background-media":"","overlay-type":"","overlay-color":"","overlay-opacity":"","overlay-gradient":""},"tablet":{"background-color":"var(--ast-global-color-5)","background-image":"","background-repeat":"repeat","background-position":"center center","background-size":"auto","background-attachment":"scroll","background-type":"","background-media":"","overlay-type":"","overlay-color":"","overlay-opacity":"","overlay-gradient":""},"mobile":{"background-color":"var(--ast-global-color-5)","background-image":"","background-repeat":"repeat","background-position":"center center","background-size":"auto","background-attachment":"scroll","background-type":"","background-media":"","overlay-type":"","overlay-color":"","overlay-opacity":"","overlay-gradient":""}}},"product_cat":[48],"product_tag":[],"class_list":["post-3854","product","type-product","status-publish","has-post-thumbnail","hentry","product_cat-sunkaraoke-dalok","desktop-align-left","tablet-align-left","mobile-align-left"],"_links":{"self":[{"href":"https:\/\/www.sunkaraoke.hu\/index.php\/wp-json\/wp\/v2\/product\/3854","targetHints":{"allow":["GET"]}}],"collection":[{"href":"https:\/\/www.sunkaraoke.hu\/index.php\/wp-json\/wp\/v2\/product"}],"about":[{"href":"https:\/\/www.sunkaraoke.hu\/index.php\/wp-json\/wp\/v2\/types\/product"}],"wp:featuredmedia":[{"embeddable":true,"href":"https:\/\/www.sunkaraoke.hu\/index.php\/wp-json\/wp\/v2\/media\/14186"}],"wp:attachment":[{"href":"https:\/\/www.sunkaraoke.hu\/index.php\/wp-json\/wp\/v2\/media?parent=3854"}],"wp:term":[{"taxonomy":"product_cat","embeddable":true,"href":"https:\/\/www.sunkaraoke.hu\/index.php\/wp-json\/wp\/v2\/product_cat?post=3854"},{"taxonomy":"product_tag","embeddable":true,"href":"https:\/\/www.sunkaraoke.hu\/index.php\/wp-json\/wp\/v2\/product_tag?post=3854"}],"curies":[{"name":"wp","href":"https:\/\/api.w.org\/{rel}","templated":true}]}}