{"id":3819,"date":"2022-08-08T20:46:47","date_gmt":"2022-08-08T20:46:47","guid":{"rendered":"https:\/\/www.sunkaraoke.hu\/index.php\/termek\/videki-mulato-valahol-egy-lany-2012\/"},"modified":"2025-04-09T05:53:10","modified_gmt":"2025-04-09T05:53:10","slug":"videki-mulato-valahol-egy-lany-2012","status":"publish","type":"product","link":"https:\/\/www.sunkaraoke.hu\/index.php\/termek\/videki-mulato-valahol-egy-lany-2012\/","title":{"rendered":"<div class=\"wcmp-player-container product-3819\"><audio controlslist=\"nodownload\" data-product=\"3819\"  volume=\"1\"  preload=\"none\" data-lazyloading=\"none\" class=\"wcmp-player track mejs-classic\" data-duration=\"0:32\" data-estimated_duration=\"4\"><source src=\"https:\/\/www.sunkaraoke.hu\/wp-content\/uploads\/2022\/08\/Valahol-egy-lany-VM-kdemoo.mp3\" type=\"audio\/mp3\" \/><\/audio><\/div>Vid\u00e9ki mulat\u00f3 &#8211; Valahol egy l\u00e1ny (Original)"},"content":{"rendered":"<p><strong>03:49<\/strong> | <strong><img loading=\"lazy\" decoding=\"async\" class=\"alignnone size-full wp-image-467\" src=\"https:\/\/www.sunkaraoke.hu\/wp-content\/uploads\/2022\/07\/choir_2-copy.webp\" alt=\"\" width=\"30\" height=\"30\" \/> <\/strong><\/p>\n","protected":false},"excerpt":{"rendered":"<h6><strong>Bits\u0171r\u0171s\u00e9g: 320<\/strong>kb\/s<strong><br \/>\n<\/strong><strong>Hossz: <\/strong>03:49<strong><br \/>\n<\/strong><strong style=\"font-size: 16px;\">Vok\u00e1lt tartalmaz: <\/strong>Nem <img loading=\"lazy\" decoding=\"async\" class=\"alignnone size-full wp-image-467\" src=\"http:\/\/www.sunkaraoke.hu\/wp-content\/uploads\/2022\/07\/choir_2-copy.png\" alt=\"\" width=\"30\" height=\"30\" \/><strong style=\"font-size: 16px;\"><br \/>\n<\/strong><\/h6>\n<p>Sunkaraoke mp3 st\u00fadi\u00f3 \/ www.sunkaraoke.hu \/ Inf: Tel: 06 20 4275001<\/p>\n<p>&#8212;Intr\u00f3&#8212;<br \/>\nValahol egy l\u00e1ny,h\u00f3feh\u00e9rben j\u00e1r,<br \/>\n\u0151 a legszebb,messze f\u00f6ld\u00f6n.<br \/>\nH\u00edvja \u0151t egy nap,az \u00f6reg kir\u00e1ly,<br \/>\nfeles\u00e9g\u00fcl megk\u00edv\u00e1nja, de \u00edgy sz\u00f3l a l\u00e1ny.<\/p>\n<p>A kir\u00e1ly\u00e9 nem leszek,nem leszek,<br \/>\nakkor ink\u00e1bb,elmegyek, elmegyek,<br \/>\nsoha vissza nem j\u00f6v\u00f6k,nem j\u00f6v\u00f6k m\u00e1r.<br \/>\nA kir\u00e1ly\u00e9 nem leszek,nem leszek,<br \/>\nakkor ink\u00e1bb elmegyek,elmegyek,<br \/>\nsoha vissza nem j\u00f6v\u00f6k,nem j\u00f6v\u00f6k m\u00e1r.<br \/>\n&#8212;Sz\u00f3l\u00f3&#8212;<br \/>\nValahol egy l\u00e1ny,feket\u00e9ben j\u00e1r,<br \/>\narca s\u00e1padt,nem besz\u00e9lhet.<br \/>\nH\u00edvja \u0151t egy nap,az \u00f6reg kir\u00e1ly,<br \/>\nhova menn\u00e9l,sz\u00e9p le\u00e1nyom,gyere hozz\u00e1m!<br \/>\nA kir\u00e1ly\u00e9 nem leszek,nem leszek,<br \/>\nakkor ink\u00e1bb,elmegyek, elmegyek,<br \/>\nsoha vissza nem j\u00f6v\u00f6k,nem j\u00f6v\u00f6k m\u00e1r.<br \/>\nA kir\u00e1ly\u00e9 nem leszek,nem leszek,<br \/>\nakkor ink\u00e1bb elmegyek,elmegyek,<br \/>\nsoha vissza nem j\u00f6v\u00f6k,nem j\u00f6v\u00f6k m\u00e1r.<br \/>\n&#8212;Sz\u00f3l\u00f3&#8212;<br \/>\nValahol egy l\u00e1ny, sehova sem j\u00e1r,<br \/>\nsz\u00e9p titokban,eltemett\u00e9k.<br \/>\nH\u00edvja \u0151t egy nap, az \u00f6reg kir\u00e1ly,<br \/>\nsz\u00f6rny\u0171 m\u00e9rges, hogyha nem j\u00f6n,<br \/>\nde mit tehet m\u00e1r?<br \/>\nA kir\u00e1ly\u00e9 nem leszek,nem leszek,<br \/>\nakkor ink\u00e1bb,elmegyek, elmegyek,<br \/>\nsoha vissza nem j\u00f6v\u00f6k,nem j\u00f6v\u00f6k m\u00e1r.<br \/>\nA kir\u00e1ly\u00e9 nem leszek,nem leszek,<br \/>\nakkor ink\u00e1bb elmegyek,elmegyek,<br \/>\nsoha vissza nem j\u00f6v\u00f6k,nem j\u00f6v\u00f6k m\u00e1r.<br \/>\n\u00d3h , \u00f3, \u00f3h valahol \u00edgy van ez\u2026., valahol \u00edgy van ez\u2026.<br \/>\n\u00d3h , \u00f3, \u00f3h valahol \u00edgy van ez\u2026., valahol \u00edgy van ez\u2026.<br \/>\n\u00d3h , \u00f3, \u00f3h valahol \u00edgy van ez\u2026., valahol \u00edgy van ez\u2026.<br \/>\n\u00d3h , \u00f3, \u00f3h valahol \u00edgy van ez\u2026., valahol \u00edgy van ez\u2026.<br \/>\n&#8212;V\u00e9ge&#8212;<\/p>\n","protected":false},"featured_media":17417,"template":"","meta":{"site-sidebar-layout":"default","site-content-layout":"default","ast-site-content-layout":"default","site-content-style":"default","site-sidebar-style":"default","ast-global-header-display":"","ast-banner-title-visibility":"","ast-main-header-display":"","ast-hfb-above-header-display":"","ast-hfb-below-header-display":"","ast-hfb-mobile-header-display":"","site-post-title":"","ast-breadcrumbs-content":"","ast-featured-img":"","footer-sml-layout":"","theme-transparent-header-meta":"default","adv-header-id-meta":"","stick-header-meta":"","header-above-stick-meta":"","header-main-stick-meta":"","header-below-stick-meta":"","astra-migrate-meta-layouts":"set","ast-page-background-enabled":"default","ast-page-background-meta":{"desktop":{"background-color":"var(--ast-global-color-4)","background-image":"","background-repeat":"repeat","background-position":"center center","background-size":"auto","background-attachment":"scroll","background-type":"","background-media":"","overlay-type":"","overlay-color":"","overlay-opacity":"","overlay-gradient":""},"tablet":{"background-color":"","background-image":"","background-repeat":"repeat","background-position":"center center","background-size":"auto","background-attachment":"scroll","background-type":"","background-media":"","overlay-type":"","overlay-color":"","overlay-opacity":"","overlay-gradient":""},"mobile":{"background-color":"","background-image":"","background-repeat":"repeat","background-position":"center center","background-size":"auto","background-attachment":"scroll","background-type":"","background-media":"","overlay-type":"","overlay-color":"","overlay-opacity":"","overlay-gradient":""}},"ast-content-background-meta":{"desktop":{"background-color":"var(--ast-global-color-5)","background-image":"","background-repeat":"repeat","background-position":"center center","background-size":"auto","background-attachment":"scroll","background-type":"","background-media":"","overlay-type":"","overlay-color":"","overlay-opacity":"","overlay-gradient":""},"tablet":{"background-color":"var(--ast-global-color-5)","background-image":"","background-repeat":"repeat","background-position":"center center","background-size":"auto","background-attachment":"scroll","background-type":"","background-media":"","overlay-type":"","overlay-color":"","overlay-opacity":"","overlay-gradient":""},"mobile":{"background-color":"var(--ast-global-color-5)","background-image":"","background-repeat":"repeat","background-position":"center center","background-size":"auto","background-attachment":"scroll","background-type":"","background-media":"","overlay-type":"","overlay-color":"","overlay-opacity":"","overlay-gradient":""}}},"product_cat":[46],"product_tag":[],"class_list":["post-3819","product","type-product","status-publish","has-post-thumbnail","hentry","product_cat-eredeti-karaoke-dalok","desktop-align-left","tablet-align-left","mobile-align-left"],"_links":{"self":[{"href":"https:\/\/www.sunkaraoke.hu\/index.php\/wp-json\/wp\/v2\/product\/3819","targetHints":{"allow":["GET"]}}],"collection":[{"href":"https:\/\/www.sunkaraoke.hu\/index.php\/wp-json\/wp\/v2\/product"}],"about":[{"href":"https:\/\/www.sunkaraoke.hu\/index.php\/wp-json\/wp\/v2\/types\/product"}],"wp:featuredmedia":[{"embeddable":true,"href":"https:\/\/www.sunkaraoke.hu\/index.php\/wp-json\/wp\/v2\/media\/17417"}],"wp:attachment":[{"href":"https:\/\/www.sunkaraoke.hu\/index.php\/wp-json\/wp\/v2\/media?parent=3819"}],"wp:term":[{"taxonomy":"product_cat","embeddable":true,"href":"https:\/\/www.sunkaraoke.hu\/index.php\/wp-json\/wp\/v2\/product_cat?post=3819"},{"taxonomy":"product_tag","embeddable":true,"href":"https:\/\/www.sunkaraoke.hu\/index.php\/wp-json\/wp\/v2\/product_tag?post=3819"}],"curies":[{"name":"wp","href":"https:\/\/api.w.org\/{rel}","templated":true}]}}