{"id":3791,"date":"2022-08-08T20:46:45","date_gmt":"2022-08-08T20:46:45","guid":{"rendered":"https:\/\/www.sunkaraoke.hu\/index.php\/termek\/tesok-hol-van-a-lany\/"},"modified":"2025-03-28T18:44:12","modified_gmt":"2025-03-28T18:44:12","slug":"tesok-hol-van-a-lany","status":"publish","type":"product","link":"https:\/\/www.sunkaraoke.hu\/index.php\/termek\/tesok-hol-van-a-lany\/","title":{"rendered":"<div class=\"wcmp-player-container product-3791\"><audio controlslist=\"nodownload\" data-product=\"3791\"  volume=\"1\"  preload=\"none\" data-lazyloading=\"none\" class=\"wcmp-player track mejs-classic\" data-duration=\"0:32\" data-estimated_duration=\"4\"><source src=\"https:\/\/www.sunkaraoke.hu\/wp-content\/uploads\/2022\/08\/Hol-van-a-lany-orig_demo.mp3\" type=\"audio\/mp3\" \/><\/audio><\/div>Tes\u00f3k &#8211; Hol van a l\u00e1ny (Original)"},"content":{"rendered":"<p><strong>04:48<\/strong> | <strong><img loading=\"lazy\" decoding=\"async\" class=\"alignnone size-full wp-image-467\" src=\"https:\/\/www.sunkaraoke.hu\/wp-content\/uploads\/2022\/07\/choir_2-copy.webp\" alt=\"\" width=\"30\" height=\"30\" \/> <\/strong><\/p>\n","protected":false},"excerpt":{"rendered":"<h6>Bits\u0171r\u0171s\u00e9g: 320 kb\/s<br \/>\nHossz: 04:48<br \/>\nVok\u00e1lt tartalmaz: Nem <img loading=\"lazy\" decoding=\"async\" class=\"alignnone size-full wp-image-467\" src=\"http:\/\/www.sunkaraoke.hu\/wp-content\/uploads\/2022\/07\/choir_2-copy.png\" alt=\"\" width=\"30\" height=\"30\" \/><strong style=\"font-size: 16px;\"><br \/>\n<\/strong><\/h6>\n<p>Sunkaraoke mp3 st\u00fadi\u00f3 \/ www.sunkaraoke.hu \/ Inf: Tel: 06 20 4275001<\/p>\n<p>&#8212;Intr\u00f3&#8212;<br \/>\nS\u00edrtam \u00e9rted \u00e9n, mert m\u00e1s valaki v\u00e1rt,<br \/>\na kis pad k\u00f6zep\u00e9n, ahol ezer eml\u00e9k j\u00e1r.<br \/>\nSz\u00e9tt\u00e9p a rem\u00e9ny, \u00fagy f\u00e1j az, ami v\u00e1r,<br \/>\nha itt hagysz egyed\u00fcl, nekem nincs tov\u00e1bb.<br \/>\nR\u00e9gen amikor csillagf\u00e9nyben, egy cs\u00f3k hozz\u00e1d k\u00f6t\u00f6tt,<br \/>\nesk\u00fcdt\u00e9l hogy minden sz\u00e9p \u00e9rz\u00e9s, a sz\u00edvedbe k\u00f6lt\u00f6z\u00f6tt.<br \/>\nHittem benned s a boldogs\u00e1gban, mit n\u00e9kem adott az \u00far,<br \/>\nde r\u00e1j\u00f6ttem, hogy minden sz\u00e9p vir\u00e1g n\u00e9ha n\u00e9ha sz\u00far.<br \/>\nHol van a l\u00e1ny, hol van a ny\u00e1r, ami j\u00e1r nekem,<br \/>\nfelettem r\u00e9g, bor\u00fas az \u00e9g, \u00e9rzem v\u00e9gzetem.<br \/>\nHol van a l\u00e1ny, hol van a ny\u00e1r, ami j\u00e1r nekem,<br \/>\nsoha nem k\u00e9ne m\u00e1s, ha itt lenn\u00e9l velem.<br \/>\nPr\u00f3za:Neh\u00e9z lesz \u0151t elfeledni, m\u00e9g most is \u00fagy \u00e9rzem.<br \/>\nAmikor \u00e1t\u00f6leltem, \u00e9reztem valamit, amit eddig tal\u00e1n m\u00e9g soha.<br \/>\nSzeretn\u00e9m m\u00e9g egyszer \u00e9rezni azt, amit csak vele \u00e9reztem,<br \/>\n\u00e9s hallani, amit oly sokszor f\u00fclembe s\u00fagott,<br \/>\nmindig szeretni foglak.<br \/>\nS\u00edrtam \u00e9rted \u00e9n, mert m\u00e1s valaki v\u00e1rt,<br \/>\na kis pad k\u00f6zep\u00e9n, ahol ezer eml\u00e9k j\u00e1r.<br \/>\nSz\u00e9tt\u00e9p a rem\u00e9ny, \u00fagy f\u00e1j az, ami v\u00e1r,<br \/>\nha itt hagysz egyed\u00fcl, nekem nincs tov\u00e1bb.<br \/>\nR\u00e9gen amikor csillagf\u00e9nyben, egy cs\u00f3k hozz\u00e1d k\u00f6t\u00f6tt,<br \/>\nesk\u00fcdt\u00e9l hogy minden sz\u00e9p \u00e9rz\u00e9s, a sz\u00edvedbe k\u00f6lt\u00f6z\u00f6tt.<br \/>\nHittem benned s a boldogs\u00e1gban, mit n\u00e9kem adott az \u00far,<br \/>\nde r\u00e1j\u00f6ttem, hogy minden sz\u00e9p vir\u00e1g, n\u00e9ha n\u00e9ha sz\u00far.<br \/>\nHol van a l\u00e1ny, hol van a ny\u00e1r, ami j\u00e1r nekem,<br \/>\nfelettem r\u00e9g, bor\u00fas az \u00e9g, \u00e9rzem v\u00e9gzetem.<br \/>\nHol van a l\u00e1ny, hol van a ny\u00e1r, ami j\u00e1r nekem,<br \/>\nsoha nem k\u00e9ne m\u00e1s, ha itt lenn\u00e9l velem.<br \/>\nHol van a l\u00e1ny, hol van a ny\u00e1r, ami j\u00e1r nekem,<br \/>\nfelettem r\u00e9g, bor\u00fas az \u00e9g, \u00e9rzem v\u00e9gzetem.<br \/>\nHol van a l\u00e1ny, hol van a ny\u00e1r, ami j\u00e1r nekem,<br \/>\nsoha nem k\u00e9ne m\u00e1s,<br \/>\nha itt lenn\u00e9l velem.<br \/>\n&#8212;V\u00e9ge&#8212;<\/p>\n","protected":false},"featured_media":8715,"template":"","meta":{"site-sidebar-layout":"default","site-content-layout":"default","ast-site-content-layout":"default","site-content-style":"default","site-sidebar-style":"default","ast-global-header-display":"","ast-banner-title-visibility":"","ast-main-header-display":"","ast-hfb-above-header-display":"","ast-hfb-below-header-display":"","ast-hfb-mobile-header-display":"","site-post-title":"","ast-breadcrumbs-content":"","ast-featured-img":"","footer-sml-layout":"","theme-transparent-header-meta":"default","adv-header-id-meta":"","stick-header-meta":"","header-above-stick-meta":"","header-main-stick-meta":"","header-below-stick-meta":"","astra-migrate-meta-layouts":"set","ast-page-background-enabled":"default","ast-page-background-meta":{"desktop":{"background-color":"var(--ast-global-color-4)","background-image":"","background-repeat":"repeat","background-position":"center center","background-size":"auto","background-attachment":"scroll","background-type":"","background-media":"","overlay-type":"","overlay-color":"","overlay-opacity":"","overlay-gradient":""},"tablet":{"background-color":"","background-image":"","background-repeat":"repeat","background-position":"center center","background-size":"auto","background-attachment":"scroll","background-type":"","background-media":"","overlay-type":"","overlay-color":"","overlay-opacity":"","overlay-gradient":""},"mobile":{"background-color":"","background-image":"","background-repeat":"repeat","background-position":"center center","background-size":"auto","background-attachment":"scroll","background-type":"","background-media":"","overlay-type":"","overlay-color":"","overlay-opacity":"","overlay-gradient":""}},"ast-content-background-meta":{"desktop":{"background-color":"var(--ast-global-color-5)","background-image":"","background-repeat":"repeat","background-position":"center center","background-size":"auto","background-attachment":"scroll","background-type":"","background-media":"","overlay-type":"","overlay-color":"","overlay-opacity":"","overlay-gradient":""},"tablet":{"background-color":"var(--ast-global-color-5)","background-image":"","background-repeat":"repeat","background-position":"center center","background-size":"auto","background-attachment":"scroll","background-type":"","background-media":"","overlay-type":"","overlay-color":"","overlay-opacity":"","overlay-gradient":""},"mobile":{"background-color":"var(--ast-global-color-5)","background-image":"","background-repeat":"repeat","background-position":"center center","background-size":"auto","background-attachment":"scroll","background-type":"","background-media":"","overlay-type":"","overlay-color":"","overlay-opacity":"","overlay-gradient":""}}},"product_cat":[48],"product_tag":[],"class_list":["post-3791","product","type-product","status-publish","has-post-thumbnail","hentry","product_cat-sunkaraoke-dalok","desktop-align-left","tablet-align-left","mobile-align-left"],"_links":{"self":[{"href":"https:\/\/www.sunkaraoke.hu\/index.php\/wp-json\/wp\/v2\/product\/3791","targetHints":{"allow":["GET"]}}],"collection":[{"href":"https:\/\/www.sunkaraoke.hu\/index.php\/wp-json\/wp\/v2\/product"}],"about":[{"href":"https:\/\/www.sunkaraoke.hu\/index.php\/wp-json\/wp\/v2\/types\/product"}],"wp:featuredmedia":[{"embeddable":true,"href":"https:\/\/www.sunkaraoke.hu\/index.php\/wp-json\/wp\/v2\/media\/8715"}],"wp:attachment":[{"href":"https:\/\/www.sunkaraoke.hu\/index.php\/wp-json\/wp\/v2\/media?parent=3791"}],"wp:term":[{"taxonomy":"product_cat","embeddable":true,"href":"https:\/\/www.sunkaraoke.hu\/index.php\/wp-json\/wp\/v2\/product_cat?post=3791"},{"taxonomy":"product_tag","embeddable":true,"href":"https:\/\/www.sunkaraoke.hu\/index.php\/wp-json\/wp\/v2\/product_tag?post=3791"}],"curies":[{"name":"wp","href":"https:\/\/api.w.org\/{rel}","templated":true}]}}