{"id":3720,"date":"2022-08-08T20:46:40","date_gmt":"2022-08-08T20:46:40","guid":{"rendered":"https:\/\/www.sunkaraoke.hu\/index.php\/termek\/polgarmester-viragzik-az-erd\/"},"modified":"2025-04-06T11:08:59","modified_gmt":"2025-04-06T11:08:59","slug":"polgarmester-viragzik-az-erd","status":"publish","type":"product","link":"https:\/\/www.sunkaraoke.hu\/index.php\/termek\/polgarmester-viragzik-az-erd\/","title":{"rendered":"<div class=\"wcmp-player-container product-3720\"><audio controlslist=\"nodownload\" data-product=\"3720\"  volume=\"1\"  preload=\"none\" data-lazyloading=\"none\" class=\"wcmp-player track mejs-classic\" data-duration=\"0:31\" data-estimated_duration=\"4\"><source src=\"https:\/\/www.sunkaraoke.hu\/wp-content\/uploads\/2022\/08\/Viragzik-az-erdo2-demoo.mp3\" type=\"audio\/mp3\" \/><\/audio><\/div>Polg\u00e1rmester &#8211; Vir\u00e1gzik az erd\u0151 (Original)"},"content":{"rendered":"<p><strong>03:05<\/strong> | <strong><img loading=\"lazy\" decoding=\"async\" class=\"alignnone size-full wp-image-467\" src=\"https:\/\/www.sunkaraoke.hu\/wp-content\/uploads\/2022\/07\/choir_2-copy.webp\" alt=\"\" width=\"30\" height=\"30\" \/> <\/strong><\/p>\n","protected":false},"excerpt":{"rendered":"<h6><strong>Bits\u0171r\u0171s\u00e9g: 320<\/strong>kb\/s<strong><br \/>\n<\/strong><strong>Hossz: <\/strong>03:05<strong><br \/>\n<\/strong><strong style=\"font-size: 16px;\">Vok\u00e1lt tartalmaz: <\/strong>Nem <img loading=\"lazy\" decoding=\"async\" class=\"alignnone size-full wp-image-467\" src=\"http:\/\/www.sunkaraoke.hu\/wp-content\/uploads\/2022\/07\/choir_2-copy.png\" alt=\"\" width=\"30\" height=\"30\" \/><strong style=\"font-size: 16px;\"><br \/>\n<\/strong><\/h6>\n<p>Sunkaraoke mp3 st\u00fadi\u00f3 \/ www.sunkaraoke.hu \/ Inf: Tel: 06 20 4275001<\/p>\n<p>&#8212;Intr\u00f3&#8212;<br \/>\nMikor megl\u00e1ttam, fel\u00e9bredt a sz\u00edvem.<br \/>\nCs\u00f3kj\u00e1ra v\u00e1gytam, minden \u00e9jjelen.<br \/>\nMosolya v\u00e9gleg, rabul ejtett engem.<br \/>\nAz\u00f3ta nincs nappalom, nyugodt \u00e9jjelem.<br \/>\nKertemben szirm\u00e1t, hullajtva egy r\u00f3zsa,<br \/>\nazt s\u00fagja, maradj, ne hagyd veszni azt.<br \/>\nAmit vetett\u00e9l, kis v\u00f6r\u00f6s r\u00f3zsasz\u00e1lat,<br \/>\ngondozni kell, am\u00edg majd er\u0151re nem kap.<\/p>\n<p>\u00dagy \u00e9rzem, n\u00e9kem, vir\u00e1gzik az erd\u0151,<br \/>\npacsirtasz\u00f3val, vigasztal az \u00e9g.<br \/>\nAz utam mindig, visszavezet hozz\u00e1,<br \/>\nmert sz\u00edvem boldogs\u00e1got, csak t\u0151le rem\u00e9l.<br \/>\n\u00dagy \u00e9rzem, n\u00e9kem, vir\u00e1gzik az erd\u0151,<br \/>\npacsirtasz\u00f3val, vigasztal az \u00e9g.<br \/>\nAz utam mindig, visszavezet hozz\u00e1,<br \/>\nmert sz\u00edvem boldogs\u00e1got, csak t\u0151le rem\u00e9l.<br \/>\nMikor megl\u00e1ttam, fel\u00e9bredt a sz\u00edvem.<br \/>\nCs\u00f3kj\u00e1ra v\u00e1gytam, minden \u00e9jjelen.<br \/>\nMosolya v\u00e9gleg, rabul ejtett engem.<br \/>\nAz\u00f3ta nincs nappalom, nyugodt \u00e9jjelem.<br \/>\nKertemben szirm\u00e1t, hullajtva egy r\u00f3zsa,<br \/>\nazt s\u00fagja, maradj, ne hagyd veszni azt.<br \/>\nAmit vetett\u00e9l, kis v\u00f6r\u00f6s r\u00f3zsasz\u00e1lat,<br \/>\ngondozni kell, am\u00edg majd er\u0151re nem kap.<br \/>\n\u00dagy \u00e9rzem, n\u00e9kem, vir\u00e1gzik az erd\u0151,<br \/>\npacsirtasz\u00f3val, vigasztal az \u00e9g.<br \/>\nAz utam mindig, visszavezet hozz\u00e1,<br \/>\nmert sz\u00edvem boldogs\u00e1got, csak t\u0151le rem\u00e9l.<br \/>\n\u00dagy \u00e9rzem, n\u00e9kem, vir\u00e1gzik az erd\u0151,<br \/>\npacsirtasz\u00f3val, vigasztal az \u00e9g.<br \/>\nAz utam mindig, visszavezet hozz\u00e1,<br \/>\nmert sz\u00edvem boldogs\u00e1got, csak t\u0151le rem\u00e9l.<br \/>\n&#8212;Sz\u00f3l\u00f3&#8212;<br \/>\n\u00dagy \u00e9rzem, n\u00e9kem, vir\u00e1gzik az erd\u0151,<br \/>\npacsirtasz\u00f3val, vigasztal az \u00e9g.<br \/>\nAz utam mindig, visszavezet hozz\u00e1,<br \/>\nmert sz\u00edvem boldogs\u00e1got, csak t\u0151le rem\u00e9l.<br \/>\n\u00dagy \u00e9rzem, n\u00e9kem, vir\u00e1gzik az erd\u0151,<br \/>\npacsirtasz\u00f3val, vigasztal az \u00e9g.<br \/>\nAz utam mindig, visszavezet hozz\u00e1,<br \/>\nmert sz\u00edvem boldogs\u00e1got, csak t\u0151le rem\u00e9l.<br \/>\n&#8212;V\u00e9ge&#8212;<\/p>\n","protected":false},"featured_media":10083,"template":"","meta":{"site-sidebar-layout":"default","site-content-layout":"default","ast-site-content-layout":"default","site-content-style":"default","site-sidebar-style":"default","ast-global-header-display":"","ast-banner-title-visibility":"","ast-main-header-display":"","ast-hfb-above-header-display":"","ast-hfb-below-header-display":"","ast-hfb-mobile-header-display":"","site-post-title":"","ast-breadcrumbs-content":"","ast-featured-img":"","footer-sml-layout":"","theme-transparent-header-meta":"default","adv-header-id-meta":"","stick-header-meta":"","header-above-stick-meta":"","header-main-stick-meta":"","header-below-stick-meta":"","astra-migrate-meta-layouts":"set","ast-page-background-enabled":"default","ast-page-background-meta":{"desktop":{"background-color":"var(--ast-global-color-4)","background-image":"","background-repeat":"repeat","background-position":"center center","background-size":"auto","background-attachment":"scroll","background-type":"","background-media":"","overlay-type":"","overlay-color":"","overlay-opacity":"","overlay-gradient":""},"tablet":{"background-color":"","background-image":"","background-repeat":"repeat","background-position":"center center","background-size":"auto","background-attachment":"scroll","background-type":"","background-media":"","overlay-type":"","overlay-color":"","overlay-opacity":"","overlay-gradient":""},"mobile":{"background-color":"","background-image":"","background-repeat":"repeat","background-position":"center center","background-size":"auto","background-attachment":"scroll","background-type":"","background-media":"","overlay-type":"","overlay-color":"","overlay-opacity":"","overlay-gradient":""}},"ast-content-background-meta":{"desktop":{"background-color":"var(--ast-global-color-5)","background-image":"","background-repeat":"repeat","background-position":"center center","background-size":"auto","background-attachment":"scroll","background-type":"","background-media":"","overlay-type":"","overlay-color":"","overlay-opacity":"","overlay-gradient":""},"tablet":{"background-color":"var(--ast-global-color-5)","background-image":"","background-repeat":"repeat","background-position":"center center","background-size":"auto","background-attachment":"scroll","background-type":"","background-media":"","overlay-type":"","overlay-color":"","overlay-opacity":"","overlay-gradient":""},"mobile":{"background-color":"var(--ast-global-color-5)","background-image":"","background-repeat":"repeat","background-position":"center center","background-size":"auto","background-attachment":"scroll","background-type":"","background-media":"","overlay-type":"","overlay-color":"","overlay-opacity":"","overlay-gradient":""}}},"product_cat":[46],"product_tag":[],"class_list":["post-3720","product","type-product","status-publish","has-post-thumbnail","hentry","product_cat-eredeti-karaoke-dalok","desktop-align-left","tablet-align-left","mobile-align-left"],"_links":{"self":[{"href":"https:\/\/www.sunkaraoke.hu\/index.php\/wp-json\/wp\/v2\/product\/3720","targetHints":{"allow":["GET"]}}],"collection":[{"href":"https:\/\/www.sunkaraoke.hu\/index.php\/wp-json\/wp\/v2\/product"}],"about":[{"href":"https:\/\/www.sunkaraoke.hu\/index.php\/wp-json\/wp\/v2\/types\/product"}],"wp:featuredmedia":[{"embeddable":true,"href":"https:\/\/www.sunkaraoke.hu\/index.php\/wp-json\/wp\/v2\/media\/10083"}],"wp:attachment":[{"href":"https:\/\/www.sunkaraoke.hu\/index.php\/wp-json\/wp\/v2\/media?parent=3720"}],"wp:term":[{"taxonomy":"product_cat","embeddable":true,"href":"https:\/\/www.sunkaraoke.hu\/index.php\/wp-json\/wp\/v2\/product_cat?post=3720"},{"taxonomy":"product_tag","embeddable":true,"href":"https:\/\/www.sunkaraoke.hu\/index.php\/wp-json\/wp\/v2\/product_tag?post=3720"}],"curies":[{"name":"wp","href":"https:\/\/api.w.org\/{rel}","templated":true}]}}