{"id":3700,"date":"2022-08-08T20:46:39","date_gmt":"2022-08-08T20:46:39","guid":{"rendered":"https:\/\/www.sunkaraoke.hu\/index.php\/termek\/slager-tibo-slager-tibo-mix-03\/"},"modified":"2025-04-03T17:21:09","modified_gmt":"2025-04-03T17:21:09","slug":"slager-tibo-slager-tibo-mix-03","status":"publish","type":"product","link":"https:\/\/www.sunkaraoke.hu\/index.php\/termek\/slager-tibo-slager-tibo-mix-03\/","title":{"rendered":"<div class=\"wcmp-player-container product-3700\"><audio controlslist=\"nodownload\" data-product=\"3700\"  volume=\"1\"  preload=\"none\" data-lazyloading=\"none\" class=\"wcmp-player track mejs-classic\" data-duration=\"0:37\" data-estimated_duration=\"4\"><source src=\"https:\/\/www.sunkaraoke.hu\/wp-content\/uploads\/2022\/08\/Slager-tibo-mix-03.mp3\" type=\"audio\/mp3\" \/><\/audio><\/div>Sl\u00e1ger Tib\u00f3 &#8211; Sl\u00e1ger Tib\u00f3 Mix 03. (Original)"},"content":{"rendered":"<p><strong>08:37<\/strong> | <strong><img loading=\"lazy\" decoding=\"async\" class=\"alignnone size-full wp-image-467\" src=\"https:\/\/www.sunkaraoke.hu\/wp-content\/uploads\/2022\/07\/choir_2-copy.webp\" alt=\"\" width=\"30\" height=\"30\" \/> <\/strong><\/p>\n","protected":false},"excerpt":{"rendered":"<h6><strong>Bits\u0171r\u0171s\u00e9g: 320<\/strong>kb\/s<strong><br \/>\n<\/strong><strong>Hossz: <\/strong>08:37<strong><br \/>\n<\/strong><strong style=\"font-size: 16px;\">Vok\u00e1lt tartalmaz: <\/strong>Nem <img loading=\"lazy\" decoding=\"async\" class=\"alignnone size-full wp-image-467\" src=\"http:\/\/www.sunkaraoke.hu\/wp-content\/uploads\/2022\/07\/choir_2-copy.png\" alt=\"\" width=\"30\" height=\"30\" \/><strong style=\"font-size: 16px;\"><br \/>\n<\/strong><\/h6>\n<p>Sunkaraoke mp3 st\u00fadi\u00f3 \/ www.sunkaraoke.hu \/ Inf: Tel: 06 20 4275001<\/p>\n<p>&#8212;Intr\u00f3&#8212;<br \/>\nHa meghalok, vigyetek a mennybe,<br \/>\nk\u00eds\u00e9rjen a vid\u00e1m zenesz\u00f3,<br \/>\nazt h\u00fazza a cig\u00e1ny a f\u00fclembe,<br \/>\nhogy j\u00f3 volt \u00e9lni, de j\u00f3.<br \/>\nS ha megk\u00e9rdi a kapuban az angyal,<br \/>\nmi\u00e9rt j\u00f6tt\u00e9l vid\u00e1m idegen,<br \/>\nodas\u00fagom a f\u00fcl\u00e9be halkan,<br \/>\na kedvenc \u00e9nekem.<\/p>\n<p>Hogy \u00e9n a f\u00f6ldr\u0151l j\u00f6ttem angyalom,<br \/>\nmert a j\u00f3 bulikat ki nem hagyom.<br \/>\nV\u00e1rhat m\u00e9g az utols\u00f3 vacsora,<br \/>\nim\u00e1dom, ha sz\u00f3l a muzsika!<br \/>\nMert \u00e9n a f\u00f6ldr\u0151l j\u00f6ttem angyalom,<br \/>\nSzent P\u00e9ter \u00far m\u00e1r v\u00e1r nagyon!<br \/>\nEg\u00e9sz \u00e9jjel pi\u00e1zunk,<br \/>\nangyalokkal cic\u00e1zunk,<br \/>\nbuli lesz a mennyorsz\u00e1gban hajnalig,<br \/>\nisszuk a j\u00f3 mise bort,<br \/>\nilyen j\u00f3 m\u00e9g sose volt,<br \/>\nbuli lesz a mennyorsz\u00e1gban hajnalig!<br \/>\n&#8212;Sz\u00f3l\u00f3&#8212;<br \/>\nOtt lakom \u00e9n, ahol z\u00f6ld a mez\u0151,<br \/>\nahol simogat a l\u00e1gy szell\u0151.<br \/>\nOtt lakom \u00e9n, ahol k\u00e9k a foly\u00f3,<br \/>\n\u00e9s a j\u00f3 zene v\u00edgan sz\u00f3l.<br \/>\nAhol ny\u00edlnak a m\u00e1jusi orgon\u00e1k,<br \/>\nahol cs\u00f3k \u00edz\u0171 most a vil\u00e1g.<br \/>\nOtt lakom \u00e9n, ahol boldog a f\u00e9ny,<br \/>\nhogy ha t\u00e1ncol a k\u00e9k Dun\u00e1n.<br \/>\nAhol ny\u00edlnak a m\u00e1jusi orgon\u00e1k,<br \/>\nahol cs\u00f3k \u00edz\u0171 most a vil\u00e1g.<br \/>\nOtt lakom \u00e9n, ahol boldog a f\u00e9ny,<br \/>\nhogy ha t\u00e1ncol a k\u00e9k Dun\u00e1n.<br \/>\n&#8212;Sz\u00f3l\u00f3&#8212;<br \/>\nP\u00e9ntek 13, ez nem volt a szerencse sz\u00e1mom,<br \/>\nmert elt\u0171nt\u00e9l ezen a napon, \u00e9s az\u00f3ta is hi\u00e1nyzol.<br \/>\nP\u00e9ntek 13, kerestelek eg\u00e9sz ny\u00e1ron,<br \/>\nmert elt\u0171nt\u00e9l ezen a napon \u00e9s az\u00f3ta is hi\u00e1nyzol.<\/p>\n<p>J\u00f3solj cig\u00e1nyasszony, j\u00f3sold meg nekem,<br \/>\nhogy m\u00e9rt \u0151 a kiv\u00e1lasztott, m\u00e9rt \u0151 kell nekem?<br \/>\nJ\u00f3solj cig\u00e1nyasszony, s\u00edrjanak a csillagok,<br \/>\nj\u00f3sold, hogy szerelmes vagyok.<br \/>\nJ\u00f3solj cig\u00e1nyasszony, j\u00f3sold meg nekem,<br \/>\nhogy m\u00e9rt \u0151 a kiv\u00e1lasztott, m\u00e9rt \u0151 kell nekem?<br \/>\nJ\u00f3solj cig\u00e1nyasszony, s\u00edrjanak a csillagok,<br \/>\nj\u00f3sold, hogy szerelmes vagyok.<br \/>\n&#8212;Sz\u00f3l\u00f3&#8212;<br \/>\nValamikor r\u00e9gen, hitt\u00e9l a mes\u00e9kben,<br \/>\nigaznak t\u0171nt, minden rem\u00e9ny.<br \/>\nElm\u00faltak az \u00e9vek,v\u00e1ltoztak a t\u00e9m\u00e1k,<br \/>\neml\u00e9kezz mit is mondtam \u00e9n.<\/p>\n<p>Soha ne hidd el m\u00e1snak,csak nekem,hogy szeretlek,<br \/>\nsz\u00e9p napok ut\u00e1n is, m\u00e9g szebbek j\u00f6hetnek.<br \/>\nMindig erre v\u00e1gyt\u00e1l,\u00fajra r\u00e1m tal\u00e1lt\u00e1l.<br \/>\nEz\u00e9rt ne hidd el m\u00e1snak, csak nekem,hogy szeretlek,<br \/>\nvesztesek s\u00edrnak, a gy\u0151ztesek nevetnek,<br \/>\nmindig erre v\u00e1gyt\u00e1l, \u00fajra r\u00e1m tal\u00e1lt\u00e1l.<br \/>\n&#8212;Sz\u00f3l\u00f3&#8212;<br \/>\nPaprika s\u00f3, sz\u00f3 ami sz\u00f3,<br \/>\nnekem kedvencem a lecs\u00f3.<br \/>\nEgy kis eszem \u2013iszom, az a paradicsom,<br \/>\nha a j\u00f3 kedvet \u00e1ztat\u00f3.<br \/>\nHogy ha unom a ban\u00e1nt, vagy ha sok a rizsa,<br \/>\nolyan messze van Moszkv\u00e1t\u00f3l Amerika.<br \/>\nEz\u00e9rt j\u00f3 lesz nek\u00fcnk,a magyar paprika, \u00e1j \u00e1j \u00e1j.<br \/>\nLecs\u00f3, lecs\u00f3, lecs\u00f3kolb\u00e1szb\u00f3l f\u0151z\u00fcnk vacsor\u00e1t.<br \/>\nAzt\u00e1n lecs\u00f3, lecs\u00f3, lecs\u00f3koljuk egym\u00e1sr\u00f3l a ruh\u00e1t.<br \/>\nUgyeb\u00e1r \u00edzlik ez a lecs\u00f3, van benne mindig valami j\u00f3.<br \/>\nEgy kis d\u00ednom \u2013 d\u00e1nom, dili d\u00e1rid\u00f3.<br \/>\nLecs\u00f3, lecs\u00f3, lecs\u00f3kolb\u00e1szb\u00f3l f\u0151z\u00fcnk vacsor\u00e1t.<br \/>\nAzt\u00e1n lecs\u00f3, lecs\u00f3, lecs\u00f3koljuk egym\u00e1sr\u00f3l a ruh\u00e1t.<br \/>\nUgyeb\u00e1r \u00edzlik ez a lecs\u00f3, van benne mindig valami j\u00f3.<br \/>\nEgy kis d\u00ednom \u2013 d\u00e1nom, dili d\u00e1rid\u00f3.<br \/>\n&#8212;Sz\u00f3l\u00f3&#8212;<br \/>\nMegyek hozz\u00e1d a sz\u00edvem m\u00e9g most is, keres,<br \/>\na bolond sz\u00edvem,csak azt s\u00fagja t\u00e9ged, szeret<br \/>\nCsalfa szemed rem\u00e9lem m\u00e9g r\u00e1m is nevet,<br \/>\n\u00e9s a j\u00f3 kedv\u00fcnket semmi, nem veheti el.<br \/>\nMert \u00e9n a p\u00e9nzemet hajnalig elmulatom,<br \/>\n\u00e9s a n\u00f3t\u00e1mat sz\u00e1zszor is el huzatom,<br \/>\nNekem peng a git\u00e1r engem, cs\u00f3kol a l\u00e1ny,<br \/>\nma eny\u00e9m a boldogs\u00e1g.<br \/>\nMert \u00e9n a p\u00e9nzemet hajnalig elmulatom,<br \/>\n\u00e9s a n\u00f3t\u00e1mat sz\u00e1zszor is el huzatom,<br \/>\nNekem peng a git\u00e1r engem, cs\u00f3kol a l\u00e1ny,<br \/>\nma eny\u00e9m a boldogs\u00e1g.<br \/>\nMert \u00e9n a p\u00e9nzemet hajnalig elmulatom,<br \/>\n\u00e9s a n\u00f3t\u00e1mat sz\u00e1zszor is el huzatom,<br \/>\nNekem peng a git\u00e1r engem, cs\u00f3kol a l\u00e1ny,<br \/>\nma eny\u00e9m a boldogs\u00e1g.<br \/>\nMert \u00e9n a p\u00e9nzemet hajnalig elmulatom,<br \/>\n\u00e9s a n\u00f3t\u00e1mat sz\u00e1zszor is el huzatom,<br \/>\nNekem peng a git\u00e1r engem, cs\u00f3kol a l\u00e1ny,<br \/>\nma eny\u00e9m a boldogs\u00e1g.<\/p>\n<p>&#8212;V\u00e9ge&#8212;<\/p>\n","protected":false},"featured_media":9289,"template":"","meta":{"site-sidebar-layout":"default","site-content-layout":"default","ast-site-content-layout":"default","site-content-style":"default","site-sidebar-style":"default","ast-global-header-display":"","ast-banner-title-visibility":"","ast-main-header-display":"","ast-hfb-above-header-display":"","ast-hfb-below-header-display":"","ast-hfb-mobile-header-display":"","site-post-title":"","ast-breadcrumbs-content":"","ast-featured-img":"","footer-sml-layout":"","theme-transparent-header-meta":"default","adv-header-id-meta":"","stick-header-meta":"","header-above-stick-meta":"","header-main-stick-meta":"","header-below-stick-meta":"","astra-migrate-meta-layouts":"set","ast-page-background-enabled":"default","ast-page-background-meta":{"desktop":{"background-color":"var(--ast-global-color-4)","background-image":"","background-repeat":"repeat","background-position":"center center","background-size":"auto","background-attachment":"scroll","background-type":"","background-media":"","overlay-type":"","overlay-color":"","overlay-opacity":"","overlay-gradient":""},"tablet":{"background-color":"","background-image":"","background-repeat":"repeat","background-position":"center center","background-size":"auto","background-attachment":"scroll","background-type":"","background-media":"","overlay-type":"","overlay-color":"","overlay-opacity":"","overlay-gradient":""},"mobile":{"background-color":"","background-image":"","background-repeat":"repeat","background-position":"center center","background-size":"auto","background-attachment":"scroll","background-type":"","background-media":"","overlay-type":"","overlay-color":"","overlay-opacity":"","overlay-gradient":""}},"ast-content-background-meta":{"desktop":{"background-color":"var(--ast-global-color-5)","background-image":"","background-repeat":"repeat","background-position":"center center","background-size":"auto","background-attachment":"scroll","background-type":"","background-media":"","overlay-type":"","overlay-color":"","overlay-opacity":"","overlay-gradient":""},"tablet":{"background-color":"var(--ast-global-color-5)","background-image":"","background-repeat":"repeat","background-position":"center center","background-size":"auto","background-attachment":"scroll","background-type":"","background-media":"","overlay-type":"","overlay-color":"","overlay-opacity":"","overlay-gradient":""},"mobile":{"background-color":"var(--ast-global-color-5)","background-image":"","background-repeat":"repeat","background-position":"center center","background-size":"auto","background-attachment":"scroll","background-type":"","background-media":"","overlay-type":"","overlay-color":"","overlay-opacity":"","overlay-gradient":""}}},"product_cat":[46],"product_tag":[],"class_list":["post-3700","product","type-product","status-publish","has-post-thumbnail","hentry","product_cat-eredeti-karaoke-dalok","desktop-align-left","tablet-align-left","mobile-align-left"],"_links":{"self":[{"href":"https:\/\/www.sunkaraoke.hu\/index.php\/wp-json\/wp\/v2\/product\/3700","targetHints":{"allow":["GET"]}}],"collection":[{"href":"https:\/\/www.sunkaraoke.hu\/index.php\/wp-json\/wp\/v2\/product"}],"about":[{"href":"https:\/\/www.sunkaraoke.hu\/index.php\/wp-json\/wp\/v2\/types\/product"}],"wp:featuredmedia":[{"embeddable":true,"href":"https:\/\/www.sunkaraoke.hu\/index.php\/wp-json\/wp\/v2\/media\/9289"}],"wp:attachment":[{"href":"https:\/\/www.sunkaraoke.hu\/index.php\/wp-json\/wp\/v2\/media?parent=3700"}],"wp:term":[{"taxonomy":"product_cat","embeddable":true,"href":"https:\/\/www.sunkaraoke.hu\/index.php\/wp-json\/wp\/v2\/product_cat?post=3700"},{"taxonomy":"product_tag","embeddable":true,"href":"https:\/\/www.sunkaraoke.hu\/index.php\/wp-json\/wp\/v2\/product_tag?post=3700"}],"curies":[{"name":"wp","href":"https:\/\/api.w.org\/{rel}","templated":true}]}}