{"id":3698,"date":"2022-08-08T20:46:38","date_gmt":"2022-08-08T20:46:38","guid":{"rendered":"https:\/\/www.sunkaraoke.hu\/index.php\/termek\/jolly-alom-alom-edes-alom\/"},"modified":"2025-03-27T13:36:44","modified_gmt":"2025-03-27T13:36:44","slug":"jolly-alom-alom-edes-alom","status":"publish","type":"product","link":"https:\/\/www.sunkaraoke.hu\/index.php\/termek\/jolly-alom-alom-edes-alom\/","title":{"rendered":"<div class=\"wcmp-player-container product-3698\"><audio controlslist=\"nodownload\" data-product=\"3698\"  volume=\"1\"  preload=\"none\" data-lazyloading=\"none\" class=\"wcmp-player track mejs-classic\" data-duration=\"0:31\" data-estimated_duration=\"4\"><source src=\"https:\/\/www.sunkaraoke.hu\/wp-content\/uploads\/2022\/08\/Alom-alom-edes-alomSB.-_demo.mp3\" type=\"audio\/mp3\" \/><\/audio><\/div>Jolly &#8211; \u00c1lom \u00e1lom \u00e9des \u00e1lom (Original)"},"content":{"rendered":"<p><strong>03:57<\/strong> | <strong><img loading=\"lazy\" decoding=\"async\" class=\"alignnone size-full wp-image-467\" src=\"https:\/\/www.sunkaraoke.hu\/wp-content\/uploads\/2022\/07\/choir_2-copy.webp\" alt=\"\" width=\"30\" height=\"30\" \/> <\/strong><\/p>\n","protected":false},"excerpt":{"rendered":"<h6>Bits\u0171r\u0171s\u00e9g: 320 kb\/s<br \/>\nHossz: 03:57<br \/>\nVok\u00e1lt tartalmaz: Nem <img loading=\"lazy\" decoding=\"async\" class=\"alignnone size-full wp-image-467\" src=\"http:\/\/www.sunkaraoke.hu\/wp-content\/uploads\/2022\/07\/choir_2-copy.png\" alt=\"\" width=\"30\" height=\"30\" \/><strong style=\"font-size: 16px;\"><br \/>\n<\/strong><\/h6>\n<p>Sunkaraoke mp3 st\u00fadi\u00f3 \/ www.sunkaraoke.hu \/ Inf: Tel: 06 20 4275001<\/p>\n<p>&#8212;Intr\u00f3&#8212;<br \/>\nFelragyog \u00fajra a napsug\u00e1r, sz\u00edvem fell\u00e1ngol.<br \/>\nKeresem mindig az \u00e1lmaid, \u00e1rny\u00e9kod t\u00e1ncol.<br \/>\nLelkemben egy a v\u00e1gy, hogy mindig vigy\u00e1zz r\u00e1m.<br \/>\nAm\u00edg csak \u00e9lek, kereslek t\u00e9ged.<\/p>\n<p>\u00c1lom, \u00e1lom, \u00e9des \u00e1lom maradj m\u00e9g velem.<br \/>\nK\u00e9t karommal \u00e1t\u00f6lellek minden \u00e9jjelen.<br \/>\n\u00c1lom, \u00e1lom, \u00e9des \u00e1lom \u00e9rintsd meg sz\u00edvemet.<br \/>\nOlyan sz\u00e9p, olyan j\u00f3 veled.<\/p>\n<p>Oly sokszor b\u00e1ntott\u00e1k sz\u00edvemet, \u00fagy \u00e9rzem f\u00e9lek.<br \/>\n\u00c1lmodni r\u00f3lad csak j\u00f3t lehet egyed\u00fcl az \u00e9jben.<br \/>\nLelkemben egy a v\u00e1gy add nekem az \u00e9jszak\u00e1t.<br \/>\nAm\u00edg csak \u00e9lek, szeretlek t\u00e9ged.<\/p>\n<p>\u00c1lom, \u00e1lom, \u00e9des \u00e1lom maradj m\u00e9g velem.<br \/>\nK\u00e9t karommal \u00e1t\u00f6lellek minden \u00e9jjelen.<br \/>\n\u00c1lom, \u00e1lom, \u00e9des \u00e1lom n\u00e9lk\u00fcled elveszek.<br \/>\nOlyan sz\u00e9p, olyan j\u00f3 veled.<br \/>\n&#8212;Sz\u00f3l\u00f3&#8212;<br \/>\n\u00c1lom, \u00e1lom, \u00e9des \u00e1lom maradj m\u00e9g velem.<br \/>\nK\u00e9t karommal \u00e1t\u00f6lellek minden \u00e9jjelen.<br \/>\n\u00c1lom, \u00e1lom, \u00e9des \u00e1lom n\u00e9lk\u00fcled elveszek.<br \/>\nOlyan sz\u00e9p, olyan j\u00f3 veled.<br \/>\n&#8212;V\u00e9ge&#8212;<\/p>\n","protected":false},"featured_media":6147,"template":"","meta":{"site-sidebar-layout":"default","site-content-layout":"default","ast-site-content-layout":"default","site-content-style":"default","site-sidebar-style":"default","ast-global-header-display":"","ast-banner-title-visibility":"","ast-main-header-display":"","ast-hfb-above-header-display":"","ast-hfb-below-header-display":"","ast-hfb-mobile-header-display":"","site-post-title":"","ast-breadcrumbs-content":"","ast-featured-img":"","footer-sml-layout":"","theme-transparent-header-meta":"default","adv-header-id-meta":"","stick-header-meta":"","header-above-stick-meta":"","header-main-stick-meta":"","header-below-stick-meta":"","astra-migrate-meta-layouts":"set","ast-page-background-enabled":"default","ast-page-background-meta":{"desktop":{"background-color":"var(--ast-global-color-4)","background-image":"","background-repeat":"repeat","background-position":"center center","background-size":"auto","background-attachment":"scroll","background-type":"","background-media":"","overlay-type":"","overlay-color":"","overlay-opacity":"","overlay-gradient":""},"tablet":{"background-color":"","background-image":"","background-repeat":"repeat","background-position":"center center","background-size":"auto","background-attachment":"scroll","background-type":"","background-media":"","overlay-type":"","overlay-color":"","overlay-opacity":"","overlay-gradient":""},"mobile":{"background-color":"","background-image":"","background-repeat":"repeat","background-position":"center center","background-size":"auto","background-attachment":"scroll","background-type":"","background-media":"","overlay-type":"","overlay-color":"","overlay-opacity":"","overlay-gradient":""}},"ast-content-background-meta":{"desktop":{"background-color":"var(--ast-global-color-5)","background-image":"","background-repeat":"repeat","background-position":"center center","background-size":"auto","background-attachment":"scroll","background-type":"","background-media":"","overlay-type":"","overlay-color":"","overlay-opacity":"","overlay-gradient":""},"tablet":{"background-color":"var(--ast-global-color-5)","background-image":"","background-repeat":"repeat","background-position":"center center","background-size":"auto","background-attachment":"scroll","background-type":"","background-media":"","overlay-type":"","overlay-color":"","overlay-opacity":"","overlay-gradient":""},"mobile":{"background-color":"var(--ast-global-color-5)","background-image":"","background-repeat":"repeat","background-position":"center center","background-size":"auto","background-attachment":"scroll","background-type":"","background-media":"","overlay-type":"","overlay-color":"","overlay-opacity":"","overlay-gradient":""}}},"product_cat":[48],"product_tag":[],"class_list":["post-3698","product","type-product","status-publish","has-post-thumbnail","hentry","product_cat-sunkaraoke-dalok","desktop-align-left","tablet-align-left","mobile-align-left"],"_links":{"self":[{"href":"https:\/\/www.sunkaraoke.hu\/index.php\/wp-json\/wp\/v2\/product\/3698","targetHints":{"allow":["GET"]}}],"collection":[{"href":"https:\/\/www.sunkaraoke.hu\/index.php\/wp-json\/wp\/v2\/product"}],"about":[{"href":"https:\/\/www.sunkaraoke.hu\/index.php\/wp-json\/wp\/v2\/types\/product"}],"wp:featuredmedia":[{"embeddable":true,"href":"https:\/\/www.sunkaraoke.hu\/index.php\/wp-json\/wp\/v2\/media\/6147"}],"wp:attachment":[{"href":"https:\/\/www.sunkaraoke.hu\/index.php\/wp-json\/wp\/v2\/media?parent=3698"}],"wp:term":[{"taxonomy":"product_cat","embeddable":true,"href":"https:\/\/www.sunkaraoke.hu\/index.php\/wp-json\/wp\/v2\/product_cat?post=3698"},{"taxonomy":"product_tag","embeddable":true,"href":"https:\/\/www.sunkaraoke.hu\/index.php\/wp-json\/wp\/v2\/product_tag?post=3698"}],"curies":[{"name":"wp","href":"https:\/\/api.w.org\/{rel}","templated":true}]}}