{"id":3649,"date":"2022-08-08T20:46:35","date_gmt":"2022-08-08T20:46:35","guid":{"rendered":"https:\/\/www.sunkaraoke.hu\/index.php\/termek\/retro-boys-ujra-itt-van-2011\/"},"modified":"2025-04-08T13:53:29","modified_gmt":"2025-04-08T13:53:29","slug":"retro-boys-ujra-itt-van-2011","status":"publish","type":"product","link":"https:\/\/www.sunkaraoke.hu\/index.php\/termek\/retro-boys-ujra-itt-van-2011\/","title":{"rendered":"<div class=\"wcmp-player-container product-3649\"><audio controlslist=\"nodownload\" data-product=\"3649\"  volume=\"1\"  preload=\"none\" data-lazyloading=\"none\" class=\"wcmp-player track mejs-classic\" data-duration=\"0:33\" data-estimated_duration=\"4\"><source src=\"https:\/\/www.sunkaraoke.hu\/wp-content\/uploads\/2022\/08\/Ujra-itt-van-Retro-B.-kdemoo.mp3\" type=\"audio\/mp3\" \/><\/audio><\/div>Retro Boys &#8211; \u00dajra itt van (Original)"},"content":{"rendered":"<p><strong>04:32<\/strong> | <strong><img loading=\"lazy\" decoding=\"async\" class=\"alignnone size-full wp-image-467\" src=\"https:\/\/www.sunkaraoke.hu\/wp-content\/uploads\/2022\/07\/choir_2-copy.webp\" alt=\"\" width=\"30\" height=\"30\" \/> <\/strong><\/p>\n","protected":false},"excerpt":{"rendered":"<h6><strong>Bits\u0171r\u0171s\u00e9g: 320<\/strong>kb\/s<strong><br \/>\n<\/strong><strong>Hossz: <\/strong>04:32<strong><br \/>\n<\/strong><strong style=\"font-size: 16px;\">Vok\u00e1lt tartalmaz: <\/strong>Nem <img loading=\"lazy\" decoding=\"async\" class=\"alignnone size-full wp-image-467\" src=\"http:\/\/www.sunkaraoke.hu\/wp-content\/uploads\/2022\/07\/choir_2-copy.png\" alt=\"\" width=\"30\" height=\"30\" \/><strong style=\"font-size: 16px;\"><br \/>\n<\/strong><\/h6>\n<p>Sunkaraoke mp3 st\u00fadi\u00f3 \/ www.sunkaraoke.hu \/ Inf: Tel: 06 20 4275001<\/p>\n<p>&#8212;Intr\u00f3&#8212;<br \/>\n\u00dajra itt van, \u00fajra itt van,<br \/>\n\u00fajra itt van a nagy csapat.<br \/>\nCsapjad \u00f6ssze, csapjad \u00f6ssze,<br \/>\ncsapjad \u00f6ssze a mancsodat.<br \/>\n\u00dajra hallom, \u00fajra hallom,<br \/>\n\u00fajra hallom a hangodat.<br \/>\nL\u00e9gy a vend\u00e9g\u00fcnk, l\u00e9gy az eml\u00e9k\u00fcnk,<br \/>\n\u00fcnnepelj\u00fck meg az \u00faj tal\u00e1lkoz\u00e1st,<br \/>\n\u00e9s hogy elf\u00e9rj\u00fcnk, arra megk\u00e9r\u00fcnk,<br \/>\nne csin\u00e1lj felfordul\u00e1st.<br \/>\nL\u00e9gy a vend\u00e9g\u00fcnk, l\u00e9gy az eml\u00e9k\u00fcnk,<br \/>\n\u00fcnnepelj\u00fck meg az \u00faj tal\u00e1lkoz\u00e1st,<br \/>\n\u00e9s hogy elf\u00e9rj\u00fcnk, arra megk\u00e9r\u00fcnk,<br \/>\nne csin\u00e1lj felfordul\u00e1st.<br \/>\n&#8212;Sz\u00f3l\u00f3&#8212;<\/p>\n<p>Sz\u00e9p le\u00e1nyok, sz\u00e9p le\u00e1nyok,<br \/>\nsz\u00e9p le\u00e1nyok, ne s\u00edrjatok.<br \/>\nHullanak m\u00e1r, hullanak m\u00e1r,<br \/>\nhullanak m\u00e1r a csillagok,<br \/>\n\u00e9s mi m\u00e9gis, \u00e9s mi m\u00e9gis,<br \/>\n\u00e9s mi m\u00e9gis itt vagyunk.<br \/>\nL\u00e9gy a vend\u00e9g\u00fcnk, l\u00e9gy az eml\u00e9k\u00fcnk,<br \/>\n\u00fcnnepelj\u00fck meg az \u00faj tal\u00e1lkoz\u00e1st,<br \/>\n\u00e9s hogy elf\u00e9rj\u00fcnk, arra megk\u00e9r\u00fcnk,<br \/>\nne csin\u00e1lj felfordul\u00e1st.<br \/>\nL\u00e9gy a vend\u00e9g\u00fcnk, l\u00e9gy az eml\u00e9k\u00fcnk,<br \/>\n\u00fcnnepelj\u00fck meg az \u00faj tal\u00e1lkoz\u00e1st,<br \/>\n\u00e9s hogy elf\u00e9rj\u00fcnk, arra megk\u00e9r\u00fcnk,<br \/>\nne csin\u00e1lj felfordul\u00e1st.<br \/>\n&#8212;Sz\u00f3l\u00f3&#8212;<br \/>\nL\u00e9gy a vend\u00e9g\u00fcnk, l\u00e9gy az eml\u00e9k\u00fcnk,<br \/>\n\u00fcnnepelj\u00fck meg az \u00faj tal\u00e1lkoz\u00e1st,<br \/>\n\u00e9s hogy elf\u00e9rj\u00fcnk, arra megk\u00e9r\u00fcnk,<br \/>\nne csin\u00e1lj felfordul\u00e1st.<br \/>\n&#8212;Sz\u00f3l\u00f3&#8212;<br \/>\nL\u00e9gy a vend\u00e9g\u00fcnk, l\u00e9gy az eml\u00e9k\u00fcnk,<br \/>\n\u00fcnnepelj\u00fck meg az \u00faj tal\u00e1lkoz\u00e1st,<br \/>\n\u00e9s hogy elf\u00e9rj\u00fcnk, arra megk\u00e9r\u00fcnk,<br \/>\nne csin\u00e1lj felfordul\u00e1st.<br \/>\n&#8212;V\u00e9ge&#8212;<\/p>\n","protected":false},"featured_media":17555,"template":"","meta":{"site-sidebar-layout":"default","site-content-layout":"default","ast-site-content-layout":"default","site-content-style":"default","site-sidebar-style":"default","ast-global-header-display":"","ast-banner-title-visibility":"","ast-main-header-display":"","ast-hfb-above-header-display":"","ast-hfb-below-header-display":"","ast-hfb-mobile-header-display":"","site-post-title":"","ast-breadcrumbs-content":"","ast-featured-img":"","footer-sml-layout":"","theme-transparent-header-meta":"default","adv-header-id-meta":"","stick-header-meta":"","header-above-stick-meta":"","header-main-stick-meta":"","header-below-stick-meta":"","astra-migrate-meta-layouts":"set","ast-page-background-enabled":"default","ast-page-background-meta":{"desktop":{"background-color":"var(--ast-global-color-4)","background-image":"","background-repeat":"repeat","background-position":"center center","background-size":"auto","background-attachment":"scroll","background-type":"","background-media":"","overlay-type":"","overlay-color":"","overlay-opacity":"","overlay-gradient":""},"tablet":{"background-color":"","background-image":"","background-repeat":"repeat","background-position":"center center","background-size":"auto","background-attachment":"scroll","background-type":"","background-media":"","overlay-type":"","overlay-color":"","overlay-opacity":"","overlay-gradient":""},"mobile":{"background-color":"","background-image":"","background-repeat":"repeat","background-position":"center center","background-size":"auto","background-attachment":"scroll","background-type":"","background-media":"","overlay-type":"","overlay-color":"","overlay-opacity":"","overlay-gradient":""}},"ast-content-background-meta":{"desktop":{"background-color":"var(--ast-global-color-5)","background-image":"","background-repeat":"repeat","background-position":"center center","background-size":"auto","background-attachment":"scroll","background-type":"","background-media":"","overlay-type":"","overlay-color":"","overlay-opacity":"","overlay-gradient":""},"tablet":{"background-color":"var(--ast-global-color-5)","background-image":"","background-repeat":"repeat","background-position":"center center","background-size":"auto","background-attachment":"scroll","background-type":"","background-media":"","overlay-type":"","overlay-color":"","overlay-opacity":"","overlay-gradient":""},"mobile":{"background-color":"var(--ast-global-color-5)","background-image":"","background-repeat":"repeat","background-position":"center center","background-size":"auto","background-attachment":"scroll","background-type":"","background-media":"","overlay-type":"","overlay-color":"","overlay-opacity":"","overlay-gradient":""}}},"product_cat":[46],"product_tag":[],"class_list":["post-3649","product","type-product","status-publish","has-post-thumbnail","hentry","product_cat-eredeti-karaoke-dalok","desktop-align-left","tablet-align-left","mobile-align-left"],"_links":{"self":[{"href":"https:\/\/www.sunkaraoke.hu\/index.php\/wp-json\/wp\/v2\/product\/3649","targetHints":{"allow":["GET"]}}],"collection":[{"href":"https:\/\/www.sunkaraoke.hu\/index.php\/wp-json\/wp\/v2\/product"}],"about":[{"href":"https:\/\/www.sunkaraoke.hu\/index.php\/wp-json\/wp\/v2\/types\/product"}],"wp:featuredmedia":[{"embeddable":true,"href":"https:\/\/www.sunkaraoke.hu\/index.php\/wp-json\/wp\/v2\/media\/17555"}],"wp:attachment":[{"href":"https:\/\/www.sunkaraoke.hu\/index.php\/wp-json\/wp\/v2\/media?parent=3649"}],"wp:term":[{"taxonomy":"product_cat","embeddable":true,"href":"https:\/\/www.sunkaraoke.hu\/index.php\/wp-json\/wp\/v2\/product_cat?post=3649"},{"taxonomy":"product_tag","embeddable":true,"href":"https:\/\/www.sunkaraoke.hu\/index.php\/wp-json\/wp\/v2\/product_tag?post=3649"}],"curies":[{"name":"wp","href":"https:\/\/api.w.org\/{rel}","templated":true}]}}