{"id":3612,"date":"2022-08-08T20:46:33","date_gmt":"2022-08-08T20:46:33","guid":{"rendered":"https:\/\/www.sunkaraoke.hu\/index.php\/termek\/fancy-szedult-lany\/"},"modified":"2025-04-08T13:11:43","modified_gmt":"2025-04-08T13:11:43","slug":"fancy-szedult-lany","status":"publish","type":"product","link":"https:\/\/www.sunkaraoke.hu\/index.php\/termek\/fancy-szedult-lany\/","title":{"rendered":"<div class=\"wcmp-player-container product-3612\"><audio controlslist=\"nodownload\" data-product=\"3612\"  volume=\"1\"  preload=\"none\" data-lazyloading=\"none\" class=\"wcmp-player track mejs-classic\" data-duration=\"0:33\" data-estimated_duration=\"4\"><source src=\"https:\/\/www.sunkaraoke.hu\/wp-content\/uploads\/2022\/08\/Szedult-lany-Fancy-karaoke-demoo.mp3\" type=\"audio\/mp3\" \/><\/audio><\/div>Fancy &#8211; Sz\u00e9d\u00fclt l\u00e1ny \/Magyar sz\u00f6veggel\/ (Original Tommy Edition)"},"content":{"rendered":"<p><strong>03:54<\/strong> | <strong><img loading=\"lazy\" decoding=\"async\" class=\"alignnone size-full wp-image-467\" src=\"https:\/\/www.sunkaraoke.hu\/wp-content\/uploads\/2022\/07\/choir_2-copy.webp\" alt=\"\" width=\"30\" height=\"30\" \/> <\/strong><\/p>\n","protected":false},"excerpt":{"rendered":"<h6><strong>Bits\u0171r\u0171s\u00e9g: 320<\/strong>kb\/s<strong><br \/>\n<\/strong><strong>Hossz: <\/strong>03:54<strong><br \/>\n<\/strong><strong style=\"font-size: 16px;\">Vok\u00e1lt tartalmaz: <\/strong>Nem <img loading=\"lazy\" decoding=\"async\" class=\"alignnone size-full wp-image-467\" src=\"http:\/\/www.sunkaraoke.hu\/wp-content\/uploads\/2022\/07\/choir_2-copy.png\" alt=\"\" width=\"30\" height=\"30\" \/><strong style=\"font-size: 16px;\"><br \/>\n<\/strong><\/h6>\n<p>Sunkaraoke mp3 st\u00fadi\u00f3 \/ www.sunkaraoke.hu \/ Inf: Tel: 06 20 4275001<\/p>\n<p>&#8212;Intr\u00f3&#8212;<br \/>\nA szerelem \u00e9g,<br \/>\na szerelem n\u00e9ha f\u00e1j!<br \/>\nSokszor perzselt, m\u00e1r a l\u00e1ny,<br \/>\nm\u00e9gis s\u0171r\u0171n, hajt a v\u00e1gy,<br \/>\nhogy megtal\u00e1ld, \u00fajra, r\u00e1tal\u00e1lj!<\/p>\n<p>Sz\u00e9d\u00fclt l\u00e1ny, te sz\u00e9d\u00fclt l\u00e1ny!<br \/>\nTanuld meg, \u00e9lvezni a mag\u00e1nyt,<br \/>\nne kutasd, hogyan tov\u00e1bb!<br \/>\nA szerelem, kisl\u00e1ny, majd r\u00e1d tal\u00e1l,<br \/>\n\u00fajra \u00e9s \u00fajra, csak v\u00e1rj,<br \/>\nte sz\u00e9d\u00fclt l\u00e1ny!<br \/>\n&#8212;Sz\u00f3l\u00f3&#8212;<br \/>\nA szemed mes\u00e9l, f\u00e1j ha n\u00e9zel r\u00e1m!<br \/>\nTudom kisl\u00e1ny,<br \/>\nhogy most mi f\u00e1j,<br \/>\nkell a t\u0171z,<br \/>\ns csod\u00e1ra v\u00e1rsz,<br \/>\nmegtal\u00e1l, hidd el, r\u00e1d tal\u00e1l!<\/p>\n<p>Sz\u00e9d\u00fclt l\u00e1ny, te sz\u00e9d\u00fclt l\u00e1ny!<br \/>\nTanuld meg, \u00e9lvezni a mag\u00e1nyt,<br \/>\nne kutasd, hogyan tov\u00e1bb!<br \/>\nA szerelem, kisl\u00e1ny, majd r\u00e1d tal\u00e1l,<br \/>\n\u00fajra \u00e9s \u00fajra, csak v\u00e1rj,<br \/>\nte sz\u00e9d\u00fclt l\u00e1ny!<br \/>\n&#8212;Sz\u00f3l\u00f3&#8212;<br \/>\nSz\u00e9d\u00fclt l\u00e1ny, te sz\u00e9d\u00fclt l\u00e1ny!<br \/>\nTanuld meg, \u00e9lvezni a mag\u00e1nyt,<br \/>\nne kutasd, hogyan tov\u00e1bb!<br \/>\nA szerelem, kisl\u00e1ny, majd r\u00e1d tal\u00e1l,<br \/>\n\u00fajra \u00e9s \u00fajra, csak v\u00e1rj,<br \/>\nte sz\u00e9d\u00fclt l\u00e1ny!<br \/>\n&#8212;V\u00e9ge&#8212;<\/p>\n","protected":false},"featured_media":17935,"template":"","meta":{"site-sidebar-layout":"default","site-content-layout":"default","ast-site-content-layout":"default","site-content-style":"default","site-sidebar-style":"default","ast-global-header-display":"","ast-banner-title-visibility":"","ast-main-header-display":"","ast-hfb-above-header-display":"","ast-hfb-below-header-display":"","ast-hfb-mobile-header-display":"","site-post-title":"","ast-breadcrumbs-content":"","ast-featured-img":"","footer-sml-layout":"","theme-transparent-header-meta":"default","adv-header-id-meta":"","stick-header-meta":"","header-above-stick-meta":"","header-main-stick-meta":"","header-below-stick-meta":"","astra-migrate-meta-layouts":"set","ast-page-background-enabled":"default","ast-page-background-meta":{"desktop":{"background-color":"var(--ast-global-color-4)","background-image":"","background-repeat":"repeat","background-position":"center center","background-size":"auto","background-attachment":"scroll","background-type":"","background-media":"","overlay-type":"","overlay-color":"","overlay-opacity":"","overlay-gradient":""},"tablet":{"background-color":"","background-image":"","background-repeat":"repeat","background-position":"center center","background-size":"auto","background-attachment":"scroll","background-type":"","background-media":"","overlay-type":"","overlay-color":"","overlay-opacity":"","overlay-gradient":""},"mobile":{"background-color":"","background-image":"","background-repeat":"repeat","background-position":"center center","background-size":"auto","background-attachment":"scroll","background-type":"","background-media":"","overlay-type":"","overlay-color":"","overlay-opacity":"","overlay-gradient":""}},"ast-content-background-meta":{"desktop":{"background-color":"var(--ast-global-color-5)","background-image":"","background-repeat":"repeat","background-position":"center center","background-size":"auto","background-attachment":"scroll","background-type":"","background-media":"","overlay-type":"","overlay-color":"","overlay-opacity":"","overlay-gradient":""},"tablet":{"background-color":"var(--ast-global-color-5)","background-image":"","background-repeat":"repeat","background-position":"center center","background-size":"auto","background-attachment":"scroll","background-type":"","background-media":"","overlay-type":"","overlay-color":"","overlay-opacity":"","overlay-gradient":""},"mobile":{"background-color":"var(--ast-global-color-5)","background-image":"","background-repeat":"repeat","background-position":"center center","background-size":"auto","background-attachment":"scroll","background-type":"","background-media":"","overlay-type":"","overlay-color":"","overlay-opacity":"","overlay-gradient":""}}},"product_cat":[48],"product_tag":[],"class_list":["post-3612","product","type-product","status-publish","has-post-thumbnail","hentry","product_cat-sunkaraoke-dalok","desktop-align-left","tablet-align-left","mobile-align-left"],"_links":{"self":[{"href":"https:\/\/www.sunkaraoke.hu\/index.php\/wp-json\/wp\/v2\/product\/3612","targetHints":{"allow":["GET"]}}],"collection":[{"href":"https:\/\/www.sunkaraoke.hu\/index.php\/wp-json\/wp\/v2\/product"}],"about":[{"href":"https:\/\/www.sunkaraoke.hu\/index.php\/wp-json\/wp\/v2\/types\/product"}],"wp:featuredmedia":[{"embeddable":true,"href":"https:\/\/www.sunkaraoke.hu\/index.php\/wp-json\/wp\/v2\/media\/17935"}],"wp:attachment":[{"href":"https:\/\/www.sunkaraoke.hu\/index.php\/wp-json\/wp\/v2\/media?parent=3612"}],"wp:term":[{"taxonomy":"product_cat","embeddable":true,"href":"https:\/\/www.sunkaraoke.hu\/index.php\/wp-json\/wp\/v2\/product_cat?post=3612"},{"taxonomy":"product_tag","embeddable":true,"href":"https:\/\/www.sunkaraoke.hu\/index.php\/wp-json\/wp\/v2\/product_tag?post=3612"}],"curies":[{"name":"wp","href":"https:\/\/api.w.org\/{rel}","templated":true}]}}