{"id":3527,"date":"2022-08-08T20:46:28","date_gmt":"2022-08-08T20:46:28","guid":{"rendered":"https:\/\/www.sunkaraoke.hu\/index.php\/termek\/tajtiboy-tajtiboy-mulatos-mix-2011\/"},"modified":"2025-04-05T09:15:22","modified_gmt":"2025-04-05T09:15:22","slug":"tajtiboy-tajtiboy-mulatos-mix-2011","status":"publish","type":"product","link":"https:\/\/www.sunkaraoke.hu\/index.php\/termek\/tajtiboy-tajtiboy-mulatos-mix-2011\/","title":{"rendered":"<div class=\"wcmp-player-container product-3527\"><audio controlslist=\"nodownload\" data-product=\"3527\"  volume=\"1\"  preload=\"none\" data-lazyloading=\"none\" class=\"wcmp-player track mejs-classic\" data-duration=\"0:32\" data-estimated_duration=\"4\"><source src=\"https:\/\/www.sunkaraoke.hu\/wp-content\/uploads\/2022\/08\/Tajtiy-mix_demooo.mp3\" type=\"audio\/mp3\" \/><\/audio><\/div>Tajtiboy &#8211; Tajtiboy Mulat\u00f3s Mix. 01 (Original)"},"content":{"rendered":"<p><strong>03:59<\/strong> | <strong><img loading=\"lazy\" decoding=\"async\" class=\"alignnone size-full wp-image-467\" src=\"https:\/\/www.sunkaraoke.hu\/wp-content\/uploads\/2022\/07\/choir_2-copy.webp\" alt=\"\" width=\"30\" height=\"30\" \/> <\/strong><\/p>\n","protected":false},"excerpt":{"rendered":"<h6><strong>Bits\u0171r\u0171s\u00e9g: 320<\/strong>kb\/s<strong><br \/>\n<\/strong><strong>Hossz: <\/strong>03:59<strong><br \/>\n<\/strong><strong style=\"font-size: 16px;\">Vok\u00e1lt tartalmaz: <\/strong>Nem <img loading=\"lazy\" decoding=\"async\" class=\"alignnone size-full wp-image-467\" src=\"http:\/\/www.sunkaraoke.hu\/wp-content\/uploads\/2022\/07\/choir_2-copy.png\" alt=\"\" width=\"30\" height=\"30\" \/><strong style=\"font-size: 16px;\"><br \/>\n<\/strong><\/h6>\n<p>Sunkaraoke mp3 st\u00fadi\u00f3 \/ www.sunkaraoke.hu \/ Inf: Tel: 06 20 4275001<\/p>\n<p>&#8212;Intr\u00f3&#8212;<br \/>\nZsebkend\u0151m n\u00e9gy sarka sim\u00e1ra van vasalva.<br \/>\nMind a n\u00e9gy sark\u00e1ba a bab\u00e1m neve van varrva.<br \/>\nAz egyik sz\u0151ke, a m\u00e1sik barna, a harmadik csoda sz\u00e9p.<br \/>\nMeg\u00e1llj te, csoda sz\u00e9p, majd eszedbe jutok m\u00e9g!<br \/>\nAz egyik sz\u0151ke, a m\u00e1sik barna, a harmadik csoda sz\u00e9p.<br \/>\nMeg\u00e1llj te, csoda sz\u00e9p, majd eszedbe jutok m\u00e9g!<\/p>\n<p>Halas t\u00f3, b\u00e9k\u00e1s t\u00f3 jaj de sz\u00e1raz a partja,<br \/>\noda v\u00e1r a bab\u00e1m, minden \u00e1ldott \u00e9jszaka.<br \/>\nR\u00e1 k\u00f6lt\u00f6ttem p\u00e9nzem fel\u00e9t, az\u00e9rt vagy te csoda sz\u00e9p,<br \/>\nmeg\u00e1llj te, csodasz\u00e9p, majd eszedbe jutok m\u00e9g!<br \/>\nR\u00e1 k\u00f6lt\u00f6ttem p\u00e9nzem fel\u00e9t, az\u00e9rt vagy te csoda sz\u00e9p,<br \/>\nmeg\u00e1llj te, csodasz\u00e9p, majd eszedbe jutok m\u00e9g!<\/p>\n<p>M\u00e1r ezut\u00e1n k\u00e9t szeret\u0151t tartok,<br \/>\naz egyikt\u0151l a m\u00e1sikhoz j\u00e1rok,<br \/>\nha az egyik h\u0171tlen lesz \u00e9s megcsal,<br \/>\nmegyek a m\u00e1sikhoz majd az megvigasztal.<br \/>\nHa az egyik h\u0171tlen lesz \u00e9s megcsal,<br \/>\nmegyek a m\u00e1sikhoz majd az megvigasztal.<\/p>\n<p>M\u00e1r ezut\u00e1n \u00fagy \u00e9lem vil\u00e1gom,<br \/>\nkiskalapom a jobb szememre v\u00e1gom,<br \/>\njobb szememr\u0151l a bal szememre v\u00e1gom,<br \/>\n\u00e9s a kis angyalom \u00e9des cs\u00f3kj\u00e1t v\u00e1rom.<br \/>\nJobb szememr\u0151l a bal szememre v\u00e1gom,<br \/>\n\u00e9s a kis angyalom \u00e9des cs\u00f3kj\u00e1t v\u00e1rom.<\/p>\n<p>S\u0171r\u0171n esik az es\u0151, b\u00e1nom is \u00e9n,<br \/>\n\u00e1j,n\u00e1,n\u00e1,n\u00e1,n\u00e1,n\u00e1,\u2026..\u00e1j,n\u00e1,n\u00e1,n\u00e1,n\u00e1,n\u00e1,\u2026..<br \/>\n\u00e1j,n\u00e1,n\u00e1,n\u00e1,n\u00e1,n\u00e1,\u2026..\u00e1j,n\u00e1,n\u00e1,n\u00e1,n\u00e1,n\u00e1,\u2026..<br \/>\nak\u00e1r esik, ak\u00e1r f\u00faj,b\u00e1nom is \u00e9n,<br \/>\n\u00e1j,n\u00e1,n\u00e1,n\u00e1,n\u00e1,n\u00e1,\u2026..\u00e1j,n\u00e1,n\u00e1,n\u00e1,n\u00e1,n\u00e1,\u2026..<br \/>\n\u00e1j,n\u00e1,n\u00e1,n\u00e1,n\u00e1,n\u00e1,\u2026..\u00e1j,n\u00e1,n\u00e1,n\u00e1,n\u00e1,n\u00e1,\u2026..<\/p>\n<p>N\u00e1das fel\u0151l f\u00faj a sz\u00e9l, b\u00e1nom is \u00e9n,<br \/>\n\u00e1j,n\u00e1,n\u00e1,n\u00e1,n\u00e1,n\u00e1,\u2026..\u00e1j,n\u00e1,n\u00e1,n\u00e1,n\u00e1,n\u00e1,\u2026..<br \/>\n\u00e1j,n\u00e1,n\u00e1,n\u00e1,n\u00e1,n\u00e1,\u2026..\u00e1j,n\u00e1,n\u00e1,n\u00e1,n\u00e1,n\u00e1,\u2026..<br \/>\nak\u00e1r esik, ak\u00e1r f\u00faj,b\u00e1nom is \u00e9n,<br \/>\n\u00e1j,n\u00e1,n\u00e1,n\u00e1,n\u00e1,n\u00e1,\u2026..\u00e1j,n\u00e1,n\u00e1,n\u00e1,n\u00e1,n\u00e1,\u2026..<br \/>\n\u00e1j,n\u00e1,n\u00e1,n\u00e1,n\u00e1,n\u00e1,\u2026..\u00e1j,n\u00e1,n\u00e1,n\u00e1,n\u00e1,n\u00e1,\u2026..<br \/>\nS\u0171r\u0171n esik az es\u0151, b\u00e1nom is \u00e9n,<br \/>\n\u00e1j,n\u00e1,n\u00e1,n\u00e1,n\u00e1,n\u00e1,\u2026..\u00e1j,n\u00e1,n\u00e1,n\u00e1,n\u00e1,n\u00e1,\u2026..<br \/>\n\u00e1j,n\u00e1,n\u00e1,n\u00e1,n\u00e1,n\u00e1,\u2026..\u00e1j,n\u00e1,n\u00e1,n\u00e1,n\u00e1,n\u00e1,\u2026..<br \/>\nak\u00e1r esik, ak\u00e1r f\u00faj,b\u00e1nom is \u00e9n,<br \/>\n\u00e1j,n\u00e1,n\u00e1,n\u00e1,n\u00e1,n\u00e1,\u2026..\u00e1j,n\u00e1,n\u00e1,n\u00e1,n\u00e1,n\u00e1,\u2026..<br \/>\n\u00e1j,n\u00e1,n\u00e1,n\u00e1,n\u00e1,n\u00e1,\u2026..\u00e1j,n\u00e1,n\u00e1,n\u00e1,n\u00e1,n\u00e1,\u2026..<br \/>\n&#8212;V\u00e9ge&#8212;<\/p>\n","protected":false},"featured_media":9020,"template":"","meta":{"site-sidebar-layout":"default","site-content-layout":"default","ast-site-content-layout":"default","site-content-style":"default","site-sidebar-style":"default","ast-global-header-display":"","ast-banner-title-visibility":"","ast-main-header-display":"","ast-hfb-above-header-display":"","ast-hfb-below-header-display":"","ast-hfb-mobile-header-display":"","site-post-title":"","ast-breadcrumbs-content":"","ast-featured-img":"","footer-sml-layout":"","theme-transparent-header-meta":"default","adv-header-id-meta":"","stick-header-meta":"","header-above-stick-meta":"","header-main-stick-meta":"","header-below-stick-meta":"","astra-migrate-meta-layouts":"set","ast-page-background-enabled":"default","ast-page-background-meta":{"desktop":{"background-color":"var(--ast-global-color-4)","background-image":"","background-repeat":"repeat","background-position":"center center","background-size":"auto","background-attachment":"scroll","background-type":"","background-media":"","overlay-type":"","overlay-color":"","overlay-opacity":"","overlay-gradient":""},"tablet":{"background-color":"","background-image":"","background-repeat":"repeat","background-position":"center center","background-size":"auto","background-attachment":"scroll","background-type":"","background-media":"","overlay-type":"","overlay-color":"","overlay-opacity":"","overlay-gradient":""},"mobile":{"background-color":"","background-image":"","background-repeat":"repeat","background-position":"center center","background-size":"auto","background-attachment":"scroll","background-type":"","background-media":"","overlay-type":"","overlay-color":"","overlay-opacity":"","overlay-gradient":""}},"ast-content-background-meta":{"desktop":{"background-color":"var(--ast-global-color-5)","background-image":"","background-repeat":"repeat","background-position":"center center","background-size":"auto","background-attachment":"scroll","background-type":"","background-media":"","overlay-type":"","overlay-color":"","overlay-opacity":"","overlay-gradient":""},"tablet":{"background-color":"var(--ast-global-color-5)","background-image":"","background-repeat":"repeat","background-position":"center center","background-size":"auto","background-attachment":"scroll","background-type":"","background-media":"","overlay-type":"","overlay-color":"","overlay-opacity":"","overlay-gradient":""},"mobile":{"background-color":"var(--ast-global-color-5)","background-image":"","background-repeat":"repeat","background-position":"center center","background-size":"auto","background-attachment":"scroll","background-type":"","background-media":"","overlay-type":"","overlay-color":"","overlay-opacity":"","overlay-gradient":""}}},"product_cat":[52],"product_tag":[],"class_list":["post-3527","product","type-product","status-publish","has-post-thumbnail","hentry","product_cat-tajtiboy","desktop-align-left","tablet-align-left","mobile-align-left"],"_links":{"self":[{"href":"https:\/\/www.sunkaraoke.hu\/index.php\/wp-json\/wp\/v2\/product\/3527","targetHints":{"allow":["GET"]}}],"collection":[{"href":"https:\/\/www.sunkaraoke.hu\/index.php\/wp-json\/wp\/v2\/product"}],"about":[{"href":"https:\/\/www.sunkaraoke.hu\/index.php\/wp-json\/wp\/v2\/types\/product"}],"wp:featuredmedia":[{"embeddable":true,"href":"https:\/\/www.sunkaraoke.hu\/index.php\/wp-json\/wp\/v2\/media\/9020"}],"wp:attachment":[{"href":"https:\/\/www.sunkaraoke.hu\/index.php\/wp-json\/wp\/v2\/media?parent=3527"}],"wp:term":[{"taxonomy":"product_cat","embeddable":true,"href":"https:\/\/www.sunkaraoke.hu\/index.php\/wp-json\/wp\/v2\/product_cat?post=3527"},{"taxonomy":"product_tag","embeddable":true,"href":"https:\/\/www.sunkaraoke.hu\/index.php\/wp-json\/wp\/v2\/product_tag?post=3527"}],"curies":[{"name":"wp","href":"https:\/\/api.w.org\/{rel}","templated":true}]}}