{"id":3482,"date":"2022-08-08T20:46:25","date_gmt":"2022-08-08T20:46:25","guid":{"rendered":"https:\/\/www.sunkaraoke.hu\/index.php\/termek\/kocsis-janika-kocsis-janika-mulatos-mix-01\/"},"modified":"2025-04-06T11:30:16","modified_gmt":"2025-04-06T11:30:16","slug":"kocsis-janika-kocsis-janika-mulatos-mix-01","status":"publish","type":"product","link":"https:\/\/www.sunkaraoke.hu\/index.php\/termek\/kocsis-janika-kocsis-janika-mulatos-mix-01\/","title":{"rendered":"<div class=\"wcmp-player-container product-3482\"><audio controlslist=\"nodownload\" data-product=\"3482\"  volume=\"1\"  preload=\"none\" data-lazyloading=\"none\" class=\"wcmp-player track mejs-classic\" data-duration=\"0:32\" data-estimated_duration=\"4\"><source src=\"https:\/\/www.sunkaraoke.hu\/wp-content\/uploads\/2022\/08\/Kocsis-Janika-Mulatos-mix-01-kdemooo.mp3\" type=\"audio\/mp3\" \/><\/audio><\/div>Kocsis Janika &#8211; Kocsis Janika Mulat\u00f3s mix 01. (Original Emil Edition)"},"content":{"rendered":"<p><strong>08:52<\/strong>\u00a0| <strong><img loading=\"lazy\" decoding=\"async\" class=\"alignnone size-full wp-image-467\" src=\"https:\/\/www.sunkaraoke.hu\/wp-content\/uploads\/2022\/07\/choir_2-copy.webp\" alt=\"\" width=\"30\" height=\"30\" \/><\/strong><\/p>\n","protected":false},"excerpt":{"rendered":"<h5>Bits\u0171r\u0171s\u00e9g: 320kb\/s<br \/>\nHossz: 08:52<br \/>\nVok\u00e1lt tartalmaz: Nem <img loading=\"lazy\" decoding=\"async\" class=\"alignnone size-full wp-image-467\" src=\"http:\/\/www.sunkaraoke.hu\/wp-content\/uploads\/2022\/07\/choir_2-copy.png\" alt=\"\" width=\"30\" height=\"30\" \/><strong style=\"font-size: 16px;\"><br \/>\n<\/strong><\/h5>\n<p>Sunkaraoke mp3 st\u00fadi\u00f3 \/ www.sunkaraoke.hu \/ Inf: Tel: 06 20 4275001<\/p>\n<p>&#8212;Intr\u00f3&#8212;<br \/>\nEgyszer van egy \u00e9vben nagy lakodalom,<br \/>\negyszer van egy \u00e9vben , ilyen vigalom.<br \/>\nViszik a menyasszonyt, vacsora ut\u00e1n,<br \/>\nholnapt\u00f3l m\u00e1r asszony lesz majd ezut\u00e1n.<br \/>\nViszik a menyasszonyt vacsora ut\u00e1n,<br \/>\nholnapt\u00f3l m\u00e1r asszony lesz majd ezut\u00e1n.<\/p>\n<p>Egyszer van egy \u00e9vben, ilyen esem\u00e9ny,<br \/>\naz asztalon torta, s teas\u00fctem\u00e9ny.<br \/>\nFolyik a sok pezsg\u0151, t\u00e1ntorog a n\u00e9p,<br \/>\nma \u00e9jszaka m\u00e9g az any\u00f3som is sz\u00e9p.<br \/>\nFolyik a sok pezsg\u0151, t\u00e1ntorog a n\u00e9p,<br \/>\nma \u00e9jszaka m\u00e9g az any\u00f3som is sz\u00e9p.<\/p>\n<p>Egyszer van egy \u00e9vben,igaz szerelem,<br \/>\na h\u00e1zass\u00e1g mindig,nagy veszedelem.<br \/>\nElm\u00falik a pompa, elm\u00falik a f\u00e9ny,<br \/>\ncsak a torta marad, s a teas\u00fctem\u00e9ny.<br \/>\nElm\u00falik a pompa, elm\u00falik a f\u00e9ny,<br \/>\ncsak a torta marad, s a teas\u00fctem\u00e9ny.<br \/>\n&#8212;Sz\u00f3l\u00f3&#8212;<br \/>\nBalaton k\u00f6zepe n\u00e1ddal van ker\u00edtve,<br \/>\nker\u00edt\u00e9s t\u00f6v\u00e9be, sz\u00e1z r\u00f3zsa \u00fcltetve.<br \/>\nSz\u00e1z r\u00f3zsa levele, \u0151sszel mind lehull a v\u00edzbe,<br \/>\na r\u00f3zs\u00e1m a r\u00e9gi, most jutott eszembe.<br \/>\nSz\u00e1z r\u00f3zsa levele \u0151sszel mind lehull a v\u00edzbe,<br \/>\na r\u00f3zs\u00e1m a r\u00e9gi, most jutott eszembe.<\/p>\n<p>Ringat\u00f3 Balaton,hozd \u0151t nekem vissza,<br \/>\nakkor majd kiny\u00edlik minden \u0151szir\u00f3zsa.<br \/>\nElmenn\u00e9k \u00e9n \u00e9rte, a k\u00e9k t\u00f3 kell\u0151s k\u00f6zep\u00e9be,<br \/>\nahol a Balaton n\u00e1ddal van ker\u00edtve.<br \/>\nElmenn\u00e9k \u00e9n \u00e9rte, a k\u00e9k t\u00f3 kell\u0151s k\u00f6zep\u00e9be,<br \/>\nahol a Balaton n\u00e1ddal van ker\u00edtve.<br \/>\n&#8212;Sz\u00f3l\u00f3&#8212;<br \/>\nS\u00e1rga a csik\u00f3 ,s\u00e1rga a nyereg rajta,<br \/>\nmost akartam hozz\u00e1d menni rajta.<br \/>\nMost akartam v\u00e9led besz\u00e9lgetni,<br \/>\nitt van az id\u0151 el kell mas\u00edrozni.<br \/>\nMost akartam v\u00e9led besz\u00e9lgetni,<br \/>\nitt van az id\u0151 el kell mas\u00edrozni.<\/p>\n<p>Any\u00e1m, any\u00e1m , kedves \u00e9desany\u00e1m,<br \/>\nde szomor\u00fa vas\u00e1rnap d\u00e9lut\u00e1n.<br \/>\nH\u00e1zunk el\u0151tt , sz\u00e9pen muzsik\u00e1lnak,<br \/>\nengemet pedig, visznek katon\u00e1nak.<br \/>\nH\u00e1zunk el\u0151tt , sz\u00e9pen muzsik\u00e1lnak,<br \/>\nengemet pedig, visznek katon\u00e1nak.<br \/>\n&#8212;Sz\u00f3l\u00f3&#8212;<br \/>\n\u00c9n vagyok a falu rossza egyed\u00fcl,<br \/>\ncsak n\u00e9kem heged\u00fcl a v\u00e9n cig\u00e1ny.<br \/>\n\u00c9n vagyok a falu rossza egyed\u00fcl,<br \/>\ncsak n\u00e9kem heged\u00fcl a v\u00e9n cig\u00e1ny.<\/p>\n<p>Ha nincsen p\u00e9nzem, iszom hitelbe,<br \/>\neny\u00e9m a legszebb, le\u00e1ny szerelme.<br \/>\n\u00c9n vagyok a falu rossza egyed\u00fcl,<br \/>\ncsak n\u00e9kem heged\u00fcl a v\u00e9n cig\u00e1ny.<\/p>\n<p>Ha nincsen p\u00e9nzem, iszom hitelbe,<br \/>\neny\u00e9m a legszebb, le\u00e1ny szerelme.<br \/>\n\u00c9n vagyok a falu rossza egyed\u00fcl,<br \/>\ncsak n\u00e9kem heged\u00fcl a v\u00e9n cig\u00e1ny.<br \/>\n&#8212;Sz\u00f3l\u00f3&#8212;<br \/>\nSz\u0151r a szit\u00e1ba kisl\u00e1ny az \u00e1gyba, hossz\u00e1ba,<br \/>\nsz\u0151r a szit\u00e1ba kisl\u00e1ny az \u00e1gyba, hossz\u00e1ba.<br \/>\nAz\u00e9rt fekszik hossz\u00e1ba, hogy jobban f\u00e9rjek hozz\u00e1ja.<br \/>\nSz\u0151r a szit\u00e1ba kisl\u00e1ny az \u00e1gyba, hossz\u00e1ba.<br \/>\nAz\u00e9rt fekszik hossz\u00e1ba, hogy jobban f\u00e9rjek hozz\u00e1ja.<br \/>\nSz\u0151r a szit\u00e1ba kisl\u00e1ny az \u00e1gyba, hossz\u00e1ba.<\/p>\n<p>Kisl\u00e1ny vigy\u00e1zz ,el ne hib\u00e1zd kisl\u00e1ny a bugyidra vigy\u00e1zz.<br \/>\nKisl\u00e1ny vigy\u00e1zz ,el ne hib\u00e1zd kisl\u00e1ny a bugyidra vigy\u00e1zz.<br \/>\nVigy\u00e1ztam \u00e9n m\u00e1r eleget, m\u00e9gis bekaptam a legyet.<br \/>\nkisl\u00e1ny vigy\u00e1zz , el ne hib\u00e1zd kisl\u00e1ny a bugyidra vigy\u00e1zz.<br \/>\nVigy\u00e1ztam \u00e9n m\u00e1r eleget, m\u00e9gis bekaptam a legyet.<br \/>\nkisl\u00e1ny vigy\u00e1zz , el ne hib\u00e1zd kisl\u00e1ny a bugyidra vigy\u00e1zz.<\/p>\n<p>Kisl\u00e1ny vigy\u00e1zz ,el ne hib\u00e1zd kisl\u00e1ny a bugyidra vigy\u00e1zz.<br \/>\nKisl\u00e1ny vigy\u00e1zz ,el ne hib\u00e1zd kisl\u00e1ny a bugyidra vigy\u00e1zz.<br \/>\nVigy\u00e1zni m\u00e1r nagyon bajos, a kis Lajos hat h\u00f3napos.<br \/>\nKisl\u00e1ny vigy\u00e1zz ,el ne hib\u00e1zd kisl\u00e1ny a bugyidra vigy\u00e1zz.<br \/>\nVigy\u00e1zni m\u00e1r nagyon bajos, a kis Lajos hat h\u00f3napos.<br \/>\nKisl\u00e1ny vigy\u00e1zz ,el ne hib\u00e1zd kisl\u00e1ny a bugyidra vigy\u00e1zz.<br \/>\n&#8212;Sz\u00f3l\u00f3&#8211;<br \/>\nKukorica k\u00f6zt a t\u00f6rek,<br \/>\nde nehezen alszik el az \u00f6reg.<br \/>\nHa fel\u00e1ll az \u00f6regnek a l\u00e1ba k\u00f6zt az ina,<br \/>\nann\u00e1l jobban kell neki a kaja meg a pia.<br \/>\nHa fel\u00e1ll az \u00f6regnek a l\u00e1ba k\u00f6zt az ina,<br \/>\nann\u00e1l jobban kell neki a kaja meg a pia.<\/p>\n<p>Nagy a feles\u00e9gem hasa, nem f\u00e9rek a l\u00e1ba k\u00f6zz\u00e9 oda.<br \/>\nJaj az any\u00f3som m\u00e9g azt mondta,<br \/>\nhogy \u00e9nhozz\u00e1m sz\u0171z\u00f6n adta.<br \/>\nJaj az any\u00f3som m\u00e9g azt mondta,<br \/>\nhogy \u00e9nhozz\u00e1m sz\u0171z\u00f6n adta.<\/p>\n<p>Kukorica k\u00f6zt a t\u00f6rek,<br \/>\nde nehezen alszik el az \u00f6reg.<br \/>\nHa fel\u00e1ll az \u00f6regnek a l\u00e1ba k\u00f6zt az ina,<br \/>\nann\u00e1l jobban kell neki a kaja meg a pia.<br \/>\nHa fel\u00e1ll az \u00f6regnek a l\u00e1ba k\u00f6zt az ina,<br \/>\nann\u00e1l jobban kell neki a kaja meg a pia.<\/p>\n<p>Nagy a feles\u00e9gem hasa, nem f\u00e9rek a l\u00e1ba k\u00f6zz\u00e9 oda.<br \/>\nJaj az any\u00f3som m\u00e9g azt mondta,<br \/>\nhogy \u00e9nhozz\u00e1m sz\u0171z\u00f6n adta.<br \/>\nJaj az any\u00f3som m\u00e9g azt mondta,<br \/>\nhogy \u00e9nhozz\u00e1m sz\u0171z\u00f6n adta.<br \/>\n&#8212;V\u00e9ge&#8212;<\/p>\n","protected":false},"featured_media":8738,"template":"","meta":{"site-sidebar-layout":"default","site-content-layout":"default","ast-site-content-layout":"default","site-content-style":"default","site-sidebar-style":"default","ast-global-header-display":"","ast-banner-title-visibility":"","ast-main-header-display":"","ast-hfb-above-header-display":"","ast-hfb-below-header-display":"","ast-hfb-mobile-header-display":"","site-post-title":"","ast-breadcrumbs-content":"","ast-featured-img":"","footer-sml-layout":"","theme-transparent-header-meta":"default","adv-header-id-meta":"","stick-header-meta":"","header-above-stick-meta":"","header-main-stick-meta":"","header-below-stick-meta":"","astra-migrate-meta-layouts":"set","ast-page-background-enabled":"default","ast-page-background-meta":{"desktop":{"background-color":"var(--ast-global-color-4)","background-image":"","background-repeat":"repeat","background-position":"center center","background-size":"auto","background-attachment":"scroll","background-type":"","background-media":"","overlay-type":"","overlay-color":"","overlay-opacity":"","overlay-gradient":""},"tablet":{"background-color":"","background-image":"","background-repeat":"repeat","background-position":"center center","background-size":"auto","background-attachment":"scroll","background-type":"","background-media":"","overlay-type":"","overlay-color":"","overlay-opacity":"","overlay-gradient":""},"mobile":{"background-color":"","background-image":"","background-repeat":"repeat","background-position":"center center","background-size":"auto","background-attachment":"scroll","background-type":"","background-media":"","overlay-type":"","overlay-color":"","overlay-opacity":"","overlay-gradient":""}},"ast-content-background-meta":{"desktop":{"background-color":"var(--ast-global-color-5)","background-image":"","background-repeat":"repeat","background-position":"center center","background-size":"auto","background-attachment":"scroll","background-type":"","background-media":"","overlay-type":"","overlay-color":"","overlay-opacity":"","overlay-gradient":""},"tablet":{"background-color":"var(--ast-global-color-5)","background-image":"","background-repeat":"repeat","background-position":"center center","background-size":"auto","background-attachment":"scroll","background-type":"","background-media":"","overlay-type":"","overlay-color":"","overlay-opacity":"","overlay-gradient":""},"mobile":{"background-color":"var(--ast-global-color-5)","background-image":"","background-repeat":"repeat","background-position":"center center","background-size":"auto","background-attachment":"scroll","background-type":"","background-media":"","overlay-type":"","overlay-color":"","overlay-opacity":"","overlay-gradient":""}}},"product_cat":[48],"product_tag":[],"class_list":["post-3482","product","type-product","status-publish","has-post-thumbnail","hentry","product_cat-sunkaraoke-dalok","desktop-align-left","tablet-align-left","mobile-align-left"],"_links":{"self":[{"href":"https:\/\/www.sunkaraoke.hu\/index.php\/wp-json\/wp\/v2\/product\/3482","targetHints":{"allow":["GET"]}}],"collection":[{"href":"https:\/\/www.sunkaraoke.hu\/index.php\/wp-json\/wp\/v2\/product"}],"about":[{"href":"https:\/\/www.sunkaraoke.hu\/index.php\/wp-json\/wp\/v2\/types\/product"}],"wp:featuredmedia":[{"embeddable":true,"href":"https:\/\/www.sunkaraoke.hu\/index.php\/wp-json\/wp\/v2\/media\/8738"}],"wp:attachment":[{"href":"https:\/\/www.sunkaraoke.hu\/index.php\/wp-json\/wp\/v2\/media?parent=3482"}],"wp:term":[{"taxonomy":"product_cat","embeddable":true,"href":"https:\/\/www.sunkaraoke.hu\/index.php\/wp-json\/wp\/v2\/product_cat?post=3482"},{"taxonomy":"product_tag","embeddable":true,"href":"https:\/\/www.sunkaraoke.hu\/index.php\/wp-json\/wp\/v2\/product_tag?post=3482"}],"curies":[{"name":"wp","href":"https:\/\/api.w.org\/{rel}","templated":true}]}}