{"id":3480,"date":"2022-08-08T20:46:25","date_gmt":"2022-08-08T20:46:25","guid":{"rendered":"https:\/\/www.sunkaraoke.hu\/index.php\/termek\/kredenc-ez-majdnem-szerelem-volt\/"},"modified":"2025-04-06T18:30:51","modified_gmt":"2025-04-06T18:30:51","slug":"kredenc-ez-majdnem-szerelem-volt","status":"publish","type":"product","link":"https:\/\/www.sunkaraoke.hu\/index.php\/termek\/kredenc-ez-majdnem-szerelem-volt\/","title":{"rendered":"<div class=\"wcmp-player-container product-3480\"><audio controlslist=\"nodownload\" data-product=\"3480\"  volume=\"1\"  preload=\"none\" data-lazyloading=\"none\" class=\"wcmp-player track mejs-classic\" data-duration=\"0:31\" data-estimated_duration=\"4\"><source src=\"https:\/\/www.sunkaraoke.hu\/wp-content\/uploads\/2022\/08\/Ez-majdnem-szerelem-volt-vocal-kdemoo.mp3\" type=\"audio\/mp3\" \/><\/audio><\/div>Kredenc &#8211; Ez majdnem szerelem volt (Original Palika Edition)"},"content":{"rendered":"<p><strong>03:21<\/strong> | <strong><img loading=\"lazy\" decoding=\"async\" class=\"alignnone size-full wp-image-466\" src=\"https:\/\/www.sunkaraoke.hu\/wp-content\/uploads\/2022\/07\/choir_1-copy.webp\" alt=\"\" width=\"30\" height=\"30\" \/> <\/strong><\/p>\n","protected":false},"excerpt":{"rendered":"<h6><strong>Bits\u0171r\u0171s\u00e9g: 320<\/strong>kb\/s<strong><br \/>\n<\/strong><strong>Hossz: <\/strong>03:21<strong><br \/>\n<\/strong><strong style=\"font-size: 16px;\">Vok\u00e1lt tartalmaz: <\/strong>Igen <img loading=\"lazy\" decoding=\"async\" class=\"alignnone size-full wp-image-466\" src=\"http:\/\/www.sunkaraoke.hu\/wp-content\/uploads\/2022\/07\/choir_1-copy.png\" alt=\"\" width=\"30\" height=\"30\" \/><strong style=\"font-size: 16px;\"><br \/>\n<\/strong><\/h6>\n<p>Sunkaraoke mp3 st\u00fadi\u00f3 \/ www.sunkaraoke.hu \/ Inf: Tel: 06 20 4275001<\/p>\n<p>&#8212;Intr\u00f3&#8212;<br \/>\nH\u00e1t elm\u00falt,<br \/>\ntudom minden v\u00e9get \u00e9rt,<br \/>\nelsz\u00e1llt a ny\u00e1r,<br \/>\noly messze j\u00e1r.<br \/>\nH\u00e1t elm\u00falt,<br \/>\nma sem \u00e9rtem,<br \/>\nhogy mi\u00e9rt?<br \/>\nM\u00e9gis \u00fagy f\u00e1j,<br \/>\nhogy elment\u00e9l,<br \/>\nelhagyt\u00e1l.<br \/>\nEz majdnem szerelem volt,<br \/>\n\u00e9s majdnem igazi v\u00e1gy,<br \/>\negy percig f\u00f6l\u00e9nk hajolt,<br \/>\nm\u00e1r ment is tov\u00e1bb.<br \/>\nMajdnem siker\u00fclt m\u00e1r,<br \/>\negy l\u00e9p\u00e9s volt csak az \u00e9g,<br \/>\naz \u00e1lmok k\u00f6df\u00e1tyol\u00e1t,<br \/>\nte t\u00e9pted sz\u00e9t.<br \/>\n&#8212;Sz\u00f3l\u00f3&#8212;<br \/>\nH\u00e1t elm\u00falt,<br \/>\ntudom minden v\u00e9get \u00e9rt,<br \/>\nelsz\u00e1llt a ny\u00e1r,<br \/>\noly messze j\u00e1r.<br \/>\nH\u00e1t elm\u00falt,<br \/>\nma sem \u00e9rtem,<br \/>\nhogy mi\u00e9rt?<br \/>\nM\u00e9gis \u00fagy f\u00e1j,<br \/>\nhogy elment\u00e9l,<br \/>\nelhagyt\u00e1l.<br \/>\nEz majdnem szerelem volt,<br \/>\n\u00e9s majdnem igazi v\u00e1gy,<br \/>\negy percig f\u00f6l\u00e9nk hajolt,<br \/>\nm\u00e1r ment is tov\u00e1bb.<br \/>\nMajdnem siker\u00fclt m\u00e1r,<br \/>\negy l\u00e9p\u00e9s volt csak az \u00e9g,<br \/>\naz \u00e1lmok k\u00f6df\u00e1tyol\u00e1t,<br \/>\nte t\u00e9pted sz\u00e9t.<br \/>\n&#8212;Sz\u00f3l\u00f3&#8212;<br \/>\nEz majdnem szerelem volt,<br \/>\n\u00e9s majdnem igazi v\u00e1gy,<br \/>\negy percig f\u00f6l\u00e9nk hajolt,<br \/>\nm\u00e1r ment is tov\u00e1bb.<br \/>\nMajdnem siker\u00fclt m\u00e1r,<br \/>\negy l\u00e9p\u00e9s volt csak az \u00e9g,<br \/>\naz \u00e1lmok k\u00f6df\u00e1tyol\u00e1t,<br \/>\nte t\u00e9pted sz\u00e9t.<br \/>\n&#8212;V\u00e9ge&#8212;<\/p>\n","protected":false},"featured_media":12585,"template":"","meta":{"site-sidebar-layout":"default","site-content-layout":"default","ast-site-content-layout":"default","site-content-style":"default","site-sidebar-style":"default","ast-global-header-display":"","ast-banner-title-visibility":"","ast-main-header-display":"","ast-hfb-above-header-display":"","ast-hfb-below-header-display":"","ast-hfb-mobile-header-display":"","site-post-title":"","ast-breadcrumbs-content":"","ast-featured-img":"","footer-sml-layout":"","theme-transparent-header-meta":"default","adv-header-id-meta":"","stick-header-meta":"","header-above-stick-meta":"","header-main-stick-meta":"","header-below-stick-meta":"","astra-migrate-meta-layouts":"set","ast-page-background-enabled":"default","ast-page-background-meta":{"desktop":{"background-color":"var(--ast-global-color-4)","background-image":"","background-repeat":"repeat","background-position":"center center","background-size":"auto","background-attachment":"scroll","background-type":"","background-media":"","overlay-type":"","overlay-color":"","overlay-opacity":"","overlay-gradient":""},"tablet":{"background-color":"","background-image":"","background-repeat":"repeat","background-position":"center center","background-size":"auto","background-attachment":"scroll","background-type":"","background-media":"","overlay-type":"","overlay-color":"","overlay-opacity":"","overlay-gradient":""},"mobile":{"background-color":"","background-image":"","background-repeat":"repeat","background-position":"center center","background-size":"auto","background-attachment":"scroll","background-type":"","background-media":"","overlay-type":"","overlay-color":"","overlay-opacity":"","overlay-gradient":""}},"ast-content-background-meta":{"desktop":{"background-color":"var(--ast-global-color-5)","background-image":"","background-repeat":"repeat","background-position":"center center","background-size":"auto","background-attachment":"scroll","background-type":"","background-media":"","overlay-type":"","overlay-color":"","overlay-opacity":"","overlay-gradient":""},"tablet":{"background-color":"var(--ast-global-color-5)","background-image":"","background-repeat":"repeat","background-position":"center center","background-size":"auto","background-attachment":"scroll","background-type":"","background-media":"","overlay-type":"","overlay-color":"","overlay-opacity":"","overlay-gradient":""},"mobile":{"background-color":"var(--ast-global-color-5)","background-image":"","background-repeat":"repeat","background-position":"center center","background-size":"auto","background-attachment":"scroll","background-type":"","background-media":"","overlay-type":"","overlay-color":"","overlay-opacity":"","overlay-gradient":""}}},"product_cat":[48],"product_tag":[],"class_list":["post-3480","product","type-product","status-publish","has-post-thumbnail","hentry","product_cat-sunkaraoke-dalok","desktop-align-left","tablet-align-left","mobile-align-left"],"_links":{"self":[{"href":"https:\/\/www.sunkaraoke.hu\/index.php\/wp-json\/wp\/v2\/product\/3480","targetHints":{"allow":["GET"]}}],"collection":[{"href":"https:\/\/www.sunkaraoke.hu\/index.php\/wp-json\/wp\/v2\/product"}],"about":[{"href":"https:\/\/www.sunkaraoke.hu\/index.php\/wp-json\/wp\/v2\/types\/product"}],"wp:featuredmedia":[{"embeddable":true,"href":"https:\/\/www.sunkaraoke.hu\/index.php\/wp-json\/wp\/v2\/media\/12585"}],"wp:attachment":[{"href":"https:\/\/www.sunkaraoke.hu\/index.php\/wp-json\/wp\/v2\/media?parent=3480"}],"wp:term":[{"taxonomy":"product_cat","embeddable":true,"href":"https:\/\/www.sunkaraoke.hu\/index.php\/wp-json\/wp\/v2\/product_cat?post=3480"},{"taxonomy":"product_tag","embeddable":true,"href":"https:\/\/www.sunkaraoke.hu\/index.php\/wp-json\/wp\/v2\/product_tag?post=3480"}],"curies":[{"name":"wp","href":"https:\/\/api.w.org\/{rel}","templated":true}]}}