{"id":3478,"date":"2022-08-08T20:46:25","date_gmt":"2022-08-08T20:46:25","guid":{"rendered":"https:\/\/www.sunkaraoke.hu\/index.php\/termek\/mario-a-harmonikas\/"},"modified":"2025-04-08T10:43:44","modified_gmt":"2025-04-08T10:43:44","slug":"mario-a-harmonikas","status":"publish","type":"product","link":"https:\/\/www.sunkaraoke.hu\/index.php\/termek\/mario-a-harmonikas\/","title":{"rendered":"<div class=\"wcmp-player-container product-3478\"><audio controlslist=\"nodownload\" data-product=\"3478\"  volume=\"1\"  preload=\"none\" data-lazyloading=\"none\" class=\"wcmp-player track mejs-classic\" data-duration=\"0:32\" data-estimated_duration=\"4\"><source src=\"https:\/\/www.sunkaraoke.hu\/wp-content\/uploads\/2022\/08\/Harmonikas-vocaldemooo.mp3\" type=\"audio\/mp3\" \/><\/audio><\/div>M\u00e1ri\u00f3 &#8211; A harm\u00f3nik\u00e1s (Original)"},"content":{"rendered":"<p><strong>02:52<\/strong> | <strong><img loading=\"lazy\" decoding=\"async\" class=\"alignnone size-full wp-image-466\" src=\"https:\/\/www.sunkaraoke.hu\/wp-content\/uploads\/2022\/07\/choir_1-copy.webp\" alt=\"\" width=\"30\" height=\"30\" \/> <\/strong><\/p>\n","protected":false},"excerpt":{"rendered":"<h6><strong>Bits\u0171r\u0171s\u00e9g: 320<\/strong>kb\/s<strong><br \/>\n<\/strong><strong>Hossz: <\/strong>02:52<strong><br \/>\n<\/strong><strong style=\"font-size: 16px;\">Vok\u00e1lt tartalmaz: <\/strong>Igen <img loading=\"lazy\" decoding=\"async\" class=\"alignnone size-full wp-image-466\" src=\"http:\/\/www.sunkaraoke.hu\/wp-content\/uploads\/2022\/07\/choir_1-copy.png\" alt=\"\" width=\"30\" height=\"30\" \/><\/h6>\n<p>Sunkaraoke mp3 st\u00fadi\u00f3 \/ www.sunkaraoke.hu \/ Inf: Tel: 06 20 4275001<\/p>\n<p>&#8212;Intr\u00f3&#8212;<br \/>\nDalolj csak j\u00f3 harm\u00f3nik\u00e1m,<br \/>\nt\u00e1ncoljon az a sz\u00e9p le\u00e1ny!<br \/>\nDalolj csak \u00f6reg cimbora,<br \/>\nnem megy\u00fcnk egyed\u00fcl haza.<\/p>\n<p>J\u00f3l figyeljetek,<br \/>\nelmes\u00e9lem most az \u00e9n kis \u00e9letem!<br \/>\nJ\u00f3l figyeljetek,<br \/>\n\u00f6reg zen\u00e9sz vagyok, nem f\u00fcllenthetek!<br \/>\n\u00d3h, sok kisle\u00e1ny,<br \/>\nn\u00e9zte \u00e9rdekl\u0151dve sz\u00e9p harm\u00f3nik\u00e1m,<br \/>\n\u00fagy sz\u00f3lt a hangszerem,<br \/>\n\u00e9s k\u00f6zben \u00e9nekelt\u00fck kedvenc sl\u00e1gerem!<\/p>\n<p>M\u00f3nik\u00e1m, dr\u00e1ga M\u00f3nik\u00e1m,<br \/>\nn\u00e9ked sz\u00f3l a harm\u00f3nik\u00e1m!<br \/>\nAh\u00e1nyszor kezembe veszem,<br \/>\nmindig csak r\u00e1d eml\u00e9kezem.<\/p>\n<p>J\u00f6tt a M\u00f3nika,<br \/>\n\u00edgy h\u00e1t v\u00e9get \u00e9rt a kalandok sora,<br \/>\nj\u00f6tt a M\u00f3nika,<br \/>\nazt\u00e1n j\u00f6tt a g\u00f3lya, s a kis T\u00f3nika!<br \/>\n\u00cdgy \u00e9lt\u00fcnk tov\u00e1bb,<br \/>\nM\u00f3ni, T\u00f3ni \u00e9s a kis harm\u00f3nik\u00e1m,<br \/>\n\u00fagy s\u00edr a hangszerem,<br \/>\namikor leporolni n\u00e9ha felveszem!<\/p>\n<p>Dalolj csak j\u00f3 harm\u00f3nik\u00e1m,<br \/>\nt\u00e1ncoljon a sok kisle\u00e1ny!<br \/>\nDalolj csak \u00f6reg cimbora,<br \/>\nnem hagylak el ne f\u00e9lj soha.<\/p>\n<p>\u00d3, a T\u00f3nika, \u0151 is muzsikus lett, mint az apuka,<br \/>\n\u00f3h, a T\u00f3nika, csak a git\u00e1rt ny\u00fazza eg\u00e9sz \u00e9jszaka!<br \/>\n\u00d3, sok kisle\u00e1ny, most m\u00e1r \u0151t im\u00e1dja, nem az apuk\u00e1t,<br \/>\na discoban nincs harm\u00f3nika sz\u00f3,<br \/>\nde k\u00e1r, hogy \u00f6reg lettem,r\u00fagja meg a l\u00f3!<br \/>\n&#8212;V\u00e9ge&#8212;<\/p>\n","protected":false},"featured_media":10392,"template":"","meta":{"site-sidebar-layout":"default","site-content-layout":"default","ast-site-content-layout":"default","site-content-style":"default","site-sidebar-style":"default","ast-global-header-display":"","ast-banner-title-visibility":"","ast-main-header-display":"","ast-hfb-above-header-display":"","ast-hfb-below-header-display":"","ast-hfb-mobile-header-display":"","site-post-title":"","ast-breadcrumbs-content":"","ast-featured-img":"","footer-sml-layout":"","theme-transparent-header-meta":"default","adv-header-id-meta":"","stick-header-meta":"","header-above-stick-meta":"","header-main-stick-meta":"","header-below-stick-meta":"","astra-migrate-meta-layouts":"set","ast-page-background-enabled":"default","ast-page-background-meta":{"desktop":{"background-color":"var(--ast-global-color-4)","background-image":"","background-repeat":"repeat","background-position":"center center","background-size":"auto","background-attachment":"scroll","background-type":"","background-media":"","overlay-type":"","overlay-color":"","overlay-opacity":"","overlay-gradient":""},"tablet":{"background-color":"","background-image":"","background-repeat":"repeat","background-position":"center center","background-size":"auto","background-attachment":"scroll","background-type":"","background-media":"","overlay-type":"","overlay-color":"","overlay-opacity":"","overlay-gradient":""},"mobile":{"background-color":"","background-image":"","background-repeat":"repeat","background-position":"center center","background-size":"auto","background-attachment":"scroll","background-type":"","background-media":"","overlay-type":"","overlay-color":"","overlay-opacity":"","overlay-gradient":""}},"ast-content-background-meta":{"desktop":{"background-color":"var(--ast-global-color-5)","background-image":"","background-repeat":"repeat","background-position":"center center","background-size":"auto","background-attachment":"scroll","background-type":"","background-media":"","overlay-type":"","overlay-color":"","overlay-opacity":"","overlay-gradient":""},"tablet":{"background-color":"var(--ast-global-color-5)","background-image":"","background-repeat":"repeat","background-position":"center center","background-size":"auto","background-attachment":"scroll","background-type":"","background-media":"","overlay-type":"","overlay-color":"","overlay-opacity":"","overlay-gradient":""},"mobile":{"background-color":"var(--ast-global-color-5)","background-image":"","background-repeat":"repeat","background-position":"center center","background-size":"auto","background-attachment":"scroll","background-type":"","background-media":"","overlay-type":"","overlay-color":"","overlay-opacity":"","overlay-gradient":""}}},"product_cat":[48],"product_tag":[],"class_list":["post-3478","product","type-product","status-publish","has-post-thumbnail","hentry","product_cat-sunkaraoke-dalok","desktop-align-left","tablet-align-left","mobile-align-left"],"_links":{"self":[{"href":"https:\/\/www.sunkaraoke.hu\/index.php\/wp-json\/wp\/v2\/product\/3478","targetHints":{"allow":["GET"]}}],"collection":[{"href":"https:\/\/www.sunkaraoke.hu\/index.php\/wp-json\/wp\/v2\/product"}],"about":[{"href":"https:\/\/www.sunkaraoke.hu\/index.php\/wp-json\/wp\/v2\/types\/product"}],"wp:featuredmedia":[{"embeddable":true,"href":"https:\/\/www.sunkaraoke.hu\/index.php\/wp-json\/wp\/v2\/media\/10392"}],"wp:attachment":[{"href":"https:\/\/www.sunkaraoke.hu\/index.php\/wp-json\/wp\/v2\/media?parent=3478"}],"wp:term":[{"taxonomy":"product_cat","embeddable":true,"href":"https:\/\/www.sunkaraoke.hu\/index.php\/wp-json\/wp\/v2\/product_cat?post=3478"},{"taxonomy":"product_tag","embeddable":true,"href":"https:\/\/www.sunkaraoke.hu\/index.php\/wp-json\/wp\/v2\/product_tag?post=3478"}],"curies":[{"name":"wp","href":"https:\/\/api.w.org\/{rel}","templated":true}]}}