{"id":3348,"date":"2022-08-08T20:46:18","date_gmt":"2022-08-08T20:46:18","guid":{"rendered":"https:\/\/www.sunkaraoke.hu\/index.php\/termek\/tajtiboy-suzana\/"},"modified":"2025-04-05T04:17:16","modified_gmt":"2025-04-05T04:17:16","slug":"tajtiboy-suzana","status":"publish","type":"product","link":"https:\/\/www.sunkaraoke.hu\/index.php\/termek\/tajtiboy-suzana\/","title":{"rendered":"<div class=\"wcmp-player-container product-3348\"><audio controlslist=\"nodownload\" data-product=\"3348\"  volume=\"1\"  preload=\"none\" data-lazyloading=\"none\" class=\"wcmp-player track mejs-classic\" data-duration=\"0:34\" data-estimated_duration=\"4\"><source src=\"https:\/\/www.sunkaraoke.hu\/wp-content\/uploads\/2022\/08\/Suzo-Suzana-Tajti-Szerb-demooo.mp3\" type=\"audio\/mp3\" \/><\/audio><\/div>Tajtiboy &#8211; Suzana (Original Szerb)"},"content":{"rendered":"<p><strong>03:14<\/strong> | <strong><img loading=\"lazy\" decoding=\"async\" class=\"alignnone size-full wp-image-467\" src=\"https:\/\/www.sunkaraoke.hu\/wp-content\/uploads\/2022\/07\/choir_2-copy.webp\" alt=\"\" width=\"30\" height=\"30\" \/> <\/strong><\/p>\n","protected":false},"excerpt":{"rendered":"<h6><strong>Bits\u0171r\u0171s\u00e9g: 320<\/strong>kb\/s<strong><br \/>\n<\/strong><strong>Hossz: <\/strong>03:14<strong><br \/>\n<\/strong><strong style=\"font-size: 16px;\">Vok\u00e1lt tartalmaz: <\/strong>Nem <img loading=\"lazy\" decoding=\"async\" class=\"alignnone size-full wp-image-467\" src=\"http:\/\/www.sunkaraoke.hu\/wp-content\/uploads\/2022\/07\/choir_2-copy.png\" alt=\"\" width=\"30\" height=\"30\" \/><strong style=\"font-size: 16px;\"><br \/>\n<\/strong><\/h6>\n<p>Sunkaraoke mp3 st\u00fadi\u00f3 \/ www.sunkaraoke.hu \/ Inf: Tel: 06 20 4275001<\/p>\n<p>&#8212;Intr\u00f3&#8212;<br \/>\nJ\u00e1 sz\u00e1 tugom dobrim drugom nocsi gubim \u00e1 ti szdrugim<br \/>\nmoj\u00e1 jub\u00e1vi.<\/p>\n<p>Ko sze sztobom sz\u00e1d\u00e1 szmije ko te nocsi nyezsno grije<br \/>\ncsij\u00e1 csij\u00e1 szi<\/p>\n<p>ide zsivot tecse rjek\u00e1 jos te jed\u00e1n csovek csek\u00e1<br \/>\nnyezsno zove te.<\/p>\n<p>I jos te jubi, m\u00e1k\u00e1r te gubi ne d\u00e1 te nikome.<\/p>\n<p>Szuz\u00f3 szuz\u00e1n\u00e1 muko moj\u00e1 jedin\u00e1,<br \/>\nszuz\u00f3 szuz\u00e1n\u00e1 opet szi pobjedil\u00e1.<br \/>\nSzuz\u00f3 szuz\u00e1n\u00e1 szrecso moj\u00e1 jedin\u00e1,<br \/>\nszuz\u00f3 szuz\u00e1n\u00e1 opet szi pobjedil\u00e1.<br \/>\n&#8212;Sz\u00f3l\u00f3&#8212;<br \/>\nJ\u00e1 sz\u00e1 tugom dobrim drugom nocsi gubim \u00e1 ti szdrugim<br \/>\nmoj\u00e1 jub\u00e1vi.<\/p>\n<p>Ko sze sztobom sz\u00e1d\u00e1 szmije ko te nocsi nyezsno grije<br \/>\ncsij\u00e1 csij\u00e1 szi<\/p>\n<p>Ide zsivot tecse rjek\u00e1 jos te jed\u00e1n csovek csek\u00e1,<br \/>\nnyezsno zove te.<\/p>\n<p>I jos te jubi, m\u00e1k\u00e1r te gubi ne d\u00e1 te nikome.<br \/>\nSzuz\u00f3 szuz\u00e1n\u00e1 muko moj\u00e1 jedin\u00e1,<br \/>\nszuz\u00f3 szuz\u00e1n\u00e1 opet szi pobjedil\u00e1.<br \/>\nSzuz\u00f3 szuz\u00e1n\u00e1 szrecso moj\u00e1 jedin\u00e1,<br \/>\nszuz\u00f3 szuz\u00e1n\u00e1 opet szi pobjedil\u00e1.<br \/>\nSzuz\u00f3 szuz\u00e1n\u00e1 muko moj\u00e1 jedin\u00e1,<br \/>\nszuz\u00f3 szuz\u00e1n\u00e1 opet szi pobjedil\u00e1.<br \/>\nSzuz\u00f3 szuz\u00e1n\u00e1 szrecso moj\u00e1 jedin\u00e1,<br \/>\nszuz\u00f3 szuz\u00e1n\u00e1 opet szi pobjedil\u00e1.<br \/>\n&#8212;Sz\u00f3l\u00f3&#8212;<br \/>\nSzuz\u00f3 szuz\u00e1n\u00e1 muko moj\u00e1 jedin\u00e1,<br \/>\nszuz\u00f3 szuz\u00e1n\u00e1 opet szi pobjedil\u00e1.<br \/>\nSzuz\u00f3 szuz\u00e1n\u00e1 szrecso moj\u00e1 jedin\u00e1,<br \/>\nszuz\u00f3 szuz\u00e1n\u00e1 opet szi pobjedil\u00e1.<br \/>\nSzuz\u00f3 szuz\u00e1n\u00e1 muko moj\u00e1 jedin\u00e1,<br \/>\nszuz\u00f3 szuz\u00e1n\u00e1 opet szi pobjedil\u00e1.<br \/>\nSzuz\u00f3 szuz\u00e1n\u00e1 szrecso moj\u00e1 jedin\u00e1,<br \/>\nszuz\u00f3 szuz\u00e1n\u00e1 opet szi pobjedil\u00e1.<br \/>\n&#8212;V\u00e9ge&#8212;<\/p>\n","protected":false},"featured_media":9020,"template":"","meta":{"site-sidebar-layout":"default","site-content-layout":"default","ast-site-content-layout":"default","site-content-style":"default","site-sidebar-style":"default","ast-global-header-display":"","ast-banner-title-visibility":"","ast-main-header-display":"","ast-hfb-above-header-display":"","ast-hfb-below-header-display":"","ast-hfb-mobile-header-display":"","site-post-title":"","ast-breadcrumbs-content":"","ast-featured-img":"","footer-sml-layout":"","theme-transparent-header-meta":"default","adv-header-id-meta":"","stick-header-meta":"","header-above-stick-meta":"","header-main-stick-meta":"","header-below-stick-meta":"","astra-migrate-meta-layouts":"set","ast-page-background-enabled":"default","ast-page-background-meta":{"desktop":{"background-color":"var(--ast-global-color-4)","background-image":"","background-repeat":"repeat","background-position":"center center","background-size":"auto","background-attachment":"scroll","background-type":"","background-media":"","overlay-type":"","overlay-color":"","overlay-opacity":"","overlay-gradient":""},"tablet":{"background-color":"","background-image":"","background-repeat":"repeat","background-position":"center center","background-size":"auto","background-attachment":"scroll","background-type":"","background-media":"","overlay-type":"","overlay-color":"","overlay-opacity":"","overlay-gradient":""},"mobile":{"background-color":"","background-image":"","background-repeat":"repeat","background-position":"center center","background-size":"auto","background-attachment":"scroll","background-type":"","background-media":"","overlay-type":"","overlay-color":"","overlay-opacity":"","overlay-gradient":""}},"ast-content-background-meta":{"desktop":{"background-color":"var(--ast-global-color-5)","background-image":"","background-repeat":"repeat","background-position":"center center","background-size":"auto","background-attachment":"scroll","background-type":"","background-media":"","overlay-type":"","overlay-color":"","overlay-opacity":"","overlay-gradient":""},"tablet":{"background-color":"var(--ast-global-color-5)","background-image":"","background-repeat":"repeat","background-position":"center center","background-size":"auto","background-attachment":"scroll","background-type":"","background-media":"","overlay-type":"","overlay-color":"","overlay-opacity":"","overlay-gradient":""},"mobile":{"background-color":"var(--ast-global-color-5)","background-image":"","background-repeat":"repeat","background-position":"center center","background-size":"auto","background-attachment":"scroll","background-type":"","background-media":"","overlay-type":"","overlay-color":"","overlay-opacity":"","overlay-gradient":""}}},"product_cat":[52],"product_tag":[],"class_list":["post-3348","product","type-product","status-publish","has-post-thumbnail","hentry","product_cat-tajtiboy","desktop-align-left","tablet-align-left","mobile-align-left"],"_links":{"self":[{"href":"https:\/\/www.sunkaraoke.hu\/index.php\/wp-json\/wp\/v2\/product\/3348","targetHints":{"allow":["GET"]}}],"collection":[{"href":"https:\/\/www.sunkaraoke.hu\/index.php\/wp-json\/wp\/v2\/product"}],"about":[{"href":"https:\/\/www.sunkaraoke.hu\/index.php\/wp-json\/wp\/v2\/types\/product"}],"wp:featuredmedia":[{"embeddable":true,"href":"https:\/\/www.sunkaraoke.hu\/index.php\/wp-json\/wp\/v2\/media\/9020"}],"wp:attachment":[{"href":"https:\/\/www.sunkaraoke.hu\/index.php\/wp-json\/wp\/v2\/media?parent=3348"}],"wp:term":[{"taxonomy":"product_cat","embeddable":true,"href":"https:\/\/www.sunkaraoke.hu\/index.php\/wp-json\/wp\/v2\/product_cat?post=3348"},{"taxonomy":"product_tag","embeddable":true,"href":"https:\/\/www.sunkaraoke.hu\/index.php\/wp-json\/wp\/v2\/product_tag?post=3348"}],"curies":[{"name":"wp","href":"https:\/\/api.w.org\/{rel}","templated":true}]}}