{"id":3299,"date":"2022-08-08T20:46:14","date_gmt":"2022-08-08T20:46:14","guid":{"rendered":"https:\/\/www.sunkaraoke.hu\/index.php\/termek\/tajtiboy-millio-csok\/"},"modified":"2025-04-05T04:11:09","modified_gmt":"2025-04-05T04:11:09","slug":"tajtiboy-millio-csok","status":"publish","type":"product","link":"https:\/\/www.sunkaraoke.hu\/index.php\/termek\/tajtiboy-millio-csok\/","title":{"rendered":"<div class=\"wcmp-player-container product-3299\"><audio controlslist=\"nodownload\" data-product=\"3299\"  volume=\"1\"  preload=\"none\" data-lazyloading=\"none\" class=\"wcmp-player track mejs-classic\" data-duration=\"0:32\" data-estimated_duration=\"4\"><source src=\"https:\/\/www.sunkaraoke.hu\/wp-content\/uploads\/2022\/08\/Millio-csok-kdemooo.mp3\" type=\"audio\/mp3\" \/><\/audio><\/div>Tajtiboy &#8211; Milli\u00f3 cs\u00f3k (Original)"},"content":{"rendered":"<p><strong>03:15<\/strong> | <strong><img loading=\"lazy\" decoding=\"async\" class=\"alignnone size-full wp-image-467\" src=\"https:\/\/www.sunkaraoke.hu\/wp-content\/uploads\/2022\/07\/choir_2-copy.webp\" alt=\"\" width=\"30\" height=\"30\" \/> <\/strong><\/p>\n","protected":false},"excerpt":{"rendered":"<h6><strong>Bits\u0171r\u0171s\u00e9g: 320<\/strong>kb\/s<strong><br \/>\n<\/strong><strong>Hossz: <\/strong>03:15<strong><br \/>\n<\/strong><strong style=\"font-size: 16px;\">Vok\u00e1lt tartalmaz: <\/strong>Nem <img loading=\"lazy\" decoding=\"async\" class=\"alignnone size-full wp-image-467\" src=\"http:\/\/www.sunkaraoke.hu\/wp-content\/uploads\/2022\/07\/choir_2-copy.png\" alt=\"\" width=\"30\" height=\"30\" \/><strong style=\"font-size: 16px;\"><br \/>\n<\/strong><\/h6>\n<p>Sunkaraoke mp3 st\u00fadi\u00f3 \/ www.sunkaraoke.hu \/ Inf: Tel: 06 20 4275001<\/p>\n<p>&#8212;Intr\u00f3&#8212;<br \/>\nHazafel\u00e9 csak hozz\u00e1 sietek \u00e9n,<br \/>\narra gondolok.<br \/>\nSzeretem \u00e9n \u00e9s a sz\u00edvem \u00f6v\u00e9,<br \/>\nezt el kell mondanom.<br \/>\nAz asztalon egy gyertya \u00e9g,<br \/>\na v\u00e1z\u00e1ban vir\u00e1g.<br \/>\nNevess r\u00e1m \u00e9s csak mi\u00e9nk lesz,<br \/>\nez a nagy vil\u00e1g.<\/p>\n<p>Sz\u00edvemb\u0151l milli\u00f3 cs\u00f3kot k\u00fcld\u00f6k n\u00e9ked szerelmem,<br \/>\ngondolj arra nem tart m\u00e1r sok\u00e1!<br \/>\nMegyek hozz\u00e1d, nyisd az ajt\u00f3t \u00f6lelj \u00e1t,<br \/>\nszinte \u00e9rzem hajad illat\u00e1t.<br \/>\nMilli\u00f3 cs\u00f3kom el\u00e9r hozz\u00e1d szerelmem,<br \/>\nn\u00e9lk\u00fcled m\u00e1r nem b\u00edrom sok\u00e1.<br \/>\nHa Te is \u00e9rzed ugyan \u00fagy \u00e9s nagyon v\u00e1rsz,<br \/>\nma \u00e9jjel sz\u00edvem r\u00e1d tal\u00e1l.<\/p>\n<p>&#8212;Sz\u00f3l\u00f3&#8212;<br \/>\nHazafel\u00e9 csak hozz\u00e1 sietek \u00e9n,<br \/>\narra gondolok.<br \/>\nSzeretem \u00e9n \u00e9s a sz\u00edvem \u00f6v\u00e9,<br \/>\nezt el kell mondanom.<br \/>\nAz asztalon egy gyertya \u00e9g,<br \/>\na v\u00e1z\u00e1ban vir\u00e1g.<br \/>\nNevess r\u00e1m \u00e9s csak mi\u00e9nk lesz,<br \/>\nez a nagy vil\u00e1g.<\/p>\n<p>Sz\u00edvemb\u0151l milli\u00f3 cs\u00f3kot k\u00fcld\u00f6k n\u00e9ked szerelmem,<br \/>\ngondolj arra nem tart m\u00e1r sok\u00e1!<br \/>\nMegyek hozz\u00e1d, nyisd az ajt\u00f3t \u00f6lelj \u00e1t,<br \/>\nszinte \u00e9rzem hajad illat\u00e1t.<br \/>\nMilli\u00f3 cs\u00f3kom el\u00e9r hozz\u00e1d szerelmem,<br \/>\nn\u00e9lk\u00fcled m\u00e1r nem b\u00edrom sok\u00e1.<br \/>\nHa Te is \u00e9rzed ugyan \u00fagy \u00e9s nagyon v\u00e1rsz,<br \/>\nma \u00e9jjel sz\u00edvem r\u00e1d tal\u00e1l.<br \/>\n&#8212;Sz\u00f3l\u00f3&#8212;<br \/>\nSz\u00edvemb\u0151l milli\u00f3 cs\u00f3kot k\u00fcld\u00f6k n\u00e9ked szerelmem,<br \/>\ngondolj arra nem tart m\u00e1r sok\u00e1!<br \/>\nMegyek hozz\u00e1d, nyisd az ajt\u00f3t \u00f6lelj \u00e1t,<br \/>\nszinte \u00e9rzem hajad illat\u00e1t.<br \/>\nMilli\u00f3 cs\u00f3kom el\u00e9r hozz\u00e1d szerelmem,<br \/>\nn\u00e9lk\u00fcled m\u00e1r nem b\u00edrom sok\u00e1.<br \/>\nHa Te is \u00e9rzed ugyan \u00fagy \u00e9s nagyon v\u00e1rsz,<br \/>\nma \u00e9jjel sz\u00edvem r\u00e1d tal\u00e1l.<br \/>\n&#8212;V\u00e9ge&#8212;<\/p>\n","protected":false},"featured_media":9020,"template":"","meta":{"site-sidebar-layout":"default","site-content-layout":"default","ast-site-content-layout":"default","site-content-style":"default","site-sidebar-style":"default","ast-global-header-display":"","ast-banner-title-visibility":"","ast-main-header-display":"","ast-hfb-above-header-display":"","ast-hfb-below-header-display":"","ast-hfb-mobile-header-display":"","site-post-title":"","ast-breadcrumbs-content":"","ast-featured-img":"","footer-sml-layout":"","theme-transparent-header-meta":"default","adv-header-id-meta":"","stick-header-meta":"","header-above-stick-meta":"","header-main-stick-meta":"","header-below-stick-meta":"","astra-migrate-meta-layouts":"set","ast-page-background-enabled":"default","ast-page-background-meta":{"desktop":{"background-color":"var(--ast-global-color-4)","background-image":"","background-repeat":"repeat","background-position":"center center","background-size":"auto","background-attachment":"scroll","background-type":"","background-media":"","overlay-type":"","overlay-color":"","overlay-opacity":"","overlay-gradient":""},"tablet":{"background-color":"","background-image":"","background-repeat":"repeat","background-position":"center center","background-size":"auto","background-attachment":"scroll","background-type":"","background-media":"","overlay-type":"","overlay-color":"","overlay-opacity":"","overlay-gradient":""},"mobile":{"background-color":"","background-image":"","background-repeat":"repeat","background-position":"center center","background-size":"auto","background-attachment":"scroll","background-type":"","background-media":"","overlay-type":"","overlay-color":"","overlay-opacity":"","overlay-gradient":""}},"ast-content-background-meta":{"desktop":{"background-color":"var(--ast-global-color-5)","background-image":"","background-repeat":"repeat","background-position":"center center","background-size":"auto","background-attachment":"scroll","background-type":"","background-media":"","overlay-type":"","overlay-color":"","overlay-opacity":"","overlay-gradient":""},"tablet":{"background-color":"var(--ast-global-color-5)","background-image":"","background-repeat":"repeat","background-position":"center center","background-size":"auto","background-attachment":"scroll","background-type":"","background-media":"","overlay-type":"","overlay-color":"","overlay-opacity":"","overlay-gradient":""},"mobile":{"background-color":"var(--ast-global-color-5)","background-image":"","background-repeat":"repeat","background-position":"center center","background-size":"auto","background-attachment":"scroll","background-type":"","background-media":"","overlay-type":"","overlay-color":"","overlay-opacity":"","overlay-gradient":""}}},"product_cat":[52],"product_tag":[],"class_list":["post-3299","product","type-product","status-publish","has-post-thumbnail","hentry","product_cat-tajtiboy","desktop-align-left","tablet-align-left","mobile-align-left"],"_links":{"self":[{"href":"https:\/\/www.sunkaraoke.hu\/index.php\/wp-json\/wp\/v2\/product\/3299","targetHints":{"allow":["GET"]}}],"collection":[{"href":"https:\/\/www.sunkaraoke.hu\/index.php\/wp-json\/wp\/v2\/product"}],"about":[{"href":"https:\/\/www.sunkaraoke.hu\/index.php\/wp-json\/wp\/v2\/types\/product"}],"wp:featuredmedia":[{"embeddable":true,"href":"https:\/\/www.sunkaraoke.hu\/index.php\/wp-json\/wp\/v2\/media\/9020"}],"wp:attachment":[{"href":"https:\/\/www.sunkaraoke.hu\/index.php\/wp-json\/wp\/v2\/media?parent=3299"}],"wp:term":[{"taxonomy":"product_cat","embeddable":true,"href":"https:\/\/www.sunkaraoke.hu\/index.php\/wp-json\/wp\/v2\/product_cat?post=3299"},{"taxonomy":"product_tag","embeddable":true,"href":"https:\/\/www.sunkaraoke.hu\/index.php\/wp-json\/wp\/v2\/product_tag?post=3299"}],"curies":[{"name":"wp","href":"https:\/\/api.w.org\/{rel}","templated":true}]}}