{"id":3295,"date":"2022-08-08T20:46:14","date_gmt":"2022-08-08T20:46:14","guid":{"rendered":"https:\/\/www.sunkaraoke.hu\/index.php\/termek\/tajtiboy-megyek-haza-a-kocsmabol\/"},"modified":"2025-04-05T04:05:27","modified_gmt":"2025-04-05T04:05:27","slug":"tajtiboy-megyek-haza-a-kocsmabol","status":"publish","type":"product","link":"https:\/\/www.sunkaraoke.hu\/index.php\/termek\/tajtiboy-megyek-haza-a-kocsmabol\/","title":{"rendered":"<div class=\"wcmp-player-container product-3295\"><audio controlslist=\"nodownload\" data-product=\"3295\"  volume=\"1\"  preload=\"none\" data-lazyloading=\"none\" class=\"wcmp-player track mejs-classic\" data-duration=\"0:34\" data-estimated_duration=\"4\"><source src=\"https:\/\/www.sunkaraoke.hu\/wp-content\/uploads\/2022\/08\/Megyek-haza-a-kocsmabol-kdemooo.mp3\" type=\"audio\/mp3\" \/><\/audio><\/div>Tajtiboy &#8211; Megyek haza a kocsm\u00e1b\u00f3l  (Original)"},"content":{"rendered":"<p><strong>03:58<\/strong> | <strong><img loading=\"lazy\" decoding=\"async\" class=\"alignnone size-full wp-image-467\" src=\"https:\/\/www.sunkaraoke.hu\/wp-content\/uploads\/2022\/07\/choir_2-copy.webp\" alt=\"\" width=\"30\" height=\"30\" \/> <\/strong><\/p>\n","protected":false},"excerpt":{"rendered":"<h6><strong>Bits\u0171r\u0171s\u00e9g: 320<\/strong>kb\/s<strong><br \/>\n<\/strong><strong>Hossz: <\/strong>03:58<strong><br \/>\n<\/strong><strong style=\"font-size: 16px;\">Vok\u00e1lt tartalmaz: <\/strong>Nem <img loading=\"lazy\" decoding=\"async\" class=\"alignnone size-full wp-image-467\" src=\"http:\/\/www.sunkaraoke.hu\/wp-content\/uploads\/2022\/07\/choir_2-copy.png\" alt=\"\" width=\"30\" height=\"30\" \/><strong style=\"font-size: 16px;\"><br \/>\n<\/strong><\/h6>\n<p>Sunkaraoke mp3 st\u00fadi\u00f3 \/ www.sunkaraoke.hu \/ Inf: Tel: 06 20 4275001<\/p>\n<p>&#8212;Intr\u00f3&#8212;<br \/>\nMegyek haza a kocsm\u00e1b\u00f3l, feles\u00e9gem n\u00e9z a h\u00e1zb\u00f3l,<br \/>\nmegismer a j\u00e1r\u00e1somr\u00f3l, a fekete g\u00f6nd\u00f6r hajamr\u00f3l,<br \/>\nmegismer a j\u00e1r\u00e1somr\u00f3l, a fekete g\u00f6nd\u00f6r hajamr\u00f3l.<\/p>\n<p>Kocsi asszony ki a h\u00e1zb\u00f3l, most j\u00f6v\u00f6k \u00e9n a kocsm\u00e1b\u00f3l,<br \/>\nfeles\u00e9gem dr\u00e1ga kincsem, a vil\u00e1gon p\u00e1rja nincsen,<br \/>\nfeles\u00e9gem dr\u00e1ga kincsem, a vil\u00e1gon p\u00e1rja nincsen.<\/p>\n<p>Eladom a b\u0151rkab\u00e1tom, sz\u00e9jjelsz\u00f3rom a csal\u00e1dom,<br \/>\nvisszaveszem a kab\u00e1tom, \u00f6sszeszedem a csal\u00e1dom,<br \/>\nvisszaveszem a kab\u00e1tom, \u00f6sszeszedem a csal\u00e1dom.<br \/>\nS\u00e1n\u00e1n\u00e1n\u00e1n\u00e1&#8230;<\/p>\n<p>&#8212;Sz\u00f3l\u00f3&#8212;<br \/>\nMegyek haza a kocsm\u00e1b\u00f3l, feles\u00e9gem n\u00e9z a h\u00e1zb\u00f3l,<br \/>\nmegismer a j\u00e1r\u00e1somr\u00f3l, a fekete g\u00f6nd\u00f6r hajamr\u00f3l,<br \/>\nmegismer a j\u00e1r\u00e1somr\u00f3l, a fekete g\u00f6nd\u00f6r hajamr\u00f3l.<\/p>\n<p>Kocsi asszony ki a h\u00e1zb\u00f3l, most j\u00f6v\u00f6k \u00e9n a kocsm\u00e1b\u00f3l,<br \/>\nfeles\u00e9gem dr\u00e1ga kincsem, a vil\u00e1gon p\u00e1rja nincsen,<br \/>\nfeles\u00e9gem dr\u00e1ga kincsem, a vil\u00e1gon p\u00e1rja nincsen.<\/p>\n<p>Eladom a b\u0151rkab\u00e1tom, sz\u00e9jjelsz\u00f3rom a csal\u00e1dom,<br \/>\nvisszaveszem a kab\u00e1tom, \u00f6sszeszedem a csal\u00e1dom,<br \/>\nvisszaveszem a kab\u00e1tom, \u00f6sszeszedem a csal\u00e1dom.<br \/>\nS\u00e1n\u00e1n\u00e1n\u00e1n\u00e1\u2026\u2026.<br \/>\nMegyek haza a kocsm\u00e1b\u00f3l, feles\u00e9gem n\u00e9z a h\u00e1zb\u00f3l,<br \/>\nmegismer a j\u00e1r\u00e1somr\u00f3l, a fekete g\u00f6nd\u00f6r hajamr\u00f3l,<br \/>\nmegismer a j\u00e1r\u00e1somr\u00f3l, a fekete g\u00f6nd\u00f6r hajamr\u00f3l.<br \/>\nMegismer a j\u00e1r\u00e1somr\u00f3l, a fekete g\u00f6nd\u00f6r hajamr\u00f3l,<br \/>\nMegismer a j\u00e1r\u00e1somr\u00f3l, a fekete g\u00f6nd\u00f6r hajamr\u00f3l.<br \/>\n&#8212;V\u00e9ge&#8212;<\/p>\n","protected":false},"featured_media":9020,"template":"","meta":{"site-sidebar-layout":"default","site-content-layout":"default","ast-site-content-layout":"default","site-content-style":"default","site-sidebar-style":"default","ast-global-header-display":"","ast-banner-title-visibility":"","ast-main-header-display":"","ast-hfb-above-header-display":"","ast-hfb-below-header-display":"","ast-hfb-mobile-header-display":"","site-post-title":"","ast-breadcrumbs-content":"","ast-featured-img":"","footer-sml-layout":"","theme-transparent-header-meta":"default","adv-header-id-meta":"","stick-header-meta":"","header-above-stick-meta":"","header-main-stick-meta":"","header-below-stick-meta":"","astra-migrate-meta-layouts":"set","ast-page-background-enabled":"default","ast-page-background-meta":{"desktop":{"background-color":"var(--ast-global-color-4)","background-image":"","background-repeat":"repeat","background-position":"center center","background-size":"auto","background-attachment":"scroll","background-type":"","background-media":"","overlay-type":"","overlay-color":"","overlay-opacity":"","overlay-gradient":""},"tablet":{"background-color":"","background-image":"","background-repeat":"repeat","background-position":"center center","background-size":"auto","background-attachment":"scroll","background-type":"","background-media":"","overlay-type":"","overlay-color":"","overlay-opacity":"","overlay-gradient":""},"mobile":{"background-color":"","background-image":"","background-repeat":"repeat","background-position":"center center","background-size":"auto","background-attachment":"scroll","background-type":"","background-media":"","overlay-type":"","overlay-color":"","overlay-opacity":"","overlay-gradient":""}},"ast-content-background-meta":{"desktop":{"background-color":"var(--ast-global-color-5)","background-image":"","background-repeat":"repeat","background-position":"center center","background-size":"auto","background-attachment":"scroll","background-type":"","background-media":"","overlay-type":"","overlay-color":"","overlay-opacity":"","overlay-gradient":""},"tablet":{"background-color":"var(--ast-global-color-5)","background-image":"","background-repeat":"repeat","background-position":"center center","background-size":"auto","background-attachment":"scroll","background-type":"","background-media":"","overlay-type":"","overlay-color":"","overlay-opacity":"","overlay-gradient":""},"mobile":{"background-color":"var(--ast-global-color-5)","background-image":"","background-repeat":"repeat","background-position":"center center","background-size":"auto","background-attachment":"scroll","background-type":"","background-media":"","overlay-type":"","overlay-color":"","overlay-opacity":"","overlay-gradient":""}}},"product_cat":[52],"product_tag":[],"class_list":["post-3295","product","type-product","status-publish","has-post-thumbnail","hentry","product_cat-tajtiboy","desktop-align-left","tablet-align-left","mobile-align-left"],"_links":{"self":[{"href":"https:\/\/www.sunkaraoke.hu\/index.php\/wp-json\/wp\/v2\/product\/3295","targetHints":{"allow":["GET"]}}],"collection":[{"href":"https:\/\/www.sunkaraoke.hu\/index.php\/wp-json\/wp\/v2\/product"}],"about":[{"href":"https:\/\/www.sunkaraoke.hu\/index.php\/wp-json\/wp\/v2\/types\/product"}],"wp:featuredmedia":[{"embeddable":true,"href":"https:\/\/www.sunkaraoke.hu\/index.php\/wp-json\/wp\/v2\/media\/9020"}],"wp:attachment":[{"href":"https:\/\/www.sunkaraoke.hu\/index.php\/wp-json\/wp\/v2\/media?parent=3295"}],"wp:term":[{"taxonomy":"product_cat","embeddable":true,"href":"https:\/\/www.sunkaraoke.hu\/index.php\/wp-json\/wp\/v2\/product_cat?post=3295"},{"taxonomy":"product_tag","embeddable":true,"href":"https:\/\/www.sunkaraoke.hu\/index.php\/wp-json\/wp\/v2\/product_tag?post=3295"}],"curies":[{"name":"wp","href":"https:\/\/api.w.org\/{rel}","templated":true}]}}