{"id":3289,"date":"2022-08-08T20:46:14","date_gmt":"2022-08-08T20:46:14","guid":{"rendered":"https:\/\/www.sunkaraoke.hu\/index.php\/termek\/tajtiboy-kifogtam-az-aranyhalat\/"},"modified":"2025-04-05T04:02:24","modified_gmt":"2025-04-05T04:02:24","slug":"tajtiboy-kifogtam-az-aranyhalat","status":"publish","type":"product","link":"https:\/\/www.sunkaraoke.hu\/index.php\/termek\/tajtiboy-kifogtam-az-aranyhalat\/","title":{"rendered":"<div class=\"wcmp-player-container product-3289\"><audio controlslist=\"nodownload\" data-product=\"3289\"  volume=\"1\"  preload=\"none\" data-lazyloading=\"none\" class=\"wcmp-player track mejs-classic\" data-duration=\"0:34\" data-estimated_duration=\"4\"><source src=\"https:\/\/www.sunkaraoke.hu\/wp-content\/uploads\/2022\/08\/Kifogtam-az-aranyhalat-demoo.mp3\" type=\"audio\/mp3\" \/><\/audio><\/div>Tajtiboy &#8211; Kifogtam az aranyhalat (Original)"},"content":{"rendered":"<p><strong>03:22<\/strong> | <strong><img loading=\"lazy\" decoding=\"async\" class=\"alignnone size-full wp-image-467\" src=\"https:\/\/www.sunkaraoke.hu\/wp-content\/uploads\/2022\/07\/choir_2-copy.webp\" alt=\"\" width=\"30\" height=\"30\" \/> <\/strong><\/p>\n","protected":false},"excerpt":{"rendered":"<h6><strong>Bits\u0171r\u0171s\u00e9g: 320<\/strong>kb\/s<strong><br \/>\n<\/strong><strong>Hossz: <\/strong>03:22<strong><br \/>\n<\/strong><strong style=\"font-size: 16px;\">Vok\u00e1lt tartalmaz: <\/strong>Nem <img loading=\"lazy\" decoding=\"async\" class=\"alignnone size-full wp-image-467\" src=\"http:\/\/www.sunkaraoke.hu\/wp-content\/uploads\/2022\/07\/choir_2-copy.png\" alt=\"\" width=\"30\" height=\"30\" \/><strong style=\"font-size: 16px;\"><br \/>\n<\/strong><\/h6>\n<p>Sunkaraoke mp3 st\u00fadi\u00f3 \/ www.sunkaraoke.hu \/ Inf: Tel: 06 20 4275001<\/p>\n<p>&#8212;Intr\u00f3&#8212;<br \/>\nSzeretlek \u00e9n a vil\u00e1gnak elmondom,<br \/>\nha megk\u00f6veznek \u00e9n azt is v\u00e1llalom.<br \/>\nA cig\u00e1ny szerelem az olyan sz\u00e9p,<br \/>\nha belehalok akkor is szeretlek \u00e9n.<br \/>\nA cig\u00e1ny szerelem az olyan sz\u00e9p,<br \/>\nha belehalok akkor is szeretlek \u00e9n.<\/p>\n<p>Elmegyek \u00e9n hal\u00e1szokkal a v\u00edz partra,<br \/>\nbevetem a h\u00e1l\u00f3mat a Dr\u00e1v\u00e1ba.<br \/>\nFogtam egy-k\u00e9t keszeget,<br \/>\ncs\u00f3kolom a cs\u00f3kolom a sz\u00edvedet.<br \/>\nFogtam egy-k\u00e9t keszeget,<br \/>\ncs\u00f3kolom a cs\u00f3kolom a sz\u00edvedet.<\/p>\n<p>A cig\u00e1ny szerelem az olyan sz\u00e9p,<br \/>\nha belehalok akkor is szeretlek \u00e9n.<br \/>\nKifogtam az aranyhalat, k\u00f6zbe-k\u00f6zbe cs\u00f3kolgatlak.<br \/>\nKifogtam az aranyhalat, k\u00f6zbe-k\u00f6zbe cs\u00f3kolgatlak.<br \/>\n&#8212;Sz\u00f3l\u00f3&#8212;<br \/>\nSzeretlek \u00e9n a vil\u00e1gnak elmondom,<br \/>\nha megk\u00f6veznek \u00e9n azt is v\u00e1llalom.<br \/>\nA cig\u00e1ny szerelem az olyan sz\u00e9p,<br \/>\nha belehalok akkor is szeretlek \u00e9n.<br \/>\nA cig\u00e1ny szerelem az olyan sz\u00e9p,<br \/>\nha belehalok akkor is szeretlek \u00e9n.<\/p>\n<p>Elmegyek \u00e9n hal\u00e1szokkal a v\u00edz partra,<br \/>\nbevetem a h\u00e1l\u00f3mat a Dr\u00e1v\u00e1ba.<br \/>\nFogtam egy-k\u00e9t keszeget,<br \/>\ncs\u00f3kolom a cs\u00f3kolom a sz\u00edvedet.<br \/>\nFogtam egy-k\u00e9t keszeget,<br \/>\ncs\u00f3kolom a cs\u00f3kolom a sz\u00edvedet.<br \/>\nA cig\u00e1ny szerelem az olyan sz\u00e9p,<br \/>\nha belehalok akkor is szeretlek \u00e9n.<br \/>\nKifogtam az aranyhalat, k\u00f6zbe-k\u00f6zbe cs\u00f3kolgatlak.<br \/>\nKifogtam az aranyhalat, k\u00f6zbe-k\u00f6zbe cs\u00f3kolgatlak.<br \/>\n&#8212;Sz\u00f3l\u00f3&#8212;<br \/>\nA cig\u00e1ny szerelem az olyan sz\u00e9p,<br \/>\nha belehalok akkor is szeretlek \u00e9n.<br \/>\nKifogtam az aranyhalat, k\u00f6zbe-k\u00f6zbe cs\u00f3kolgatlak.<br \/>\nKifogtam az aranyhalat, k\u00f6zbe-k\u00f6zbe cs\u00f3kolgatlak.<br \/>\nKifogtam az aranyhalat, k\u00f6zbe-k\u00f6zbe cs\u00f3kolgatlak.<br \/>\nK\u00f6zbe-k\u00f6zbe cs\u00f3kolgatlak. K\u00f6zbe-k\u00f6zbe cs\u00f3kolgatlak.<br \/>\n&#8212;V\u00e9ge&#8212;<\/p>\n","protected":false},"featured_media":9020,"template":"","meta":{"site-sidebar-layout":"default","site-content-layout":"default","ast-site-content-layout":"default","site-content-style":"default","site-sidebar-style":"default","ast-global-header-display":"","ast-banner-title-visibility":"","ast-main-header-display":"","ast-hfb-above-header-display":"","ast-hfb-below-header-display":"","ast-hfb-mobile-header-display":"","site-post-title":"","ast-breadcrumbs-content":"","ast-featured-img":"","footer-sml-layout":"","theme-transparent-header-meta":"default","adv-header-id-meta":"","stick-header-meta":"","header-above-stick-meta":"","header-main-stick-meta":"","header-below-stick-meta":"","astra-migrate-meta-layouts":"set","ast-page-background-enabled":"default","ast-page-background-meta":{"desktop":{"background-color":"var(--ast-global-color-4)","background-image":"","background-repeat":"repeat","background-position":"center center","background-size":"auto","background-attachment":"scroll","background-type":"","background-media":"","overlay-type":"","overlay-color":"","overlay-opacity":"","overlay-gradient":""},"tablet":{"background-color":"","background-image":"","background-repeat":"repeat","background-position":"center center","background-size":"auto","background-attachment":"scroll","background-type":"","background-media":"","overlay-type":"","overlay-color":"","overlay-opacity":"","overlay-gradient":""},"mobile":{"background-color":"","background-image":"","background-repeat":"repeat","background-position":"center center","background-size":"auto","background-attachment":"scroll","background-type":"","background-media":"","overlay-type":"","overlay-color":"","overlay-opacity":"","overlay-gradient":""}},"ast-content-background-meta":{"desktop":{"background-color":"var(--ast-global-color-5)","background-image":"","background-repeat":"repeat","background-position":"center center","background-size":"auto","background-attachment":"scroll","background-type":"","background-media":"","overlay-type":"","overlay-color":"","overlay-opacity":"","overlay-gradient":""},"tablet":{"background-color":"var(--ast-global-color-5)","background-image":"","background-repeat":"repeat","background-position":"center center","background-size":"auto","background-attachment":"scroll","background-type":"","background-media":"","overlay-type":"","overlay-color":"","overlay-opacity":"","overlay-gradient":""},"mobile":{"background-color":"var(--ast-global-color-5)","background-image":"","background-repeat":"repeat","background-position":"center center","background-size":"auto","background-attachment":"scroll","background-type":"","background-media":"","overlay-type":"","overlay-color":"","overlay-opacity":"","overlay-gradient":""}}},"product_cat":[52],"product_tag":[],"class_list":["post-3289","product","type-product","status-publish","has-post-thumbnail","hentry","product_cat-tajtiboy","desktop-align-left","tablet-align-left","mobile-align-left"],"_links":{"self":[{"href":"https:\/\/www.sunkaraoke.hu\/index.php\/wp-json\/wp\/v2\/product\/3289","targetHints":{"allow":["GET"]}}],"collection":[{"href":"https:\/\/www.sunkaraoke.hu\/index.php\/wp-json\/wp\/v2\/product"}],"about":[{"href":"https:\/\/www.sunkaraoke.hu\/index.php\/wp-json\/wp\/v2\/types\/product"}],"wp:featuredmedia":[{"embeddable":true,"href":"https:\/\/www.sunkaraoke.hu\/index.php\/wp-json\/wp\/v2\/media\/9020"}],"wp:attachment":[{"href":"https:\/\/www.sunkaraoke.hu\/index.php\/wp-json\/wp\/v2\/media?parent=3289"}],"wp:term":[{"taxonomy":"product_cat","embeddable":true,"href":"https:\/\/www.sunkaraoke.hu\/index.php\/wp-json\/wp\/v2\/product_cat?post=3289"},{"taxonomy":"product_tag","embeddable":true,"href":"https:\/\/www.sunkaraoke.hu\/index.php\/wp-json\/wp\/v2\/product_tag?post=3289"}],"curies":[{"name":"wp","href":"https:\/\/api.w.org\/{rel}","templated":true}]}}