{"id":3287,"date":"2022-08-08T20:46:14","date_gmt":"2022-08-08T20:46:14","guid":{"rendered":"https:\/\/www.sunkaraoke.hu\/index.php\/termek\/tesok-figyelj-baba\/"},"modified":"2026-02-14T15:46:25","modified_gmt":"2026-02-14T13:46:25","slug":"tesok-figyelj-baba","status":"publish","type":"product","link":"https:\/\/www.sunkaraoke.hu\/index.php\/termek\/tesok-figyelj-baba\/","title":{"rendered":"<div class=\"wcmp-player-container product-3287\"><audio controlslist=\"nodownload\" data-product=\"3287\"  volume=\"1\"  preload=\"none\" data-lazyloading=\"none\" class=\"wcmp-player track mejs-classic\" data-duration=\"0:32\" data-estimated_duration=\"4\"><source src=\"https:\/\/www.sunkaraoke.hu\/wp-content\/uploads\/2022\/08\/Figyelj-baba_demo.mp3\" type=\"audio\/mp3\" \/><\/audio><\/div>Tes\u00f3k &#8211; Figyelj baba (Original)"},"content":{"rendered":"<p><strong>03:30<\/strong> | <strong><img loading=\"lazy\" decoding=\"async\" class=\"alignnone size-full wp-image-467\" src=\"https:\/\/www.sunkaraoke.hu\/wp-content\/uploads\/2022\/07\/choir_2-copy.webp\" alt=\"\" width=\"30\" height=\"30\" \/> <\/strong><\/p>\n","protected":false},"excerpt":{"rendered":"<h6><strong>Bits\u0171r\u0171s\u00e9g: 320 kb\/s<\/strong><br \/>\n<strong>Hossz: 03:30<\/strong><br \/>\n<strong>Vok\u00e1lt tartalmaz: Nem <img loading=\"lazy\" decoding=\"async\" class=\"alignnone size-full wp-image-467\" src=\"http:\/\/www.sunkaraoke.hu\/wp-content\/uploads\/2022\/07\/choir_2-copy.png\" alt=\"\" width=\"30\" height=\"30\" \/><\/strong><strong style=\"font-size: 16px;\"><br \/>\n<\/strong><\/h6>\n<p>Sunkaraoke mp3 st\u00fadi\u00f3 \/ www.sunkaraoke.hu \/ Inf: Tel: 06 20 4275001<\/p>\n<p>Figyelj baba van egy bibi, el karok valamit mondani,<br \/>\nlegyen m\u00e1r v\u00e9ge, v\u00e9gre valah\u00e1ra, egy b\u00facs\u00facs\u00f3kkal utolj\u00e1ra.<br \/>\n&#8212;Sz\u00f3l\u00f3&#8212;<br \/>\nK\u00e1v\u00e9t vittem reggel az \u00e1gyba, t\u00fal\u00f3r\u00e1ztam sokat a gy\u00e1rba,<br \/>\nneked hogy meglegyen mindened.<br \/>\nMiatta kaptam pofont a b\u00e1rban, miattad iszom,<br \/>\nmagamnak \u00e1rtok vele \u00e9s te eldobtad sz\u00edvemet.<br \/>\nHa boldogs\u00e1gra v\u00e1gyom n\u00e1lad t\u00f6bb\u00e9 sose keresem,<br \/>\nha meggy\u00f3gyul a sz\u00edvem, \u00fajra kezdem \u00e9letem.<\/p>\n<p>Figyelj baba van egy bibi, el karok valamit mondani,<br \/>\nlegyen m\u00e1r v\u00e9ge, v\u00e9gre valah\u00e1ra, egy b\u00facs\u00facs\u00f3kkal utolj\u00e1ra.<br \/>\nFigyelj baba van egy bibi, be akarok valamit vallani,<br \/>\nha v\u00e9ge lesz m\u00e1r v\u00e9gre valah\u00e1ra, szexelj\u00fcnk m\u00e9g utolj\u00e1ra.<br \/>\n&#8212;Sz\u00f3l\u00f3&#8212;<br \/>\nKev\u00e9s voltam neked az \u00e1gyba, a J\u00f3zsi jobb volt,<br \/>\nmindig n\u00e1lam neked , pedig azt mondtad j\u00f3 veled.<br \/>\nmiattad t\u0171rtem el any\u00e1dat n\u00e1lam,<br \/>\nmost viheted \u0151t is a b\u00fas vil\u00e1gba veled,<br \/>\nazt\u00e1n boldogan \u00e9ljetek.<br \/>\nHa boldogs\u00e1gra v\u00e1gyom n\u00e1lad t\u00f6bb\u00e9 sose keresem,<br \/>\nha meggy\u00f3gyul a sz\u00edvem, \u00fajra kezdem \u00e9letem.<\/p>\n<p>Figyelj baba van egy bibi, el karok valamit mondani,<br \/>\nlegyen m\u00e1r v\u00e9ge, v\u00e9gre valah\u00e1ra, egy b\u00facs\u00facs\u00f3kkal utolj\u00e1ra.<br \/>\nFigyelj baba van egy bibi, be akarok valamit vallani,<br \/>\nha v\u00e9ge lesz m\u00e1r v\u00e9gre valah\u00e1ra, szexelj\u00fcnk m\u00e9g utolj\u00e1ra.<br \/>\n&#8212;Sz\u00f3l\u00f3&#8212;<br \/>\nFigyelj baba van egy bibi, el karok valamit mondani,<br \/>\nlegyen m\u00e1r v\u00e9ge, v\u00e9gre valah\u00e1ra, egy b\u00facs\u00facs\u00f3kkal utolj\u00e1ra.<br \/>\nFigyelj baba van egy bibi, be akarok valamit vallani,<br \/>\nha v\u00e9ge lesz m\u00e1r v\u00e9gre valah\u00e1ra, szexelj\u00fcnk m\u00e9g utolj\u00e1ra.<br \/>\n&#8212;V\u00e9ge&#8212;<\/p>\n","protected":false},"featured_media":8715,"template":"","meta":{"site-sidebar-layout":"default","site-content-layout":"default","ast-site-content-layout":"default","site-content-style":"default","site-sidebar-style":"default","ast-global-header-display":"","ast-banner-title-visibility":"","ast-main-header-display":"","ast-hfb-above-header-display":"","ast-hfb-below-header-display":"","ast-hfb-mobile-header-display":"","site-post-title":"","ast-breadcrumbs-content":"","ast-featured-img":"","footer-sml-layout":"","theme-transparent-header-meta":"default","adv-header-id-meta":"","stick-header-meta":"","header-above-stick-meta":"","header-main-stick-meta":"","header-below-stick-meta":"","astra-migrate-meta-layouts":"set","ast-page-background-enabled":"default","ast-page-background-meta":{"desktop":{"background-color":"var(--ast-global-color-4)","background-image":"","background-repeat":"repeat","background-position":"center center","background-size":"auto","background-attachment":"scroll","background-type":"","background-media":"","overlay-type":"","overlay-color":"","overlay-opacity":"","overlay-gradient":""},"tablet":{"background-color":"","background-image":"","background-repeat":"repeat","background-position":"center center","background-size":"auto","background-attachment":"scroll","background-type":"","background-media":"","overlay-type":"","overlay-color":"","overlay-opacity":"","overlay-gradient":""},"mobile":{"background-color":"","background-image":"","background-repeat":"repeat","background-position":"center center","background-size":"auto","background-attachment":"scroll","background-type":"","background-media":"","overlay-type":"","overlay-color":"","overlay-opacity":"","overlay-gradient":""}},"ast-content-background-meta":{"desktop":{"background-color":"var(--ast-global-color-5)","background-image":"","background-repeat":"repeat","background-position":"center center","background-size":"auto","background-attachment":"scroll","background-type":"","background-media":"","overlay-type":"","overlay-color":"","overlay-opacity":"","overlay-gradient":""},"tablet":{"background-color":"var(--ast-global-color-5)","background-image":"","background-repeat":"repeat","background-position":"center center","background-size":"auto","background-attachment":"scroll","background-type":"","background-media":"","overlay-type":"","overlay-color":"","overlay-opacity":"","overlay-gradient":""},"mobile":{"background-color":"var(--ast-global-color-5)","background-image":"","background-repeat":"repeat","background-position":"center center","background-size":"auto","background-attachment":"scroll","background-type":"","background-media":"","overlay-type":"","overlay-color":"","overlay-opacity":"","overlay-gradient":""}}},"product_cat":[48],"product_tag":[],"class_list":["post-3287","product","type-product","status-publish","has-post-thumbnail","hentry","product_cat-sunkaraoke-dalok","desktop-align-left","tablet-align-left","mobile-align-left"],"_links":{"self":[{"href":"https:\/\/www.sunkaraoke.hu\/index.php\/wp-json\/wp\/v2\/product\/3287","targetHints":{"allow":["GET"]}}],"collection":[{"href":"https:\/\/www.sunkaraoke.hu\/index.php\/wp-json\/wp\/v2\/product"}],"about":[{"href":"https:\/\/www.sunkaraoke.hu\/index.php\/wp-json\/wp\/v2\/types\/product"}],"wp:featuredmedia":[{"embeddable":true,"href":"https:\/\/www.sunkaraoke.hu\/index.php\/wp-json\/wp\/v2\/media\/8715"}],"wp:attachment":[{"href":"https:\/\/www.sunkaraoke.hu\/index.php\/wp-json\/wp\/v2\/media?parent=3287"}],"wp:term":[{"taxonomy":"product_cat","embeddable":true,"href":"https:\/\/www.sunkaraoke.hu\/index.php\/wp-json\/wp\/v2\/product_cat?post=3287"},{"taxonomy":"product_tag","embeddable":true,"href":"https:\/\/www.sunkaraoke.hu\/index.php\/wp-json\/wp\/v2\/product_tag?post=3287"}],"curies":[{"name":"wp","href":"https:\/\/api.w.org\/{rel}","templated":true}]}}