{"id":3286,"date":"2022-08-08T20:46:14","date_gmt":"2022-08-08T20:46:14","guid":{"rendered":"https:\/\/www.sunkaraoke.hu\/index.php\/termek\/tajtiboy-fujja-el-a-szel\/"},"modified":"2025-04-05T03:59:17","modified_gmt":"2025-04-05T03:59:17","slug":"tajtiboy-fujja-el-a-szel","status":"publish","type":"product","link":"https:\/\/www.sunkaraoke.hu\/index.php\/termek\/tajtiboy-fujja-el-a-szel\/","title":{"rendered":"<div class=\"wcmp-player-container product-3286\"><audio controlslist=\"nodownload\" data-product=\"3286\"  volume=\"1\"  preload=\"none\" data-lazyloading=\"none\" class=\"wcmp-player track mejs-classic\" data-duration=\"0:33\" data-estimated_duration=\"4\"><source src=\"https:\/\/www.sunkaraoke.hu\/wp-content\/uploads\/2022\/08\/Fujja-el-a-szel-kdemooo.mp3\" type=\"audio\/mp3\" \/><\/audio><\/div>Tajtiboy &#8211; F\u00fajja el a sz\u00e9l (Original)"},"content":{"rendered":"<p><strong>03:31<\/strong> | <strong><img loading=\"lazy\" decoding=\"async\" class=\"alignnone size-full wp-image-467\" src=\"https:\/\/www.sunkaraoke.hu\/wp-content\/uploads\/2022\/07\/choir_2-copy.webp\" alt=\"\" width=\"30\" height=\"30\" \/> <\/strong><\/p>\n","protected":false},"excerpt":{"rendered":"<h6><strong>Bits\u0171r\u0171s\u00e9g: 320<\/strong>kb\/s<strong><br \/>\n<\/strong><strong>Hossz: <\/strong>03:31<strong><br \/>\n<\/strong><strong style=\"font-size: 16px;\">Vok\u00e1lt tartalmaz: <\/strong>Nem <img loading=\"lazy\" decoding=\"async\" class=\"alignnone size-full wp-image-467\" src=\"http:\/\/www.sunkaraoke.hu\/wp-content\/uploads\/2022\/07\/choir_2-copy.png\" alt=\"\" width=\"30\" height=\"30\" \/><strong style=\"font-size: 16px;\"><br \/>\n<\/strong><\/h6>\n<p>Sunkaraoke mp3 st\u00fadi\u00f3 \/ www.sunkaraoke.hu \/ Inf: Tel: 06 20 4275001<\/p>\n<p>&#8212;Intr\u00f3&#8212;<br \/>\nF\u00fajja el a sz\u00e9l, az \u00e9n nagy b\u00e1natom,<br \/>\nmert \u00fagy \u00e9rzem, \u0151t a h\u00e9ten megtal\u00e1lom.<br \/>\nHa meglelem, megcs\u00f3kolom, a cs\u00f3kja \u00e9gjen ajkamon,<br \/>\nboldogabb n\u00e1lam nem lesz soha majd a vil\u00e1gon.<\/p>\n<p>T\u00e9ged \u00f6lel, t\u00e9ged cs\u00f3kol, egy \u0151r\u00fclt zen\u00e9sz sr\u00e1c,<br \/>\nte leszel, ki boldogg\u00e1 tesz minden \u00e9jszak\u00e1n.<br \/>\nIzz\u00f3 cs\u00f3kod elvar\u00e1zsol, csak eny\u00e9m leszel,<br \/>\nmert veled \u00e9lem le az eg\u00e9sz \u00e9letem.<br \/>\nT\u00e9ged \u00f6lel, t\u00e9ged cs\u00f3kol, egy \u0151r\u00fclt zen\u00e9sz sr\u00e1c,<br \/>\nte leszel, ki boldogg\u00e1 tesz minden \u00e9jszak\u00e1n.<br \/>\nIzz\u00f3 cs\u00f3kod elvar\u00e1zsol, csak eny\u00e9m leszel,<br \/>\nmert veled \u00e9lem le az eg\u00e9sz \u00e9letem.<br \/>\n&#8212;Sz\u00f3l\u00f3&#8212;<br \/>\nMossa el es\u0151 az \u00e9n nagy b\u00e1natom,<br \/>\nrem\u00e9lem, hogy benned m\u00e1r nem csal\u00f3dom.<br \/>\nA szemedbe, ha belen\u00e9zek, el t\u00f6bb\u00e9 \u00e9n nem engedlek,<br \/>\nboldogabb n\u00e1lam m\u00e9g nem sz\u00fcletett a vil\u00e1gon.<br \/>\nT\u00e9ged \u00f6lel, t\u00e9ged cs\u00f3kol, egy \u0151r\u00fclt zen\u00e9sz sr\u00e1c,<br \/>\nte leszel, ki boldogg\u00e1 tesz minden \u00e9jszak\u00e1n.<br \/>\nIzz\u00f3 cs\u00f3kod elvar\u00e1zsol, csak eny\u00e9m leszel,<br \/>\nmert veled \u00e9lem le az eg\u00e9sz \u00e9letem.<br \/>\nT\u00e9ged \u00f6lel, t\u00e9ged cs\u00f3kol, egy \u0151r\u00fclt zen\u00e9sz sr\u00e1c,<br \/>\nte leszel, ki boldogg\u00e1 tesz minden \u00e9jszak\u00e1n.<br \/>\nIzz\u00f3 cs\u00f3kod elvar\u00e1zsol, csak eny\u00e9m leszel,<br \/>\nmert veled \u00e9lem le az eg\u00e9sz \u00e9letem.<br \/>\n&#8212;V\u00e9ge&#8212;<\/p>\n","protected":false},"featured_media":9020,"template":"","meta":{"site-sidebar-layout":"default","site-content-layout":"default","ast-site-content-layout":"default","site-content-style":"default","site-sidebar-style":"default","ast-global-header-display":"","ast-banner-title-visibility":"","ast-main-header-display":"","ast-hfb-above-header-display":"","ast-hfb-below-header-display":"","ast-hfb-mobile-header-display":"","site-post-title":"","ast-breadcrumbs-content":"","ast-featured-img":"","footer-sml-layout":"","theme-transparent-header-meta":"default","adv-header-id-meta":"","stick-header-meta":"","header-above-stick-meta":"","header-main-stick-meta":"","header-below-stick-meta":"","astra-migrate-meta-layouts":"set","ast-page-background-enabled":"default","ast-page-background-meta":{"desktop":{"background-color":"var(--ast-global-color-4)","background-image":"","background-repeat":"repeat","background-position":"center center","background-size":"auto","background-attachment":"scroll","background-type":"","background-media":"","overlay-type":"","overlay-color":"","overlay-opacity":"","overlay-gradient":""},"tablet":{"background-color":"","background-image":"","background-repeat":"repeat","background-position":"center center","background-size":"auto","background-attachment":"scroll","background-type":"","background-media":"","overlay-type":"","overlay-color":"","overlay-opacity":"","overlay-gradient":""},"mobile":{"background-color":"","background-image":"","background-repeat":"repeat","background-position":"center center","background-size":"auto","background-attachment":"scroll","background-type":"","background-media":"","overlay-type":"","overlay-color":"","overlay-opacity":"","overlay-gradient":""}},"ast-content-background-meta":{"desktop":{"background-color":"var(--ast-global-color-5)","background-image":"","background-repeat":"repeat","background-position":"center center","background-size":"auto","background-attachment":"scroll","background-type":"","background-media":"","overlay-type":"","overlay-color":"","overlay-opacity":"","overlay-gradient":""},"tablet":{"background-color":"var(--ast-global-color-5)","background-image":"","background-repeat":"repeat","background-position":"center center","background-size":"auto","background-attachment":"scroll","background-type":"","background-media":"","overlay-type":"","overlay-color":"","overlay-opacity":"","overlay-gradient":""},"mobile":{"background-color":"var(--ast-global-color-5)","background-image":"","background-repeat":"repeat","background-position":"center center","background-size":"auto","background-attachment":"scroll","background-type":"","background-media":"","overlay-type":"","overlay-color":"","overlay-opacity":"","overlay-gradient":""}}},"product_cat":[52],"product_tag":[],"class_list":["post-3286","product","type-product","status-publish","has-post-thumbnail","hentry","product_cat-tajtiboy","desktop-align-left","tablet-align-left","mobile-align-left"],"_links":{"self":[{"href":"https:\/\/www.sunkaraoke.hu\/index.php\/wp-json\/wp\/v2\/product\/3286","targetHints":{"allow":["GET"]}}],"collection":[{"href":"https:\/\/www.sunkaraoke.hu\/index.php\/wp-json\/wp\/v2\/product"}],"about":[{"href":"https:\/\/www.sunkaraoke.hu\/index.php\/wp-json\/wp\/v2\/types\/product"}],"wp:featuredmedia":[{"embeddable":true,"href":"https:\/\/www.sunkaraoke.hu\/index.php\/wp-json\/wp\/v2\/media\/9020"}],"wp:attachment":[{"href":"https:\/\/www.sunkaraoke.hu\/index.php\/wp-json\/wp\/v2\/media?parent=3286"}],"wp:term":[{"taxonomy":"product_cat","embeddable":true,"href":"https:\/\/www.sunkaraoke.hu\/index.php\/wp-json\/wp\/v2\/product_cat?post=3286"},{"taxonomy":"product_tag","embeddable":true,"href":"https:\/\/www.sunkaraoke.hu\/index.php\/wp-json\/wp\/v2\/product_tag?post=3286"}],"curies":[{"name":"wp","href":"https:\/\/api.w.org\/{rel}","templated":true}]}}