{"id":3284,"date":"2022-08-08T20:46:14","date_gmt":"2022-08-08T20:46:14","guid":{"rendered":"https:\/\/www.sunkaraoke.hu\/index.php\/termek\/kaczor-ferenc-ma-este-dragam\/"},"modified":"2026-02-14T15:46:25","modified_gmt":"2026-02-14T13:46:25","slug":"kaczor-ferenc-ma-este-dragam","status":"publish","type":"product","link":"https:\/\/www.sunkaraoke.hu\/index.php\/termek\/kaczor-ferenc-ma-este-dragam\/","title":{"rendered":"<div class=\"wcmp-player-container product-3284\"><audio controlslist=\"nodownload\" data-product=\"3284\"  volume=\"1\"  preload=\"none\" data-lazyloading=\"none\" class=\"wcmp-player track mejs-classic\" data-duration=\"0:31\" data-estimated_duration=\"4\"><source src=\"https:\/\/www.sunkaraoke.hu\/wp-content\/uploads\/2022\/08\/Ma-este-dragam_demo.mp3\" type=\"audio\/mp3\" \/><\/audio><\/div>Kaczor Ferenc &#8211; Ma este dr\u00e1g\u00e1m (Original)"},"content":{"rendered":"<p><strong>03:29<\/strong> | <strong><img loading=\"lazy\" decoding=\"async\" class=\"alignnone size-full wp-image-467\" src=\"https:\/\/www.sunkaraoke.hu\/wp-content\/uploads\/2022\/07\/choir_2-copy.webp\" alt=\"\" width=\"30\" height=\"30\" \/> <\/strong><\/p>\n","protected":false},"excerpt":{"rendered":"<h6>Bits\u0171r\u0171s\u00e9g: 320 kb\/s<br \/>\nHossz: 03:29<br \/>\nVok\u00e1lt tartalmaz: Nem <img loading=\"lazy\" decoding=\"async\" class=\"alignnone size-full wp-image-467\" src=\"http:\/\/www.sunkaraoke.hu\/wp-content\/uploads\/2022\/07\/choir_2-copy.png\" alt=\"\" width=\"30\" height=\"30\" \/><strong style=\"font-size: 16px;\"><br \/>\n<\/strong><\/h6>\n<p>Sunkaraoke mp3 st\u00fadi\u00f3 \/ www.sunkaraoke.hu \/ Inf: Tel: 06 20 4275001<\/p>\n<p>&#8212;Intr\u00f3&#8212;<br \/>\nTegnap kicsit elt\u00e9vedtem,<br \/>\nkir\u00fagtam a h\u00e1mb\u00f3l,<br \/>\n\u00e1tz\u00fcll\u00f6ttem az \u00e9jszak\u00e1t,<br \/>\nj\u00f3 p\u00e1r kocsm\u00e1t bej\u00e1rtam.<br \/>\nTal\u00e1n kicsit be is r\u00fagtam,<br \/>\nm\u00e9g most is sz\u00e9d\u00fcl a fejem,<br \/>\nm\u00e1r nem eml\u00e9kszem, hogy merre j\u00e1rtam,<br \/>\nm\u00e1s \u00e1gy\u00e1ban \u00e9bredtem.<\/p>\n<p>Ma este dr\u00e1g\u00e1m nem alszom n\u00e1lad,<br \/>\nhazamegyek v\u00e1r a csal\u00e1dom,<br \/>\nsz\u00e9p volt veled, j\u00f3 volt veled,<br \/>\nde el kell v\u00e1lnunk, sajn\u00e1lom.<br \/>\nMa este dr\u00e1g\u00e1m nem alszom n\u00e1lad,<br \/>\nhazamegyek v\u00e1r a csal\u00e1dom,<br \/>\nsz\u00e9p volt veled, j\u00f3 volt veled,<br \/>\nde el kell v\u00e1lnunk, sajn\u00e1lom.<br \/>\n&#8212;Sz\u00f3l\u00f3&#8212;<br \/>\nTegnap kicsit t\u00f6bbet ittam,<br \/>\nm\u00e9g most is sz\u00e9d\u00fcl a fejem,<br \/>\nm\u00e1r nem eml\u00e9kszem,hogy merre j\u00e1rtam,<br \/>\negy l\u00e1ny \u00e1gy\u00e1ban \u00e9bredtem.<br \/>\nTe gy\u00f6ny\u00f6r\u0171 l\u00e1ny, te gy\u00f6ny\u00f6r\u0171 l\u00e1ny,<br \/>\nh\u00e1t k\u00f6sz\u00f6n\u00f6k mindent, most elmegyek.<br \/>\nTe gy\u00f6ny\u00f6r\u0171 l\u00e1ny, te gy\u00f6ny\u00f6r\u0171 l\u00e1ny,<br \/>\nk\u00f6sz\u00f6n\u00f6m a k\u00e1v\u00e9t, a szerelmet.<br \/>\nMa este dr\u00e1g\u00e1m nem alszom n\u00e1lad,<br \/>\nhazamegyek v\u00e1r a csal\u00e1dom,<br \/>\nsz\u00e9p volt veled, j\u00f3 volt veled,<br \/>\nde el kell v\u00e1lnunk, sajn\u00e1lom.<br \/>\nMa este dr\u00e1g\u00e1m nem alszom n\u00e1lad,<br \/>\nhazamegyek v\u00e1r a csal\u00e1dom,<br \/>\nsz\u00e9p volt veled, j\u00f3 volt veled,<br \/>\nde el kell v\u00e1lnunk, sajn\u00e1lom.<br \/>\n&#8212;Sz\u00f3l\u00f3&#8212;<br \/>\nMa este dr\u00e1g\u00e1m nem alszom n\u00e1lad,<br \/>\nhazamegyek v\u00e1r a csal\u00e1dom,<br \/>\nsz\u00e9p volt veled, j\u00f3 volt veled,<br \/>\nde el kell v\u00e1lnunk, sajn\u00e1lom.<br \/>\nMa este dr\u00e1g\u00e1m nem alszom n\u00e1lad,<br \/>\nhazamegyek v\u00e1r a csal\u00e1dom,<br \/>\nsz\u00e9p volt veled, j\u00f3 volt veled,<br \/>\nde el kell v\u00e1lnunk, sajn\u00e1lom.<br \/>\nMa este dr\u00e1g\u00e1m nem alszom n\u00e1lad,<br \/>\nhazamegyek v\u00e1r a csal\u00e1dom,<br \/>\nsz\u00e9p volt veled, j\u00f3 volt veled,<br \/>\nde el kell v\u00e1lnunk, sajn\u00e1lom.<br \/>\nMa este dr\u00e1g\u00e1m nem alszom n\u00e1lad,<br \/>\nhazamegyek v\u00e1r a csal\u00e1dom,<br \/>\nsz\u00e9p volt veled, j\u00f3 volt veled,<br \/>\nde el kell v\u00e1lnunk, sajn\u00e1lom.<br \/>\n&#8212;V\u00e9ge&#8212;<\/p>\n","protected":false},"featured_media":8960,"template":"","meta":{"site-sidebar-layout":"default","site-content-layout":"default","ast-site-content-layout":"default","site-content-style":"default","site-sidebar-style":"default","ast-global-header-display":"","ast-banner-title-visibility":"","ast-main-header-display":"","ast-hfb-above-header-display":"","ast-hfb-below-header-display":"","ast-hfb-mobile-header-display":"","site-post-title":"","ast-breadcrumbs-content":"","ast-featured-img":"","footer-sml-layout":"","theme-transparent-header-meta":"default","adv-header-id-meta":"","stick-header-meta":"","header-above-stick-meta":"","header-main-stick-meta":"","header-below-stick-meta":"","astra-migrate-meta-layouts":"set","ast-page-background-enabled":"default","ast-page-background-meta":{"desktop":{"background-color":"var(--ast-global-color-4)","background-image":"","background-repeat":"repeat","background-position":"center center","background-size":"auto","background-attachment":"scroll","background-type":"","background-media":"","overlay-type":"","overlay-color":"","overlay-opacity":"","overlay-gradient":""},"tablet":{"background-color":"","background-image":"","background-repeat":"repeat","background-position":"center center","background-size":"auto","background-attachment":"scroll","background-type":"","background-media":"","overlay-type":"","overlay-color":"","overlay-opacity":"","overlay-gradient":""},"mobile":{"background-color":"","background-image":"","background-repeat":"repeat","background-position":"center center","background-size":"auto","background-attachment":"scroll","background-type":"","background-media":"","overlay-type":"","overlay-color":"","overlay-opacity":"","overlay-gradient":""}},"ast-content-background-meta":{"desktop":{"background-color":"var(--ast-global-color-5)","background-image":"","background-repeat":"repeat","background-position":"center center","background-size":"auto","background-attachment":"scroll","background-type":"","background-media":"","overlay-type":"","overlay-color":"","overlay-opacity":"","overlay-gradient":""},"tablet":{"background-color":"var(--ast-global-color-5)","background-image":"","background-repeat":"repeat","background-position":"center center","background-size":"auto","background-attachment":"scroll","background-type":"","background-media":"","overlay-type":"","overlay-color":"","overlay-opacity":"","overlay-gradient":""},"mobile":{"background-color":"var(--ast-global-color-5)","background-image":"","background-repeat":"repeat","background-position":"center center","background-size":"auto","background-attachment":"scroll","background-type":"","background-media":"","overlay-type":"","overlay-color":"","overlay-opacity":"","overlay-gradient":""}}},"product_cat":[48],"product_tag":[],"class_list":["post-3284","product","type-product","status-publish","has-post-thumbnail","hentry","product_cat-sunkaraoke-dalok","desktop-align-left","tablet-align-left","mobile-align-left"],"_links":{"self":[{"href":"https:\/\/www.sunkaraoke.hu\/index.php\/wp-json\/wp\/v2\/product\/3284","targetHints":{"allow":["GET"]}}],"collection":[{"href":"https:\/\/www.sunkaraoke.hu\/index.php\/wp-json\/wp\/v2\/product"}],"about":[{"href":"https:\/\/www.sunkaraoke.hu\/index.php\/wp-json\/wp\/v2\/types\/product"}],"wp:featuredmedia":[{"embeddable":true,"href":"https:\/\/www.sunkaraoke.hu\/index.php\/wp-json\/wp\/v2\/media\/8960"}],"wp:attachment":[{"href":"https:\/\/www.sunkaraoke.hu\/index.php\/wp-json\/wp\/v2\/media?parent=3284"}],"wp:term":[{"taxonomy":"product_cat","embeddable":true,"href":"https:\/\/www.sunkaraoke.hu\/index.php\/wp-json\/wp\/v2\/product_cat?post=3284"},{"taxonomy":"product_tag","embeddable":true,"href":"https:\/\/www.sunkaraoke.hu\/index.php\/wp-json\/wp\/v2\/product_tag?post=3284"}],"curies":[{"name":"wp","href":"https:\/\/api.w.org\/{rel}","templated":true}]}}