{"id":3269,"date":"2022-08-08T20:46:13","date_gmt":"2022-08-08T20:46:13","guid":{"rendered":"https:\/\/www.sunkaraoke.hu\/index.php\/termek\/matyi-es-a-hegeds-ha-megutom-a-lotton-a-fnyeremenyt\/"},"modified":"2022-10-21T20:28:28","modified_gmt":"2022-10-21T20:28:28","slug":"matyi-es-a-hegeds-ha-megutom-a-lotton-a-fnyeremenyt","status":"publish","type":"product","link":"https:\/\/www.sunkaraoke.hu\/index.php\/termek\/matyi-es-a-hegeds-ha-megutom-a-lotton-a-fnyeremenyt\/","title":{"rendered":"<div class=\"wcmp-player-container product-3269\"><audio controlslist=\"nodownload\" data-product=\"3269\"  volume=\"1\"  preload=\"none\" data-lazyloading=\"none\" class=\"wcmp-player track mejs-classic\" ><source src=\"https:\/\/www.sunkaraoke.hu\/wp-content\/uploads\/wcmp\/4b02f7c2d297028d2e71e2739cb77fb8.mp3\" type=\"audio\/mp3\" \/><\/audio><\/div>Matyi \u00e9s a heged&#369;s &#8211; Ha meg\u00fct\u00f6m a lott\u00f3n a f&#337;nyerem\u00e9nyt"},"content":{"rendered":"<p><strong>03:43<\/strong> | <strong><img loading=\"lazy\" decoding=\"async\" class=\"alignnone size-full wp-image-466\" src=\"https:\/\/www.sunkaraoke.hu\/wp-content\/uploads\/2022\/07\/choir_1-copy.webp\" alt=\"\" width=\"30\" height=\"30\" \/> <\/p>\n","protected":false},"excerpt":{"rendered":"<p><strong>Bits\u0171r\u0171s\u00e9g: <\/strong>196kb\/s<strong><br \/>\n<\/strong><strong>Hossz: <\/strong>03:43<strong><br \/>\n<\/strong><strong style=\"font-size: 16px;\">Vok\u00e1lt tartalmaz: <\/strong>Igen <img loading=\"lazy\" decoding=\"async\" class=\"alignnone size-full wp-image-466\" src=\"http:\/\/www.sunkaraoke.hu\/wp-content\/uploads\/2022\/07\/choir_1-copy.png\" alt=\"\" width=\"30\" height=\"30\" \/><strong style=\"font-size: 16px;\"><br \/>\n<\/strong><\/p>\n<p>&nbsp;<\/p>\n<p>\ufeff&#8212;Intr\u00f3&#8212;<br \/>\nDe, ha meg\u00fct\u00f6m a lott\u00f3n a f\u0151nyerem\u00e9nyt,<br \/>\negy h\u00e9tig t\u00e1ncolok az asztal tetej\u00e9n.<br \/>\nElmegyek nyaralni Hawaii-ra,<br \/>\nvagy p\u00e1lmaf\u00e1kat \u00fcltetek az udvarra.<\/p>\n<p>Le\u00e9gtem ma este egy kicsit,<br \/>\nvalaki nyer vagy \u00f6r\u00f6kk\u00e9 vesz\u00edt.<br \/>\nNincs egy \u00e1rva rozsd\u00e1s kanyi sem a zsebemben,<br \/>\nma este \u00f3, jaj de nagyon le\u00e9gtem.<\/p>\n<p>De, ha meg\u00fct\u00f6m a lott\u00f3n a f\u0151nyerem\u00e9nyt,<br \/>\negy h\u00e9tig t\u00e1ncolok az asztal tetej\u00e9n,<br \/>\nelmegyek nyaralni Hawaii-ra,<br \/>\nvagy vadonat\u00faj Merci \u00e1ll az udvarba.<br \/>\nDe, ha meg\u00fct\u00f6m a lott\u00f3n a f\u0151nyerem\u00e9nyt,<br \/>\negy h\u00e9tig t\u00e1ncolok az asztal tetej\u00e9n,<br \/>\nelmegyek nyaralni Hawaii-ra,<br \/>\nvagy p\u00e1lmaf\u00e1kat \u00fcltetek az udvarba.<br \/>\n&#8212;Sz\u00f3l\u00f3&#8212;<br \/>\nDe, ha meg\u00fct\u00f6m a lott\u00f3n a f\u0151nyerem\u00e9nyt,<br \/>\negy h\u00e9tig t\u00e1ncolok az asztal tetej\u00e9n,<br \/>\nelmegyek nyaralni Hawaii-ra,<br \/>\nvagy vadonat\u00faj Merci \u00e1ll az udvarba.<br \/>\nDe, ha meg\u00fct\u00f6m a lott\u00f3n a f\u0151nyerem\u00e9nyt,<br \/>\negy h\u00e9tig t\u00e1ncolok az asztal tetej\u00e9n,<br \/>\nelmegyek nyaralni Hawaii-ra,<br \/>\nvagy p\u00e1lmaf\u00e1kat \u00fcltetek az udvarba.<br \/>\nJ\u00e1tszani \u00e9n, nagyon szeretek,<br \/>\nt\u00f6bbet vesztek, mint amit nyerek,<br \/>\na szerencse sajnos nagyon forgand\u00f3,<br \/>\nha vesztek, h\u00e1t r\u00fagja meg a l\u00f3,.<br \/>\n&#8212;Sz\u00f3l\u00f3&#8212;<br \/>\nDe, ha meg\u00fct\u00f6m a lott\u00f3n a f\u0151nyerem\u00e9nyt,<br \/>\negy h\u00e9tig t\u00e1ncolok az asztal tetej\u00e9n,<br \/>\nelmegyek nyaralni Hawaii-ra,<br \/>\nvagy vadonat\u00faj Merci \u00e1ll az udvarba.<br \/>\nDe, ha meg\u00fct\u00f6m a lott\u00f3n a f\u0151nyerem\u00e9nyt,<br \/>\negy h\u00e9tig t\u00e1ncolok az asztal tetej\u00e9n,<br \/>\nelmegyek nyaralni Hawaii-ra,<br \/>\nvagy p\u00e1lmaf\u00e1kat \u00fcltetek az udvarba.<br \/>\nDe, ha meg\u00fct\u00f6m a lott\u00f3n a f\u0151nyerem\u00e9nyt,<br \/>\negy h\u00e9tig t\u00e1ncolok az asztal tetej\u00e9n,<br \/>\nelmegyek nyaralni Hawaii-ra,<br \/>\nvagy vadonat\u00faj Merci \u00e1ll az udvarba.<br \/>\nDe, ha meg\u00fct\u00f6m a lott\u00f3n a f\u0151nyerem\u00e9nyt,<br \/>\negy h\u00e9tig t\u00e1ncolok az asztal tetej\u00e9n,<br \/>\nelmegyek nyaralni Hawaii-ra,<br \/>\nvagy p\u00e1lmaf\u00e1kat \u00fcltetek az udvarba.<br \/>\n&#8212;V\u00e9ge&#8212;<\/p>\n","protected":false},"featured_media":9296,"template":"","meta":{"site-sidebar-layout":"default","site-content-layout":"default","ast-site-content-layout":"","site-content-style":"default","site-sidebar-style":"default","ast-global-header-display":"","ast-banner-title-visibility":"","ast-main-header-display":"","ast-hfb-above-header-display":"","ast-hfb-below-header-display":"","ast-hfb-mobile-header-display":"","site-post-title":"","ast-breadcrumbs-content":"","ast-featured-img":"","footer-sml-layout":"","theme-transparent-header-meta":"default","adv-header-id-meta":"","stick-header-meta":"","header-above-stick-meta":"","header-main-stick-meta":"","header-below-stick-meta":"","astra-migrate-meta-layouts":"default","ast-page-background-enabled":"default","ast-page-background-meta":{"desktop":{"background-color":"var(--ast-global-color-4)","background-image":"","background-repeat":"repeat","background-position":"center center","background-size":"auto","background-attachment":"scroll","background-type":"","background-media":"","overlay-type":"","overlay-color":"","overlay-opacity":"","overlay-gradient":""},"tablet":{"background-color":"","background-image":"","background-repeat":"repeat","background-position":"center center","background-size":"auto","background-attachment":"scroll","background-type":"","background-media":"","overlay-type":"","overlay-color":"","overlay-opacity":"","overlay-gradient":""},"mobile":{"background-color":"","background-image":"","background-repeat":"repeat","background-position":"center center","background-size":"auto","background-attachment":"scroll","background-type":"","background-media":"","overlay-type":"","overlay-color":"","overlay-opacity":"","overlay-gradient":""}},"ast-content-background-meta":{"desktop":{"background-color":"var(--ast-global-color-5)","background-image":"","background-repeat":"repeat","background-position":"center center","background-size":"auto","background-attachment":"scroll","background-type":"","background-media":"","overlay-type":"","overlay-color":"","overlay-opacity":"","overlay-gradient":""},"tablet":{"background-color":"var(--ast-global-color-5)","background-image":"","background-repeat":"repeat","background-position":"center center","background-size":"auto","background-attachment":"scroll","background-type":"","background-media":"","overlay-type":"","overlay-color":"","overlay-opacity":"","overlay-gradient":""},"mobile":{"background-color":"var(--ast-global-color-5)","background-image":"","background-repeat":"repeat","background-position":"center center","background-size":"auto","background-attachment":"scroll","background-type":"","background-media":"","overlay-type":"","overlay-color":"","overlay-opacity":"","overlay-gradient":""}}},"product_cat":[46],"product_tag":[],"class_list":["post-3269","product","type-product","status-publish","has-post-thumbnail","hentry","product_cat-eredeti-karaoke-dalok","desktop-align-left","tablet-align-left","mobile-align-left"],"_links":{"self":[{"href":"https:\/\/www.sunkaraoke.hu\/index.php\/wp-json\/wp\/v2\/product\/3269","targetHints":{"allow":["GET"]}}],"collection":[{"href":"https:\/\/www.sunkaraoke.hu\/index.php\/wp-json\/wp\/v2\/product"}],"about":[{"href":"https:\/\/www.sunkaraoke.hu\/index.php\/wp-json\/wp\/v2\/types\/product"}],"wp:featuredmedia":[{"embeddable":true,"href":"https:\/\/www.sunkaraoke.hu\/index.php\/wp-json\/wp\/v2\/media\/9296"}],"wp:attachment":[{"href":"https:\/\/www.sunkaraoke.hu\/index.php\/wp-json\/wp\/v2\/media?parent=3269"}],"wp:term":[{"taxonomy":"product_cat","embeddable":true,"href":"https:\/\/www.sunkaraoke.hu\/index.php\/wp-json\/wp\/v2\/product_cat?post=3269"},{"taxonomy":"product_tag","embeddable":true,"href":"https:\/\/www.sunkaraoke.hu\/index.php\/wp-json\/wp\/v2\/product_tag?post=3269"}],"curies":[{"name":"wp","href":"https:\/\/api.w.org\/{rel}","templated":true}]}}