{"id":3264,"date":"2022-08-08T20:46:12","date_gmt":"2022-08-08T20:46:12","guid":{"rendered":"https:\/\/www.sunkaraoke.hu\/index.php\/termek\/slager-tibo-bulizunk-a-menyorszagban\/"},"modified":"2025-04-03T13:52:30","modified_gmt":"2025-04-03T13:52:30","slug":"slager-tibo-bulizunk-a-menyorszagban","status":"publish","type":"product","link":"https:\/\/www.sunkaraoke.hu\/index.php\/termek\/slager-tibo-bulizunk-a-menyorszagban\/","title":{"rendered":"<div class=\"wcmp-player-container product-3264\"><audio controlslist=\"nodownload\" data-product=\"3264\"  volume=\"1\"  preload=\"none\" data-lazyloading=\"none\" class=\"wcmp-player track mejs-classic\" data-duration=\"0:34\" data-estimated_duration=\"4\"><source src=\"https:\/\/www.sunkaraoke.hu\/wp-content\/uploads\/2022\/08\/Bulizunk-a-mennyorszagban-demoo.mp3\" type=\"audio\/mp3\" \/><\/audio><\/div>Sl\u00e1ger Tib\u00f3 &#8211; Bulizunk a mennyorsz\u00e1gban (Original)"},"content":{"rendered":"<p><strong>05:11<\/strong> | <strong><img loading=\"lazy\" decoding=\"async\" class=\"alignnone size-full wp-image-466\" src=\"https:\/\/www.sunkaraoke.hu\/wp-content\/uploads\/2022\/07\/choir_1-copy.webp\" alt=\"\" width=\"30\" height=\"30\" \/> <\/strong><\/p>\n","protected":false},"excerpt":{"rendered":"<h6><strong>Bits\u0171r\u0171s\u00e9g: 320kb\/s<\/strong><br \/>\n<strong>Hossz: 05:11<\/strong><br \/>\n<strong>Vok\u00e1lt tartalmaz: Igen <img loading=\"lazy\" decoding=\"async\" class=\"alignnone size-full wp-image-466\" src=\"http:\/\/www.sunkaraoke.hu\/wp-content\/uploads\/2022\/07\/choir_1-copy.png\" alt=\"\" width=\"30\" height=\"30\" \/><\/strong><strong style=\"font-size: 16px;\"><br \/>\n<\/strong><\/h6>\n<p>Sunkaraoke mp3 st\u00fadi\u00f3 \/ www.sunkaraoke.hu \/ Inf: Tel: 06 20 4275001<\/p>\n<p>&#8212;Intr\u00f3&#8212;<br \/>\nHa meghalok, vigyetek a mennybe, k\u00eds\u00e9rjen a vid\u00e1m zenesz\u00f3,<br \/>\nazt h\u00fazza a cig\u00e1ny a f\u00fclembe, hogy j\u00f3 volt \u00e9lni, de j\u00f3.<br \/>\nS ha megk\u00e9rdi a kapuban az angyal, mi\u00e9rt j\u00f6tt\u00e9l vid\u00e1m idegen,<br \/>\nodas\u00fagom a f\u00fcl\u00e9be halkan, a kedvenc \u00e9nekem.<\/p>\n<p>Hogy \u00e9n a f\u00f6ldr\u0151l j\u00f6ttem angyalom,<br \/>\nmert a j\u00f3 bulikat ki nem hagyom.<br \/>\nV\u00e1rhat m\u00e9g az utols\u00f3 vacsora,<br \/>\nim\u00e1dom, ha sz\u00f3l a muzsika!<br \/>\nMert \u00e9n a f\u00f6ldr\u0151l j\u00f6ttem angyalom,<br \/>\nSzent P\u00e9ter \u00far m\u00e1r v\u00e1r nagyon!<br \/>\nEg\u00e9sz \u00e9jjel pi\u00e1zunk, angyalokkal cic\u00e1zunk,<br \/>\nbuli lesz a mennyorsz\u00e1gban hajnalig,<br \/>\nisszuk a j\u00f3 mise bort, ilyen j\u00f3 m\u00e9g sose volt,<br \/>\nbuli lesz a mennyorsz\u00e1gban hajnalig!<br \/>\n&#8212;Sz\u00f3l\u00f3&#8212;<br \/>\nHa meghalok, vigyetek a mennybe,<br \/>\nk\u00eds\u00e9rjen a vid\u00e1m zenesz\u00f3,<br \/>\nazt h\u00fazza a cig\u00e1ny a f\u00fclembe,<br \/>\nhogy j\u00f3 volt \u00e9lni, de j\u00f3.<br \/>\nS ha megk\u00e9rdi a kapuban az angyal,<br \/>\nmi\u00e9rt j\u00f6tt\u00e9l vid\u00e1m idegen,<br \/>\nodas\u00fagom a f\u00fcl\u00e9be halkan,<br \/>\na kedvenc \u00e9nekem.<\/p>\n<p>Hogy \u00e9n a f\u00f6ldr\u0151l j\u00f6ttem angyalom,<br \/>\nmert a j\u00f3 bulikat ki nem hagyom.<br \/>\nV\u00e1rhat m\u00e9g az utols\u00f3 vacsora,<br \/>\nim\u00e1dom, ha sz\u00f3l a muzsika!<br \/>\nMert \u00e9n a f\u00f6ldr\u0151l j\u00f6ttem angyalom,<br \/>\nSzent P\u00e9ter \u00far m\u00e1r v\u00e1r nagyon!<br \/>\nEg\u00e9sz \u00e9jjel pi\u00e1zunk,<br \/>\nangyalokkal cic\u00e1zunk,<br \/>\nbuli lesz a mennyorsz\u00e1gban hajnalig,<br \/>\nisszuk a j\u00f3 mise bort, ilyen j\u00f3 m\u00e9g sose volt,<br \/>\nbuli lesz a mennyorsz\u00e1gban hajnalig!<br \/>\nMert \u00e9n a f\u00f6ldr\u0151l j\u00f6ttem angyalom,<br \/>\nSzent P\u00e9ter \u00far m\u00e1r v\u00e1r nagyon!<br \/>\nEg\u00e9sz \u00e9jjel pi\u00e1zunk, angyalokkal cic\u00e1zunk,<br \/>\nbuli lesz a mennyorsz\u00e1gban hajnalig,<br \/>\nisszuk a j\u00f3 mise bort,<br \/>\nilyen j\u00f3 m\u00e9g sose volt,<br \/>\nbuli lesz a mennyorsz\u00e1gban hajnalig!<br \/>\n&#8212;Sz\u00f3l\u00f3&#8212;<br \/>\nMert \u00e9n a f\u00f6ldr\u0151l j\u00f6ttem angyalom,<br \/>\nSzent P\u00e9ter \u00far m\u00e1r v\u00e1r nagyon!<br \/>\nEg\u00e9sz \u00e9jjel pi\u00e1zunk,<br \/>\nangyalokkal cic\u00e1zunk,<br \/>\nbuli lesz a mennyorsz\u00e1gban hajnalig,<br \/>\nisszuk a j\u00f3 mise bort,<br \/>\nilyen j\u00f3 m\u00e9g sose volt,<br \/>\nbuli lesz a mennyorsz\u00e1gban hajnalig!<br \/>\n&#8212;V\u00e9ge&#8212;<\/p>\n","protected":false},"featured_media":9289,"template":"","meta":{"site-sidebar-layout":"default","site-content-layout":"default","ast-site-content-layout":"default","site-content-style":"default","site-sidebar-style":"default","ast-global-header-display":"","ast-banner-title-visibility":"","ast-main-header-display":"","ast-hfb-above-header-display":"","ast-hfb-below-header-display":"","ast-hfb-mobile-header-display":"","site-post-title":"","ast-breadcrumbs-content":"","ast-featured-img":"","footer-sml-layout":"","theme-transparent-header-meta":"default","adv-header-id-meta":"","stick-header-meta":"","header-above-stick-meta":"","header-main-stick-meta":"","header-below-stick-meta":"","astra-migrate-meta-layouts":"set","ast-page-background-enabled":"default","ast-page-background-meta":{"desktop":{"background-color":"var(--ast-global-color-4)","background-image":"","background-repeat":"repeat","background-position":"center center","background-size":"auto","background-attachment":"scroll","background-type":"","background-media":"","overlay-type":"","overlay-color":"","overlay-opacity":"","overlay-gradient":""},"tablet":{"background-color":"","background-image":"","background-repeat":"repeat","background-position":"center center","background-size":"auto","background-attachment":"scroll","background-type":"","background-media":"","overlay-type":"","overlay-color":"","overlay-opacity":"","overlay-gradient":""},"mobile":{"background-color":"","background-image":"","background-repeat":"repeat","background-position":"center center","background-size":"auto","background-attachment":"scroll","background-type":"","background-media":"","overlay-type":"","overlay-color":"","overlay-opacity":"","overlay-gradient":""}},"ast-content-background-meta":{"desktop":{"background-color":"var(--ast-global-color-5)","background-image":"","background-repeat":"repeat","background-position":"center center","background-size":"auto","background-attachment":"scroll","background-type":"","background-media":"","overlay-type":"","overlay-color":"","overlay-opacity":"","overlay-gradient":""},"tablet":{"background-color":"var(--ast-global-color-5)","background-image":"","background-repeat":"repeat","background-position":"center center","background-size":"auto","background-attachment":"scroll","background-type":"","background-media":"","overlay-type":"","overlay-color":"","overlay-opacity":"","overlay-gradient":""},"mobile":{"background-color":"var(--ast-global-color-5)","background-image":"","background-repeat":"repeat","background-position":"center center","background-size":"auto","background-attachment":"scroll","background-type":"","background-media":"","overlay-type":"","overlay-color":"","overlay-opacity":"","overlay-gradient":""}}},"product_cat":[46],"product_tag":[],"class_list":["post-3264","product","type-product","status-publish","has-post-thumbnail","hentry","product_cat-eredeti-karaoke-dalok","desktop-align-left","tablet-align-left","mobile-align-left"],"_links":{"self":[{"href":"https:\/\/www.sunkaraoke.hu\/index.php\/wp-json\/wp\/v2\/product\/3264","targetHints":{"allow":["GET"]}}],"collection":[{"href":"https:\/\/www.sunkaraoke.hu\/index.php\/wp-json\/wp\/v2\/product"}],"about":[{"href":"https:\/\/www.sunkaraoke.hu\/index.php\/wp-json\/wp\/v2\/types\/product"}],"wp:featuredmedia":[{"embeddable":true,"href":"https:\/\/www.sunkaraoke.hu\/index.php\/wp-json\/wp\/v2\/media\/9289"}],"wp:attachment":[{"href":"https:\/\/www.sunkaraoke.hu\/index.php\/wp-json\/wp\/v2\/media?parent=3264"}],"wp:term":[{"taxonomy":"product_cat","embeddable":true,"href":"https:\/\/www.sunkaraoke.hu\/index.php\/wp-json\/wp\/v2\/product_cat?post=3264"},{"taxonomy":"product_tag","embeddable":true,"href":"https:\/\/www.sunkaraoke.hu\/index.php\/wp-json\/wp\/v2\/product_tag?post=3264"}],"curies":[{"name":"wp","href":"https:\/\/api.w.org\/{rel}","templated":true}]}}