{"id":20303,"date":"2026-04-10T14:15:01","date_gmt":"2026-04-10T12:15:01","guid":{"rendered":"https:\/\/www.sunkaraoke.hu\/?post_type=product&#038;p=20303"},"modified":"2026-04-10T14:16:24","modified_gmt":"2026-04-10T12:16:24","slug":"piros-bela-lady-laura-2026-new-pb-edition","status":"publish","type":"product","link":"https:\/\/www.sunkaraoke.hu\/index.php\/termek\/piros-bela-lady-laura-2026-new-pb-edition\/","title":{"rendered":"<div class=\"wcmp-player-container product-20303\"><audio controlslist=\"nodownload\" data-product=\"20303\"  volume=\"1\"  preload=\"none\" data-lazyloading=\"none\" class=\"wcmp-player track mejs-classic\" data-duration=\"0:37\" data-estimated_duration=\"4\"><source src=\"https:\/\/www.sunkaraoke.hu\/wp-content\/uploads\/2026\/04\/Lady-laura-2026-New-Ka_demoo.mp3\" type=\"audio\/mp3\" \/><\/audio><\/div>Piros B\u00e9la &#8211; Lady Laura 2026.NEW (PB Edition)"},"content":{"rendered":"<p><b>04:36<\/b>| <strong><img loading=\"lazy\" decoding=\"async\" class=\"alignnone size-full wp-image-467\" src=\"https:\/\/www.sunkaraoke.hu\/wp-content\/uploads\/2022\/07\/choir_2-copy.webp\" alt=\"\" width=\"30\" height=\"30\" \/> <\/strong><\/p>\n","protected":false},"excerpt":{"rendered":"<h6><strong>Bits\u0171r\u0171s\u00e9g: 320kb\/s<\/strong><br \/>\n<strong>Hossz: 04:36<\/strong><br \/>\n<strong>Vok\u00e1lt tartalmaz: Nem<\/strong><strong style=\"font-size: 16px;\"><br \/>\n<\/strong><\/h6>\n<p>Sunkaraoke mp3 st\u00fadi\u00f3 \/ www.sunkaraoke.hu \/ Inf: Tel: 06 20 4275001<\/p>\n<p>&#8212;Intr\u00f3&#8212;<br \/>\nN\u00e9ha szeretn\u00e9k m\u00e9g egyszer, szerelmes kis di\u00e1k lenni.<br \/>\nHossz\u00fa \u00f3r\u00e1kig \u00e1llni egy, vir\u00e1gos ablak el\u0151tt.<br \/>\nN\u00e9m\u00e1n v\u00e1rni egy megbesz\u00e9lt, szerelmes apr\u00f3 kis jelre.<br \/>\nAzt\u00e1n t\u00e1gra ny\u00edlt szemekkel, remegve csod\u00e1lni \u0151t.<br \/>\n\u00dajra szeretn\u00e9m hallani, bec\u00e9z\u0151, b\u00edztat\u00f3 hangj\u00e1t.<br \/>\nOlyan j\u00f3 lenne \u00e9rezni, arcomon selymes haj\u00e1t.<br \/>\nAkkor \u00f6leltem el\u0151sz\u00f6r, s feln\u0151tt\u00e9 lettem a karj\u00e1n.<br \/>\nAm\u00edg \u00e9lek \u00e9n soha nem feledem az \u00e9jszak\u00e1t!<br \/>\nLady Laura, k\u00eds\u00e9rt egy k\u00e9p.<br \/>\nLady Laura, \u00f6lelj \u00e1t egyszer.<br \/>\nLady Laura, \u00fagy ahogy akkor,Lady Laura!<br \/>\nLady Laura, k\u00eds\u00e9rt egy k\u00e9p,<br \/>\nLady Laura, \u00f6lelj \u00e1t egyszer,<br \/>\nLady Laura, \u00fagy ahogy akkor,Lady Laura!<br \/>\nSokszor gondolok r\u00e1d, \u00e9s a felh\u0151tlen kamasz koromra.<br \/>\nT\u0151led tanultam szeretni, s boldogg\u00e1 tenni egy n\u0151t.<br \/>\nPuha v\u00e1lladra hajtottam fejem, \u00e9s \u00e1lmokat sz\u0151ttem.<br \/>\nMindig sz\u00edvesen id\u00e9zem, vissza \u00e9n azt az id\u0151t.<br \/>\n\u00c9vek m\u00falt\u00e1n ha elmentem hozz\u00e1d, hogy mes\u00e9ljek n\u00e9ked.<br \/>\nN\u00e9h\u00e1ny \u00f3r\u00e1ra visszat\u00e9rt, sz\u00edvembe az ifj\u00fas\u00e1g.<br \/>\nAzt\u00e1n j\u00f6ttek a felh\u0151k, a gondok, a k\u00fczdelmes \u00e9vek,<br \/>\n\u00e9s az utamon ezernyi keser\u0171 csal\u00f3d\u00e1s v\u00e1rt!<br \/>\nLady Laura, k\u00eds\u00e9rt egy k\u00e9p,<br \/>\nLady Laura, \u00f6lelj \u00e1t egyszer,<br \/>\nLady Laura, \u00fagy ahogy akkor, Lady Laura.<br \/>\nLady Laura, k\u00eds\u00e9rt egy k\u00e9p,<br \/>\nLady Laura, \u00f6lelj \u00e1t egyszer,<br \/>\nLady Laura, \u00fagy ahogy akkor Lady Laura!<br \/>\n&#8212;Sz\u00f3l\u00f3&#8212;<br \/>\nLady Laura, k\u00eds\u00e9rt egy k\u00e9p,<br \/>\nLady Laura, \u00f6lelj \u00e1t egyszer,<br \/>\nLady Laura, \u00fagy ahogy akkor Lady Laura!<br \/>\nLady Laura, k\u00eds\u00e9rt egy k\u00e9p,<br \/>\nLady Laura, \u00f6lelj \u00e1t egyszer,<br \/>\nLady Laura, \u00fagy ahogy akkor, Lady Laura!<br \/>\nLady Laura, kis\u00e9rt egy k\u00e9p,<br \/>\nLady Laura \u00f6lelj \u00e1t egyszer,<br \/>\nLady Laura, \u00fagy ahogy akkor,Lady Laura.<br \/>\nLady Laura, k\u00eds\u00e9rt egy k\u00e9p,<br \/>\nLady Laura, \u00f6lelj \u00e1t egyszer,<br \/>\nLady Laura, \u00fagy ahogy akkor Lady Laura!<br \/>\n&#8212;V\u00e9ge&#8212;<\/p>\n","protected":false},"featured_media":12989,"template":"","meta":{"site-sidebar-layout":"default","site-content-layout":"default","ast-site-content-layout":"default","site-content-style":"default","site-sidebar-style":"default","ast-global-header-display":"","ast-banner-title-visibility":"","ast-main-header-display":"","ast-hfb-above-header-display":"","ast-hfb-below-header-display":"","ast-hfb-mobile-header-display":"","site-post-title":"","ast-breadcrumbs-content":"","ast-featured-img":"","footer-sml-layout":"","theme-transparent-header-meta":"default","adv-header-id-meta":"","stick-header-meta":"","header-above-stick-meta":"","header-main-stick-meta":"","header-below-stick-meta":"","astra-migrate-meta-layouts":"set","ast-page-background-enabled":"default","ast-page-background-meta":{"desktop":{"background-color":"var(--ast-global-color-4)","background-image":"","background-repeat":"repeat","background-position":"center center","background-size":"auto","background-attachment":"scroll","background-type":"","background-media":"","overlay-type":"","overlay-color":"","overlay-opacity":"","overlay-gradient":""},"tablet":{"background-color":"","background-image":"","background-repeat":"repeat","background-position":"center center","background-size":"auto","background-attachment":"scroll","background-type":"","background-media":"","overlay-type":"","overlay-color":"","overlay-opacity":"","overlay-gradient":""},"mobile":{"background-color":"","background-image":"","background-repeat":"repeat","background-position":"center center","background-size":"auto","background-attachment":"scroll","background-type":"","background-media":"","overlay-type":"","overlay-color":"","overlay-opacity":"","overlay-gradient":""}},"ast-content-background-meta":{"desktop":{"background-color":"var(--ast-global-color-5)","background-image":"","background-repeat":"repeat","background-position":"center center","background-size":"auto","background-attachment":"scroll","background-type":"","background-media":"","overlay-type":"","overlay-color":"","overlay-opacity":"","overlay-gradient":""},"tablet":{"background-color":"var(--ast-global-color-5)","background-image":"","background-repeat":"repeat","background-position":"center center","background-size":"auto","background-attachment":"scroll","background-type":"","background-media":"","overlay-type":"","overlay-color":"","overlay-opacity":"","overlay-gradient":""},"mobile":{"background-color":"var(--ast-global-color-5)","background-image":"","background-repeat":"repeat","background-position":"center center","background-size":"auto","background-attachment":"scroll","background-type":"","background-media":"","overlay-type":"","overlay-color":"","overlay-opacity":"","overlay-gradient":""}}},"product_cat":[48],"product_tag":[],"class_list":["post-20303","product","type-product","status-publish","has-post-thumbnail","hentry","product_cat-sunkaraoke-dalok","desktop-align-left","tablet-align-left","mobile-align-left"],"_links":{"self":[{"href":"https:\/\/www.sunkaraoke.hu\/index.php\/wp-json\/wp\/v2\/product\/20303","targetHints":{"allow":["GET"]}}],"collection":[{"href":"https:\/\/www.sunkaraoke.hu\/index.php\/wp-json\/wp\/v2\/product"}],"about":[{"href":"https:\/\/www.sunkaraoke.hu\/index.php\/wp-json\/wp\/v2\/types\/product"}],"wp:featuredmedia":[{"embeddable":true,"href":"https:\/\/www.sunkaraoke.hu\/index.php\/wp-json\/wp\/v2\/media\/12989"}],"wp:attachment":[{"href":"https:\/\/www.sunkaraoke.hu\/index.php\/wp-json\/wp\/v2\/media?parent=20303"}],"wp:term":[{"taxonomy":"product_cat","embeddable":true,"href":"https:\/\/www.sunkaraoke.hu\/index.php\/wp-json\/wp\/v2\/product_cat?post=20303"},{"taxonomy":"product_tag","embeddable":true,"href":"https:\/\/www.sunkaraoke.hu\/index.php\/wp-json\/wp\/v2\/product_tag?post=20303"}],"curies":[{"name":"wp","href":"https:\/\/api.w.org\/{rel}","templated":true}]}}