{"id":20260,"date":"2026-03-10T10:31:07","date_gmt":"2026-03-10T08:31:07","guid":{"rendered":"https:\/\/www.sunkaraoke.hu\/?post_type=product&#038;p=20260"},"modified":"2026-03-10T10:34:28","modified_gmt":"2026-03-10T08:34:28","slug":"bitto-duo-x-baba-boldog-igazan-2026-new","status":"publish","type":"product","link":"https:\/\/www.sunkaraoke.hu\/index.php\/termek\/bitto-duo-x-baba-boldog-igazan-2026-new\/","title":{"rendered":"<div class=\"wcmp-player-container product-20260\"><audio controlslist=\"nodownload\" data-product=\"20260\"  volume=\"1\"  preload=\"none\" data-lazyloading=\"none\" class=\"wcmp-player track mejs-classic\" data-duration=\"0:32\" data-estimated_duration=\"4\"><source src=\"https:\/\/www.sunkaraoke.hu\/wp-content\/uploads\/2026\/03\/Hazug-szerelem-2026.-New-Bitto.-demoo.mp3\" type=\"audio\/mp3\" \/><\/audio><\/div>Bitt\u00f3 Du\u00f3 X Baba &#8211; Hazug szerelem 2026. NEW"},"content":{"rendered":"<p><strong>03:09<\/strong>| <strong><img loading=\"lazy\" decoding=\"async\" class=\"alignnone size-full wp-image-467\" src=\"https:\/\/www.sunkaraoke.hu\/wp-content\/uploads\/2022\/07\/choir_2-copy.webp\" alt=\"\" width=\"30\" height=\"30\" \/> <\/strong><\/p>\n","protected":false},"excerpt":{"rendered":"<h6><strong>Bits\u0171r\u0171s\u00e9g: 320kb\/s<\/strong><\/h6>\n<h6><strong>Hossza: 03:09<\/strong><\/h6>\n<h6><strong>Vok\u00e1l: Nem<\/strong><\/h6>\n<p>Sunkaraoke mp3 st\u00fadi\u00f3 \/ www.sunkaraoke.hu \/ Inf: Tel: 06 20 4275001<\/p>\n<p>&#8212;Intr\u00f3&#8212;<br \/>\nMeg\u00edg\u00e9rem hogy nem kereslek t\u00f6bbet,<br \/>\nkamu volt\u00e1l a sz\u00edvemet elvitted,<br \/>\ntudom neh\u00e9z lesz n\u00e9lk\u00fcled az \u00e9letem.<br \/>\nVelem van a dr\u00e1ga j\u00f3 Istenem,<br \/>\nmegseg\u00edt egy \u00fajabb jobb \u00e9letben,<br \/>\nde az\u00e9rt a sz\u00edvemben, mindig ott leszel.<br \/>\nMert te elment\u00e9l \u00e9s \u00e9n folyton iszom,<br \/>\nki tudja hogy ezt meddig b\u00edrom,<br \/>\ntudod van ilyen hazug szerelem.<br \/>\nHogy ismersz engem, azt is letagadom,<br \/>\nm\u00e1sok el\u0151tt csak a fejed j\u00e1tszod,<br \/>\ntudod van ilyen, hazug szerelem.<br \/>\n&#8212;Sz\u00f3l\u00f3&#8212;<br \/>\nMeg\u00edg\u00e9rem hogy nem kereslek t\u00f6bbet,<br \/>\nkamu volt\u00e1l a sz\u00edvemet elvitted,<br \/>\ntudom neh\u00e9z lesz n\u00e9lk\u00fcled az \u00e9letem.<br \/>\nVelem van a dr\u00e1ga j\u00f3 Istenem,<br \/>\nmegseg\u00edt egy \u00fajabb jobb \u00e9letben,<br \/>\nde az\u00e9rt a sz\u00edvemben mindig ott leszel.<br \/>\nMert te elment\u00e9l \u00e9s \u00e9n folyton iszom,<br \/>\nki tudja hogy ezt meddig b\u00edrom,<br \/>\nvan ilyen hazug szerelem.<br \/>\nHogy ismersz engem azt is letagadom,<br \/>\nm\u00e1sok el\u0151tt csak a fejed j\u00e1tszod,<br \/>\ntudod van ilyen, hazug szerelem.<br \/>\n\u2014V\u00e9ge&#8212;<\/p>\n","protected":false},"featured_media":14762,"template":"","meta":{"site-sidebar-layout":"default","site-content-layout":"default","ast-site-content-layout":"default","site-content-style":"default","site-sidebar-style":"default","ast-global-header-display":"","ast-banner-title-visibility":"","ast-main-header-display":"","ast-hfb-above-header-display":"","ast-hfb-below-header-display":"","ast-hfb-mobile-header-display":"","site-post-title":"","ast-breadcrumbs-content":"","ast-featured-img":"","footer-sml-layout":"","theme-transparent-header-meta":"default","adv-header-id-meta":"","stick-header-meta":"","header-above-stick-meta":"","header-main-stick-meta":"","header-below-stick-meta":"","astra-migrate-meta-layouts":"set","ast-page-background-enabled":"default","ast-page-background-meta":{"desktop":{"background-color":"var(--ast-global-color-4)","background-image":"","background-repeat":"repeat","background-position":"center center","background-size":"auto","background-attachment":"scroll","background-type":"","background-media":"","overlay-type":"","overlay-color":"","overlay-opacity":"","overlay-gradient":""},"tablet":{"background-color":"","background-image":"","background-repeat":"repeat","background-position":"center center","background-size":"auto","background-attachment":"scroll","background-type":"","background-media":"","overlay-type":"","overlay-color":"","overlay-opacity":"","overlay-gradient":""},"mobile":{"background-color":"","background-image":"","background-repeat":"repeat","background-position":"center center","background-size":"auto","background-attachment":"scroll","background-type":"","background-media":"","overlay-type":"","overlay-color":"","overlay-opacity":"","overlay-gradient":""}},"ast-content-background-meta":{"desktop":{"background-color":"var(--ast-global-color-5)","background-image":"","background-repeat":"repeat","background-position":"center center","background-size":"auto","background-attachment":"scroll","background-type":"","background-media":"","overlay-type":"","overlay-color":"","overlay-opacity":"","overlay-gradient":""},"tablet":{"background-color":"var(--ast-global-color-5)","background-image":"","background-repeat":"repeat","background-position":"center center","background-size":"auto","background-attachment":"scroll","background-type":"","background-media":"","overlay-type":"","overlay-color":"","overlay-opacity":"","overlay-gradient":""},"mobile":{"background-color":"var(--ast-global-color-5)","background-image":"","background-repeat":"repeat","background-position":"center center","background-size":"auto","background-attachment":"scroll","background-type":"","background-media":"","overlay-type":"","overlay-color":"","overlay-opacity":"","overlay-gradient":""}}},"product_cat":[48],"product_tag":[],"class_list":["post-20260","product","type-product","status-publish","has-post-thumbnail","hentry","product_cat-sunkaraoke-dalok","desktop-align-left","tablet-align-left","mobile-align-left"],"_links":{"self":[{"href":"https:\/\/www.sunkaraoke.hu\/index.php\/wp-json\/wp\/v2\/product\/20260","targetHints":{"allow":["GET"]}}],"collection":[{"href":"https:\/\/www.sunkaraoke.hu\/index.php\/wp-json\/wp\/v2\/product"}],"about":[{"href":"https:\/\/www.sunkaraoke.hu\/index.php\/wp-json\/wp\/v2\/types\/product"}],"wp:featuredmedia":[{"embeddable":true,"href":"https:\/\/www.sunkaraoke.hu\/index.php\/wp-json\/wp\/v2\/media\/14762"}],"wp:attachment":[{"href":"https:\/\/www.sunkaraoke.hu\/index.php\/wp-json\/wp\/v2\/media?parent=20260"}],"wp:term":[{"taxonomy":"product_cat","embeddable":true,"href":"https:\/\/www.sunkaraoke.hu\/index.php\/wp-json\/wp\/v2\/product_cat?post=20260"},{"taxonomy":"product_tag","embeddable":true,"href":"https:\/\/www.sunkaraoke.hu\/index.php\/wp-json\/wp\/v2\/product_tag?post=20260"}],"curies":[{"name":"wp","href":"https:\/\/api.w.org\/{rel}","templated":true}]}}