{"id":19873,"date":"2025-10-09T14:54:24","date_gmt":"2025-10-09T12:54:24","guid":{"rendered":"https:\/\/www.sunkaraoke.hu\/?post_type=product&#038;p=19873"},"modified":"2025-10-09T14:56:09","modified_gmt":"2025-10-09T12:56:09","slug":"neoton-don-quijote-2025-new-extend-version-pb-edition","status":"publish","type":"product","link":"https:\/\/www.sunkaraoke.hu\/index.php\/termek\/neoton-don-quijote-2025-new-extend-version-pb-edition\/","title":{"rendered":"<div class=\"wcmp-player-container product-19873\"><audio controlslist=\"nodownload\" data-product=\"19873\"  volume=\"1\"  preload=\"none\" data-lazyloading=\"none\" class=\"wcmp-player track mejs-classic\" data-duration=\"0:36\" data-estimated_duration=\"4\"><source src=\"https:\/\/www.sunkaraoke.hu\/wp-content\/uploads\/2025\/10\/Donquihote-2025-Suno_demooo.mp3\" type=\"audio\/mp3\" \/><\/audio><\/div>Neoton &#8211; Don Quijote 2025. New Extend version (PB Edition)"},"content":{"rendered":"<p><strong>03:23<\/strong>\u00a0\/\u00a0 <strong><img loading=\"lazy\" decoding=\"async\" class=\"alignnone size-full wp-image-466\" src=\"https:\/\/www.sunkaraoke.hu\/wp-content\/uploads\/2022\/07\/choir_1-copy.webp\" alt=\"\" width=\"30\" height=\"30\" \/>\u00a0 \/\u00a0 +2<\/strong><\/p>\n","protected":false},"excerpt":{"rendered":"<h6><strong>Bits\u0171r\u0171s\u00e9g: 320kb\/s<\/strong><br \/>\n<strong>Hossz: 03:33<\/strong><br \/>\n<strong>Vok\u00e1lt tartalmaz: NEM<\/strong><br \/>\n<strong>Transzpon\u00e1l\u00e1s: +2<\/strong><\/h6>\n<p>Sunkaraoke mp3 st\u00fadi\u00f3 \/ www.sunkaraoke.hu \/ Inf: Tel: 06 20 4275001<\/p>\n<p>&#8212;Intr\u00f3&#8212;<br \/>\nA lovagreg\u00e9nyek a plafonig \u00e9rtek,<br \/>\n\u00e9s k\u00f6zt\u00fck egy szik\u00e1r alak \u00fclt.<br \/>\nA f\u00fcst\u00f6l\u0151 gyertya a k\u00f6rm\u00e9re \u00e9gett,<br \/>\nha az \u00e9sz fejvesztve menek\u00fclt.<br \/>\nA val\u00f3s\u00e1g v\u00e9g\u00fcl m\u00e1r messze j\u00e1rt,<br \/>\ns \u0151 elindult akkor, hogy \u00e1t\u00e9lje, amit kital\u00e1lt.<br \/>\nDon Quijote, Don Quijote,<br \/>\na sz\u00e9lmalom csak j\u00e1tszik veled.<br \/>\nDon Quijote, Don Quijote,<br \/>\nma is k\u00f6zt\u00fcnk \u00e9lsz, de m\u00e1s a neved.<br \/>\nDon Quijote, Don Quijote,<br \/>\na sz\u00e9lmalomharc mire val\u00f3?<br \/>\nDon Quijote, Don Quijote,<br \/>\nminek \u00e1lmodni, ha \u00e9bren is j\u00f3?<br \/>\n&#8212;Sz\u00f3l\u00f3&#8212;<br \/>\nA b\u00fas k\u00e9p\u0171 lovag, az utakat r\u00f3ja,<br \/>\nha nincs, h\u00e1t keres akad\u00e1lyt.<br \/>\nS ha \u00fagy \u00e9rzi, fontos, hogy valaki v\u00e1rja,<br \/>\negy Dulcine\u00e1t is kital\u00e1l.<br \/>\nA val\u00f3s\u00e1g gyakran a fej\u00e9re \u00e1ll,<br \/>\n\u0151 nekiv\u00e1g akkor, \u00e9s r\u00e9mes, hogy n\u00e9ha mit csin\u00e1l.<br \/>\nDon Quijote, Don Quijote,<br \/>\na sz\u00e9lmalom csak j\u00e1tszik veled.<br \/>\nDon Quijote, Don Quijote,<br \/>\nma is k\u00f6zt\u00fcnk \u00e9lsz, de m\u00e1s a neved.<br \/>\nDon Quijote, Don Quijote,<br \/>\na sz\u00e9lmalomharc mire val\u00f3?<br \/>\nDon Quijote, Don Quijote,<br \/>\nminek \u00e1lmodni, ha \u00e9bren is j\u00f3.<br \/>\n&#8212;Sz\u00f3l\u00f3&#8212;<br \/>\nDon Quijote, Don Quijote,<br \/>\na sz\u00e9lmalom csak j\u00e1tszik veled.<br \/>\nDon Quijote, Don Quijote,<br \/>\nma is k\u00f6zt\u00fcnk \u00e9lsz, de m\u00e1s a neved.<br \/>\n&#8212;V\u00e9ge&#8212;<\/p>\n","protected":false},"featured_media":9391,"template":"","meta":{"site-sidebar-layout":"default","site-content-layout":"default","ast-site-content-layout":"default","site-content-style":"default","site-sidebar-style":"default","ast-global-header-display":"","ast-banner-title-visibility":"","ast-main-header-display":"","ast-hfb-above-header-display":"","ast-hfb-below-header-display":"","ast-hfb-mobile-header-display":"","site-post-title":"","ast-breadcrumbs-content":"","ast-featured-img":"","footer-sml-layout":"","theme-transparent-header-meta":"default","adv-header-id-meta":"","stick-header-meta":"","header-above-stick-meta":"","header-main-stick-meta":"","header-below-stick-meta":"","astra-migrate-meta-layouts":"set","ast-page-background-enabled":"default","ast-page-background-meta":{"desktop":{"background-color":"var(--ast-global-color-4)","background-image":"","background-repeat":"repeat","background-position":"center center","background-size":"auto","background-attachment":"scroll","background-type":"","background-media":"","overlay-type":"","overlay-color":"","overlay-opacity":"","overlay-gradient":""},"tablet":{"background-color":"","background-image":"","background-repeat":"repeat","background-position":"center center","background-size":"auto","background-attachment":"scroll","background-type":"","background-media":"","overlay-type":"","overlay-color":"","overlay-opacity":"","overlay-gradient":""},"mobile":{"background-color":"","background-image":"","background-repeat":"repeat","background-position":"center center","background-size":"auto","background-attachment":"scroll","background-type":"","background-media":"","overlay-type":"","overlay-color":"","overlay-opacity":"","overlay-gradient":""}},"ast-content-background-meta":{"desktop":{"background-color":"var(--ast-global-color-5)","background-image":"","background-repeat":"repeat","background-position":"center center","background-size":"auto","background-attachment":"scroll","background-type":"","background-media":"","overlay-type":"","overlay-color":"","overlay-opacity":"","overlay-gradient":""},"tablet":{"background-color":"var(--ast-global-color-5)","background-image":"","background-repeat":"repeat","background-position":"center center","background-size":"auto","background-attachment":"scroll","background-type":"","background-media":"","overlay-type":"","overlay-color":"","overlay-opacity":"","overlay-gradient":""},"mobile":{"background-color":"var(--ast-global-color-5)","background-image":"","background-repeat":"repeat","background-position":"center center","background-size":"auto","background-attachment":"scroll","background-type":"","background-media":"","overlay-type":"","overlay-color":"","overlay-opacity":"","overlay-gradient":""}}},"product_cat":[48],"product_tag":[],"class_list":["post-19873","product","type-product","status-publish","has-post-thumbnail","hentry","product_cat-sunkaraoke-dalok","desktop-align-left","tablet-align-left","mobile-align-left"],"_links":{"self":[{"href":"https:\/\/www.sunkaraoke.hu\/index.php\/wp-json\/wp\/v2\/product\/19873","targetHints":{"allow":["GET"]}}],"collection":[{"href":"https:\/\/www.sunkaraoke.hu\/index.php\/wp-json\/wp\/v2\/product"}],"about":[{"href":"https:\/\/www.sunkaraoke.hu\/index.php\/wp-json\/wp\/v2\/types\/product"}],"wp:featuredmedia":[{"embeddable":true,"href":"https:\/\/www.sunkaraoke.hu\/index.php\/wp-json\/wp\/v2\/media\/9391"}],"wp:attachment":[{"href":"https:\/\/www.sunkaraoke.hu\/index.php\/wp-json\/wp\/v2\/media?parent=19873"}],"wp:term":[{"taxonomy":"product_cat","embeddable":true,"href":"https:\/\/www.sunkaraoke.hu\/index.php\/wp-json\/wp\/v2\/product_cat?post=19873"},{"taxonomy":"product_tag","embeddable":true,"href":"https:\/\/www.sunkaraoke.hu\/index.php\/wp-json\/wp\/v2\/product_tag?post=19873"}],"curies":[{"name":"wp","href":"https:\/\/api.w.org\/{rel}","templated":true}]}}