{"id":19624,"date":"2025-07-21T18:44:58","date_gmt":"2025-07-21T16:44:58","guid":{"rendered":"https:\/\/www.sunkaraoke.hu\/?post_type=product&#038;p=19624"},"modified":"2025-07-21T18:46:19","modified_gmt":"2025-07-21T16:46:19","slug":"mercy-en-mar-nem-kapok-levegot-original","status":"publish","type":"product","link":"https:\/\/www.sunkaraoke.hu\/index.php\/termek\/mercy-en-mar-nem-kapok-levegot-original\/","title":{"rendered":"<div class=\"wcmp-player-container product-19624\"><audio controlslist=\"nodownload\" data-product=\"19624\"  volume=\"1\"  preload=\"none\" data-lazyloading=\"none\" class=\"wcmp-player track mejs-classic\" data-duration=\"0:36\" data-estimated_duration=\"4\"><source src=\"https:\/\/www.sunkaraoke.hu\/wp-content\/uploads\/2025\/07\/En_mar_nem_kapok_levegot_demooo.mp3\" type=\"audio\/mp3\" \/><\/audio><\/div>Mercy &#8211; \u00c9n m\u00e1r nem kapok leveg\u0151t (Original)"},"content":{"rendered":"<p><strong>03:34<\/strong> \/ <img decoding=\"async\" src=\"https:\/\/www.sunkaraoke.hu\/wp-content\/uploads\/2022\/07\/choir_2-copy.webp\" \/>\u00a0 \/<\/p>\n","protected":false},"excerpt":{"rendered":"<h6><strong>Bits\u0171r\u0171s\u00e9g: 320<\/strong>kb\/s<strong><br \/>\n<\/strong><strong>Hossz: 03:04<\/strong><strong><br \/>\n<\/strong><strong style=\"font-size: 16px;\">Vok\u00e1lt tartalmaz: Nem\u00a0 <img decoding=\"async\" src=\"https:\/\/www.sunkaraoke.hu\/wp-content\/uploads\/2022\/07\/choir_2-copy.png\" \/><\/strong><strong style=\"font-size: 16px;\"><br \/>\n<\/strong><\/h6>\n<p>Sunkaraoke mp3 st\u00fadi\u00f3 \/ www.sunkaraoke.hu \/ Inf: Tel: 06 20 4275001<\/p>\n<p>&#8212;Intr\u00f3&#8212;<br \/>\nSzemedben f\u00e9nysug\u00e1r, arcodon m\u00e1mor,<br \/>\namikor n\u00e9zlek \u00e9n, a sz\u00edvem l\u00e1ngol.<br \/>\nLehet hogy m\u00e9g az \u00e9g, is t\u0151led k\u00e9kebb,<br \/>\nmert ez a szerelem , elvak\u00edt v\u00e9gleg.<br \/>\nKarodba b\u00fajok \u00e9n, amikor f\u00e9lek,<br \/>\naz eg\u00e9sz \u00e9letem , ett\u0151l lett m\u00e9g szebb,<br \/>\nnem kell kimondanom , azt amit \u00e9rzek,<br \/>\nhisz szavak n\u00e9lk\u00fcl is, te azt meg\u00e9rted.<\/p>\n<p>\u00c9n m\u00e1r nem kapok leveg\u0151t n\u00e9lk\u00fcled,<br \/>\n\u00e9n m\u00e1r nem \u00e9lhetek csak veled,<br \/>\na sz\u00edv\u00fcnknek parancsolni nem lehet,<br \/>\nez\u00e9rt \u00e9lj\u00fck le egy\u00fctt ezt az \u00e9letet.<br \/>\n\u00c9n m\u00e1r nem kapok leveg\u0151t n\u00e9lk\u00fcled,<br \/>\n\u00e9n m\u00e1r nem \u00e9lhetek csak veled,<br \/>\na sz\u00edv\u00fcnknek parancsolni nem lehet,<br \/>\nez\u00e9rt \u00e9lj\u00fck le egy\u00fctt ezt az \u00e9letet.<br \/>\n&#8212;Sz\u00f3l\u00f3&#8212;<br \/>\nIgazi szerelem , mit \u00e9rted \u00e9rzek,<br \/>\nnem tudlak feledni, sohase t\u00e9ged,<br \/>\n\u00e9s ez a szerelem , bennem \u00fagy l\u00e1ngol,<br \/>\nnem tudok \u00e9lni m\u00e1r, sz\u00edvedt\u0151l t\u00e1vol.<br \/>\nKarodba b\u00fajok \u00e9n, amikor f\u00e9lek,<br \/>\naz eg\u00e9sz \u00e9letem , ett\u0151l lett m\u00e9g szebb,<br \/>\nnem kell kimondanom , azt amit \u00e9rzek,<br \/>\nhisz szavak n\u00e9lk\u00fcl is, te azt meg\u00e9rted.<\/p>\n<p>\u00c9n m\u00e1r nem kapok leveg\u0151t n\u00e9lk\u00fcled,<br \/>\n\u00e9n m\u00e1r nem \u00e9lhetek csak veled,<br \/>\na sz\u00edv\u00fcnknek parancsolni nem lehet,<br \/>\nez\u00e9rt \u00e9lj\u00fck le egy\u00fctt ezt az \u00e9letet.<br \/>\n\u00c9n m\u00e1r nem kapok leveg\u0151t n\u00e9lk\u00fcled,<br \/>\n\u00e9n m\u00e1r nem \u00e9lhetek csak veled,<br \/>\na sz\u00edv\u00fcnknek parancsolni nem lehet,<br \/>\nez\u00e9rt \u00e9lj\u00fck le egy\u00fctt ezt az \u00e9letet.<br \/>\n&#8212;Sz\u00f3l\u00f3&#8212;<br \/>\n\u00c9n m\u00e1r nem kapok leveg\u0151t n\u00e9lk\u00fcled,<br \/>\n\u00e9n m\u00e1r nem \u00e9lhetek csak veled,<br \/>\na sz\u00edv\u00fcnknek parancsolni nem lehet,<br \/>\nez\u00e9rt \u00e9lj\u00fck le egy\u00fctt ezt az \u00e9letet.<br \/>\n\u00c9n m\u00e1r nem kapok leveg\u0151t n\u00e9lk\u00fcled,<br \/>\n\u00e9n m\u00e1r nem \u00e9lhetek csak veled,<br \/>\na sz\u00edv\u00fcnknek parancsolni nem lehet,<br \/>\nez\u00e9rt \u00e9lj\u00fck le egy\u00fctt ezt az \u00e9letet.<br \/>\n&#8212;V\u00e9ge&#8212;<\/p>\n","protected":false},"featured_media":9777,"template":"","meta":{"site-sidebar-layout":"default","site-content-layout":"default","ast-site-content-layout":"default","site-content-style":"default","site-sidebar-style":"default","ast-global-header-display":"","ast-banner-title-visibility":"","ast-main-header-display":"","ast-hfb-above-header-display":"","ast-hfb-below-header-display":"","ast-hfb-mobile-header-display":"","site-post-title":"","ast-breadcrumbs-content":"","ast-featured-img":"","footer-sml-layout":"","theme-transparent-header-meta":"default","adv-header-id-meta":"","stick-header-meta":"","header-above-stick-meta":"","header-main-stick-meta":"","header-below-stick-meta":"","astra-migrate-meta-layouts":"set","ast-page-background-enabled":"default","ast-page-background-meta":{"desktop":{"background-color":"var(--ast-global-color-4)","background-image":"","background-repeat":"repeat","background-position":"center center","background-size":"auto","background-attachment":"scroll","background-type":"","background-media":"","overlay-type":"","overlay-color":"","overlay-opacity":"","overlay-gradient":""},"tablet":{"background-color":"","background-image":"","background-repeat":"repeat","background-position":"center center","background-size":"auto","background-attachment":"scroll","background-type":"","background-media":"","overlay-type":"","overlay-color":"","overlay-opacity":"","overlay-gradient":""},"mobile":{"background-color":"","background-image":"","background-repeat":"repeat","background-position":"center center","background-size":"auto","background-attachment":"scroll","background-type":"","background-media":"","overlay-type":"","overlay-color":"","overlay-opacity":"","overlay-gradient":""}},"ast-content-background-meta":{"desktop":{"background-color":"var(--ast-global-color-5)","background-image":"","background-repeat":"repeat","background-position":"center center","background-size":"auto","background-attachment":"scroll","background-type":"","background-media":"","overlay-type":"","overlay-color":"","overlay-opacity":"","overlay-gradient":""},"tablet":{"background-color":"var(--ast-global-color-5)","background-image":"","background-repeat":"repeat","background-position":"center center","background-size":"auto","background-attachment":"scroll","background-type":"","background-media":"","overlay-type":"","overlay-color":"","overlay-opacity":"","overlay-gradient":""},"mobile":{"background-color":"var(--ast-global-color-5)","background-image":"","background-repeat":"repeat","background-position":"center center","background-size":"auto","background-attachment":"scroll","background-type":"","background-media":"","overlay-type":"","overlay-color":"","overlay-opacity":"","overlay-gradient":""}}},"product_cat":[46],"product_tag":[],"class_list":["post-19624","product","type-product","status-publish","has-post-thumbnail","hentry","product_cat-eredeti-karaoke-dalok","desktop-align-left","tablet-align-left","mobile-align-left"],"_links":{"self":[{"href":"https:\/\/www.sunkaraoke.hu\/index.php\/wp-json\/wp\/v2\/product\/19624","targetHints":{"allow":["GET"]}}],"collection":[{"href":"https:\/\/www.sunkaraoke.hu\/index.php\/wp-json\/wp\/v2\/product"}],"about":[{"href":"https:\/\/www.sunkaraoke.hu\/index.php\/wp-json\/wp\/v2\/types\/product"}],"wp:featuredmedia":[{"embeddable":true,"href":"https:\/\/www.sunkaraoke.hu\/index.php\/wp-json\/wp\/v2\/media\/9777"}],"wp:attachment":[{"href":"https:\/\/www.sunkaraoke.hu\/index.php\/wp-json\/wp\/v2\/media?parent=19624"}],"wp:term":[{"taxonomy":"product_cat","embeddable":true,"href":"https:\/\/www.sunkaraoke.hu\/index.php\/wp-json\/wp\/v2\/product_cat?post=19624"},{"taxonomy":"product_tag","embeddable":true,"href":"https:\/\/www.sunkaraoke.hu\/index.php\/wp-json\/wp\/v2\/product_tag?post=19624"}],"curies":[{"name":"wp","href":"https:\/\/api.w.org\/{rel}","templated":true}]}}