{"id":19569,"date":"2024-07-10T15:17:35","date_gmt":"2024-07-10T13:17:35","guid":{"rendered":"https:\/\/www.sunkaraoke.hu\/?post_type=product&#038;p=19569"},"modified":"2025-07-10T15:23:07","modified_gmt":"2025-07-10T13:23:07","slug":"kiki-dininiqe-eretlenek-original-sb-edition","status":"publish","type":"product","link":"https:\/\/www.sunkaraoke.hu\/index.php\/termek\/kiki-dininiqe-eretlenek-original-sb-edition\/","title":{"rendered":"<div class=\"wcmp-player-container product-19569\"><audio controlslist=\"nodownload\" data-product=\"19569\"  volume=\"1\"  preload=\"none\" data-lazyloading=\"none\" class=\"wcmp-player track mejs-classic\" data-duration=\"0:33\" data-estimated_duration=\"4\"><source src=\"https:\/\/www.sunkaraoke.hu\/wp-content\/uploads\/2025\/07\/Eretlenek-Vok-Kiki-Dj-Dominiqe-SB.-demoo.mp3\" type=\"audio\/mp3\" \/><\/audio><\/div>Kiki &#038; Dininiqe : \u00c9retlenek ( Original SB Edition)"},"content":{"rendered":"<p><strong>04:04 <\/strong>| <strong><img loading=\"lazy\" decoding=\"async\" class=\"alignnone size-full wp-image-466\" src=\"https:\/\/www.sunkaraoke.hu\/wp-content\/uploads\/2022\/07\/choir_1-copy.webp\" alt=\"\" width=\"30\" height=\"30\" \/> <\/strong><\/p>\n","protected":false},"excerpt":{"rendered":"<h5>Bits\u0171r\u0171s\u00e9g: 320kb\/s<br \/>\nHossz: 04:04<br \/>\nVok\u00e1lt tartalmaz: Igen <img loading=\"lazy\" decoding=\"async\" class=\"alignnone size-full wp-image-466\" src=\"http:\/\/www.sunkaraoke.hu\/wp-content\/uploads\/2022\/07\/choir_1-copy.png\" alt=\"\" width=\"30\" height=\"30\" \/><strong style=\"font-size: 16px;\"><br \/>\n<\/strong><\/h5>\n<p>Sunkaraoke mp3 st\u00fadi\u00f3 \/ www.sunkaraoke.hu \/ Inf: Tel: 06 20 4275001<\/p>\n<p>Valami nagy dolog kell m\u00e9g,<br \/>\ntal\u00e1n egy szerelem \u00e9ppen el\u00e9g,<br \/>\ntal\u00e1n \u00e9rted, tal\u00e1n \u00e9rtem,<br \/>\nlehet hogy holnap elj\u00f6n m\u00e9g.<br \/>\nValami nagy dob\u00e1s nem m\u00e1s valami nagy sz\u00edvdobban\u00e1s,<br \/>\naz \u00e9let \u00edg\u00e9rt sz\u00e9pet, hol az a f\u00f6ldre sz\u00e1llt var\u00e1zs!<br \/>\n&#8212;Sz\u00f3l\u00f3&#8212;<br \/>\nValami nagy dolog kell m\u00e9g,<br \/>\ntal\u00e1n egy szerelem \u00e9ppen el\u00e9g,<br \/>\ntal\u00e1n \u00e9rted, tal\u00e1n \u00e9rtem,<br \/>\nlehet hogy holnap elj\u00f6n m\u00e9g.<br \/>\n\u00cdgy sz\u00e9p a vil\u00e1g,<br \/>\nj\u00f3 ahogy van csak f\u00e9l komolyan,<br \/>\n\u00e9s sz\u00e9pek az \u00e9jszak\u00e1k,<br \/>\nmert nagy buli van az \u00e1lmainkban.<br \/>\nAz \u00e9let egy \u00f6r\u00f6k\u00f6lt j\u00e1t\u00e9k, aj\u00e1nd\u00e9k.<br \/>\na f\u00e9nyek \u00e9s vel\u00fcnk az \u00e1rny\u00e9k.<br \/>\nitt minden t\u0151l\u00fcnk sz\u00e9p.<br \/>\nValami nagy dolog kell m\u00e9g,<br \/>\ntal\u00e1n egy szerelem \u00e9ppen el\u00e9g,<br \/>\ntal\u00e1n \u00e9rted, tal\u00e1n \u00e9rtem,<br \/>\nlehet hogy holnap elj\u00f6n m\u00e9g.<br \/>\nValami nagy dob\u00e1s nem m\u00e1s valami nagy sz\u00edvdobban\u00e1s,<br \/>\naz \u00e9let \u00edg\u00e9rt sz\u00e9pet, hol az a f\u00f6ldre sz\u00e1llt var\u00e1zs!<br \/>\n&#8212;Sz\u00f3l\u00f3&#8212;<br \/>\nAz \u00e9let egy \u00f6r\u00f6k\u00f6lt j\u00e1t\u00e9k, aj\u00e1nd\u00e9k.<br \/>\na f\u00e9nyek \u00e9s vel\u00fcnk az \u00e1rny\u00e9k.<br \/>\nitt minden t\u0151l\u00fcnk sz\u00e9p.<br \/>\nValami nagy dolog kell m\u00e9g,<br \/>\ntal\u00e1n egy szerelem \u00e9ppen el\u00e9g,<br \/>\ntal\u00e1n \u00e9rted, tal\u00e1n \u00e9rtem,<br \/>\nlehet hogy holnap elj\u00f6n m\u00e9g.<br \/>\nValami nagy dob\u00e1s nem m\u00e1s valami nagy sz\u00edvdobban\u00e1s,<br \/>\naz \u00e9let \u00edg\u00e9rt sz\u00e9pet, hol az a f\u00f6ldre sz\u00e1llt var\u00e1zs!<br \/>\nMinden \u00edgy volt sz\u00e9p,<br \/>\nmi sohase v\u00e1rtunk jobb mes\u00e9t,<br \/>\nez az utca \u00e9ppen el\u00e9g,<br \/>\ns ha m\u00e1shova v\u00e1gysz, majd hazatal\u00e1lsz mint \u00e9n.<br \/>\nValami nagy dolog kell m\u00e9g,<br \/>\ntal\u00e1n egy szerelem \u00e9ppen el\u00e9g,<br \/>\ntal\u00e1n \u00e9rted, tal\u00e1n \u00e9rtem,<br \/>\nlehet hogy holnap elj\u00f6n m\u00e9g.<br \/>\nValami nagy dob\u00e1s nem m\u00e1s valami nagy sz\u00edvdobban\u00e1s,<br \/>\naz \u00e9let \u00edg\u00e9rt sz\u00e9pet, hol az a f\u00f6ldre sz\u00e1llt var\u00e1zs!<br \/>\n&#8212;V\u00e9ge&#8212;<\/p>\n","protected":false},"featured_media":19572,"template":"","meta":{"site-sidebar-layout":"default","site-content-layout":"default","ast-site-content-layout":"default","site-content-style":"default","site-sidebar-style":"default","ast-global-header-display":"","ast-banner-title-visibility":"","ast-main-header-display":"","ast-hfb-above-header-display":"","ast-hfb-below-header-display":"","ast-hfb-mobile-header-display":"","site-post-title":"","ast-breadcrumbs-content":"","ast-featured-img":"","footer-sml-layout":"","theme-transparent-header-meta":"default","adv-header-id-meta":"","stick-header-meta":"","header-above-stick-meta":"","header-main-stick-meta":"","header-below-stick-meta":"","astra-migrate-meta-layouts":"set","ast-page-background-enabled":"default","ast-page-background-meta":{"desktop":{"background-color":"var(--ast-global-color-4)","background-image":"","background-repeat":"repeat","background-position":"center center","background-size":"auto","background-attachment":"scroll","background-type":"","background-media":"","overlay-type":"","overlay-color":"","overlay-opacity":"","overlay-gradient":""},"tablet":{"background-color":"","background-image":"","background-repeat":"repeat","background-position":"center center","background-size":"auto","background-attachment":"scroll","background-type":"","background-media":"","overlay-type":"","overlay-color":"","overlay-opacity":"","overlay-gradient":""},"mobile":{"background-color":"","background-image":"","background-repeat":"repeat","background-position":"center center","background-size":"auto","background-attachment":"scroll","background-type":"","background-media":"","overlay-type":"","overlay-color":"","overlay-opacity":"","overlay-gradient":""}},"ast-content-background-meta":{"desktop":{"background-color":"var(--ast-global-color-5)","background-image":"","background-repeat":"repeat","background-position":"center center","background-size":"auto","background-attachment":"scroll","background-type":"","background-media":"","overlay-type":"","overlay-color":"","overlay-opacity":"","overlay-gradient":""},"tablet":{"background-color":"var(--ast-global-color-5)","background-image":"","background-repeat":"repeat","background-position":"center center","background-size":"auto","background-attachment":"scroll","background-type":"","background-media":"","overlay-type":"","overlay-color":"","overlay-opacity":"","overlay-gradient":""},"mobile":{"background-color":"var(--ast-global-color-5)","background-image":"","background-repeat":"repeat","background-position":"center center","background-size":"auto","background-attachment":"scroll","background-type":"","background-media":"","overlay-type":"","overlay-color":"","overlay-opacity":"","overlay-gradient":""}}},"product_cat":[48],"product_tag":[],"class_list":["post-19569","product","type-product","status-publish","has-post-thumbnail","hentry","product_cat-sunkaraoke-dalok","desktop-align-left","tablet-align-left","mobile-align-left"],"_links":{"self":[{"href":"https:\/\/www.sunkaraoke.hu\/index.php\/wp-json\/wp\/v2\/product\/19569","targetHints":{"allow":["GET"]}}],"collection":[{"href":"https:\/\/www.sunkaraoke.hu\/index.php\/wp-json\/wp\/v2\/product"}],"about":[{"href":"https:\/\/www.sunkaraoke.hu\/index.php\/wp-json\/wp\/v2\/types\/product"}],"wp:featuredmedia":[{"embeddable":true,"href":"https:\/\/www.sunkaraoke.hu\/index.php\/wp-json\/wp\/v2\/media\/19572"}],"wp:attachment":[{"href":"https:\/\/www.sunkaraoke.hu\/index.php\/wp-json\/wp\/v2\/media?parent=19569"}],"wp:term":[{"taxonomy":"product_cat","embeddable":true,"href":"https:\/\/www.sunkaraoke.hu\/index.php\/wp-json\/wp\/v2\/product_cat?post=19569"},{"taxonomy":"product_tag","embeddable":true,"href":"https:\/\/www.sunkaraoke.hu\/index.php\/wp-json\/wp\/v2\/product_tag?post=19569"}],"curies":[{"name":"wp","href":"https:\/\/api.w.org\/{rel}","templated":true}]}}