{"id":19531,"date":"2025-06-25T12:43:24","date_gmt":"2025-06-25T10:43:24","guid":{"rendered":"https:\/\/www.sunkaraoke.hu\/?post_type=product&#038;p=19531"},"modified":"2025-06-25T12:44:31","modified_gmt":"2025-06-25T10:44:31","slug":"piros-bela-piros-mulatos-93-mix-original","status":"publish","type":"product","link":"https:\/\/www.sunkaraoke.hu\/index.php\/termek\/piros-bela-piros-mulatos-93-mix-original\/","title":{"rendered":"<div class=\"wcmp-player-container product-19531\"><audio controlslist=\"nodownload\" data-product=\"19531\"  volume=\"1\"  preload=\"none\" data-lazyloading=\"none\" class=\"wcmp-player track mejs-classic\" data-duration=\"0:46\" data-estimated_duration=\"5\"><source src=\"https:\/\/www.sunkaraoke.hu\/wp-content\/uploads\/2025\/06\/Piros-mulatos-mix-93-master-demoo.mp3\" type=\"audio\/mp3\" \/><\/audio><\/div>Piros B\u00e9la -Piros Mulat\u00f3s 93. Mix. (Original)"},"content":{"rendered":"<p><b>11:13 <\/b>\u00a0<strong><img loading=\"lazy\" decoding=\"async\" class=\"alignnone size-full wp-image-467\" src=\"https:\/\/www.sunkaraoke.hu\/wp-content\/uploads\/2022\/07\/choir_2-copy.webp\" alt=\"\" width=\"30\" height=\"30\" \/> <\/strong><\/p>\n","protected":false},"excerpt":{"rendered":"<h6><strong>Bits\u0171r\u0171s\u00e9g: 320kb\/s<\/strong><br \/>\n<strong>Hossz: 11:13<\/strong><br \/>\n<strong>Vok\u00e1lt tartalmaz: Nem <img loading=\"lazy\" decoding=\"async\" class=\"alignnone size-full wp-image-467\" src=\"http:\/\/www.sunkaraoke.hu\/wp-content\/uploads\/2022\/07\/choir_2-copy.png\" alt=\"\" width=\"30\" height=\"30\" \/><\/strong><strong style=\"font-size: 16px;\"><br \/>\n<\/strong><\/h6>\n<p>Sunkaraoke mp3 st\u00fadi\u00f3 \/ www.sunkaraoke.hu \/ Inf: Tel: 06 20 4275001<\/p>\n<p>&#8212;Intr\u00f3&#8212;<br \/>\nFelveszem a piros sz\u00edn\u0171 ruh\u00e1mat,<br \/>\nelfeledem az \u00e9n csalfa bab\u00e1mat.<br \/>\nNem szomorkodom, m\u00e1r ut\u00e1nad,<br \/>\nl\u00e1togasd a mam\u00e1dat.<br \/>\nElmegyek az \u00e9jszak\u00e1ba mulatni,<br \/>\nnem fogok \u00e9n senki ut\u00e1n kutatni.<br \/>\nAz eml\u00e9kedet, vigye el a b\u00fab\u00e1nat,<br \/>\n\u00e9n nem s\u00edrok m\u00e1r ut\u00e1nad.<br \/>\nHopp te di rit ta la, hopp te di rit ta la,<br \/>\nta ri dap ta ri di ta la la ta na na.<br \/>\nAlom alom a loma lom, sa na na na na na na,<br \/>\nalom alom a na na na na na na na.<br \/>\nHopp te di rit ta la, hopp te di rit ta la,<br \/>\nta ri dap ta ri di, ta la la ta na na.<br \/>\nAlom alom a loma lom, sa na na na na na na,<br \/>\nta ri dap ta ri di, ta la la ta na na.<br \/>\n&#8212;Sz\u00f3l\u00f3&#8212;<br \/>\nEgyet, kett\u0151t p\u00f6rd\u00fcl\u00f6k a cig\u00e1nnyal,<br \/>\nj\u00f3l \u00e9rzem magamat a sok zsiv\u00e1nnyal.<br \/>\nNem t\u00f6r\u0151d\u00f6m semmivel a vil\u00e1gon,<br \/>\na j\u00f3 kedvet \u00e9n im\u00e1dom.<br \/>\nJekhduj trin shtar, nincsen most m\u00e1r b\u00fab\u00e1nat,<br \/>\nkit\u00e1rom a sz\u00edvemet a vil\u00e1gnak.<br \/>\nMost m\u00e1r bel\u00e1ttam a hib\u00e1mat,<br \/>\nbye bye az \u00e9n bab\u00e1mnak.<br \/>\nHopp te di rit ta la, hopp te di rit ta la,<br \/>\nta ri dap ta ri di, ta la la ta na na.<br \/>\nAlom alom a loma lom, sa na na na na na na,<br \/>\nalom alom a na na na na na na na.<br \/>\nHopp te di rit ta la, hopp te di rit ta la,<br \/>\nta ri dap ta ri di, ta la la ta na na.<br \/>\nAlom alom a loma lom, sa na na na na na na,<br \/>\nalom alom a na na, na na na na na.<br \/>\nHopp te di rit ta la, hopp te di rit ta la,<br \/>\nta ri dap ta ri di, ta la la ta na na.<br \/>\nAlom alom a loma lom, sa na na na na na na,<br \/>\nalom alom a na na na na na na na.<br \/>\n&#8212;Sz\u00f3l\u00f3&#8212;<br \/>\nAp\u00e1nak egyetlen l\u00e1nya,<br \/>\nsz\u00edvemnek gy\u00f6ny\u00f6r\u0171 vir\u00e1ga,<br \/>\nneked sz\u00f3l ez a dal, mert szeretlek.<br \/>\nDr\u00e1ga ici pici csepp kisl\u00e1nyom,<br \/>\nte vagy a legszebb a vil\u00e1gon,<br \/>\nsz\u00edvemnek gy\u00f6ny\u00f6r\u0171 napsugara.<br \/>\nTe vagy a tavasz t\u00e9li \u00e9jszak\u00e1ban,<br \/>\na legszebb szerelem a nagyvil\u00e1gban,<br \/>\nha r\u00e1m nevetsz, elfeledem minden b\u00e1natom.<br \/>\nTe vagy a sziv\u00e1rv\u00e1ny, viharos \u00e9letemben,<br \/>\ns b\u00e1rki mondan\u00e1, hogy semmim nincsen,<br \/>\nazt feleln\u00e9m, a l\u00e1nyom a mindenem.<br \/>\nTavasz j\u00f6n \u00e9s t\u00e9l is \u00fajra,<br \/>\nde amikor hozz\u00e1m b\u00fajva,<br \/>\nhalkan suttogod apa szeretlek.<br \/>\nOlyankor tavasz lesz, a t\u00e9li \u00e9jszak\u00e1ban,<br \/>\na legszebb szerelem a nagyvil\u00e1gban,<br \/>\nha r\u00e1m nevet elfeledem minden b\u00e1natom.<br \/>\nTe vagy a tavasz t\u00e9li \u00e9jszak\u00e1ban,<br \/>\na legszebb szerelem a nagyvil\u00e1gban,<br \/>\nha r\u00e1m nevetsz, elfeledem minden b\u00e1natom.<br \/>\nTe vagy a sziv\u00e1rv\u00e1ny, viharos \u00e9letemben,<br \/>\ns b\u00e1rki mondan\u00e1, hogy semmim nincsen,<br \/>\nazt feleln\u00e9m, a l\u00e1nyom a mindenem.<br \/>\n&#8212;Sz\u00f3l\u00f3&#8212;<br \/>\nCsillagos az \u00e9g mert este van,<br \/>\nszomor\u00fa a sz\u00edvem, mert messze vagy,<br \/>\nboldog ember lehet\u00e9k de nem lehet, te n\u00e9lk\u00fcled.<br \/>\nAmikor te engem szerett\u00e9l,<br \/>\negy nagyon boldog ember voltam \u00e9n.<br \/>\nkinek nem sz\u00e1m\u00edtott a f\u00e1jdalom, mert boldog volt!<br \/>\nKamim\u00f3, \u00f3h \u00f3h Kamim\u00f3, \u00f3h, \u00f3h, K\u00e1mim\u00f3,<br \/>\ntu k\u00e1d\u00e1sz muro Jil\u00f3.<br \/>\nKamim\u00f3, \u00f3h \u00f3h Kamim\u00f3, \u00f3h, \u00f3h, K\u00e1mim\u00f3,<br \/>\ntu k\u00e1d\u00e1sz muro Jil\u00f3.<br \/>\nCsillagos az \u00e9g mert este van,<br \/>\nszomor\u00fa a sz\u00edvem, mert messze vagy,<br \/>\nboldog ember lehet\u00e9k de nem lehet, te n\u00e9lk\u00fcled.<br \/>\nAmikor te engem szerett\u00e9l,<br \/>\negy nagyon boldog ember voltam \u00e9n.<br \/>\nkinek nem sz\u00e1m\u00edtott a f\u00e1jdalom, mert boldog volt!<br \/>\nKamim\u00f3, \u00f3h \u00f3h Kamim\u00f3, \u00f3h, \u00f3h, K\u00e1mim\u00f3,<br \/>\ntu k\u00e1d\u00e1sz muro Jil\u00f3.<br \/>\nKamim\u00f3, \u00f3h \u00f3h Kamim\u00f3, \u00f3h, \u00f3h, K\u00e1mim\u00f3,<br \/>\ntu k\u00e1d\u00e1sz muro Jil\u00f3.<br \/>\nKamim\u00f3, \u00f3h \u00f3h Kamim\u00f3, \u00f3h, \u00f3h, K\u00e1mim\u00f3,<br \/>\ntu k\u00e1d\u00e1sz muro Jil\u00f3.<br \/>\nKamim\u00f3, \u00f3h \u00f3h Kamim\u00f3, \u00f3h, \u00f3h, K\u00e1mim\u00f3,<br \/>\ntu k\u00e1d\u00e1sz muro Jil\u00f3.<br \/>\n&#8212;Sz\u00f3l\u00f3&#8212;<br \/>\nSzombaton este ne j\u00f3 citer\u00e1zni,<br \/>\na l\u00e1nyokhoz r\u00e9szegesen j\u00e1rni,<br \/>\nmenn\u00e9l jobban r\u00e9szegesen j\u00e1rok,<br \/>\nann\u00e1l jobban szeretnek a l\u00e1nyok.<br \/>\nMenn\u00e9l jobban r\u00e9szegesen j\u00e1rok,<br \/>\nann\u00e1l jobban szeretnek a l\u00e1nyok.<br \/>\nSzombaton este de rosszat \u00e1lmodtam,<br \/>\na feles\u00e9gem bugyog\u00f3j\u00e1t fogtam,<br \/>\nmegfogtam a csipk\u00e9s bugyog\u00f3ja sz\u00e1r\u00e1t,<br \/>\n\u00e9s \u00f6ssze pisilte a kezem sz\u00e1r\u00e1t.<br \/>\nMegfogtam a csipk\u00e9s bugyog\u00f3ja sz\u00e1r\u00e1t,<br \/>\n\u00e9s \u00f6ssze pisilte a kezem sz\u00e1r\u00e1t.<br \/>\n&#8212;Sz\u00f3l\u00f3&#8212;<br \/>\nSzeg\u00e9ny vagyok, szeg\u00e9ny vagyok, szeg\u00e9nynek sz\u00fclettem,<br \/>\naz \u00e9n bab\u00e1m az \u00e9n bab\u00e1m a legszebbik kincsem.<br \/>\nMert a n\u00e9z\u00e9s\u00e9t meg a j\u00e1r\u00e1s\u00e1t, a cs\u00edp\u0151j\u00e9nek a ring\u00e1s\u00e1t,<br \/>\nsemmi p\u00e9nz\u00e9rt nem adn\u00e1m, semmi p\u00e9nz\u00e9rt nem adn\u00e1m.<br \/>\nMert a n\u00e9z\u00e9s\u00e9t meg a j\u00e1r\u00e1s\u00e1t, a cs\u00edp\u0151j\u00e9nek a ring\u00e1s\u00e1t,<br \/>\nsemmi p\u00e9nz\u00e9rt nem adn\u00e1m, semmi p\u00e9nz\u00e9rt nem adn\u00e1m.<br \/>\nAz \u00e9n bab\u00e1m, az \u00e9n bab\u00e1m, a falu legszebb le\u00e1nya,<br \/>\nhogyne volna, hogyne volna hisz \u00e9n vagyok a p\u00e1rja.<br \/>\nMert a n\u00e9z\u00e9s\u00e9t meg a j\u00e1r\u00e1s\u00e1t,a cs\u00edp\u0151j\u00e9nek a ring\u00e1s\u00e1t,<br \/>\nsemmi p\u00e9nz\u00e9rt nem adn\u00e1m, semmi p\u00e9nz\u00e9rt nem adn\u00e1m.<br \/>\nMert a n\u00e9z\u00e9s\u00e9t meg a j\u00e1r\u00e1s\u00e1t,a cs\u00edp\u0151j\u00e9nek a ring\u00e1s\u00e1t,<br \/>\nsemmi p\u00e9nz\u00e9rt nem adn\u00e1m, semmi p\u00e9nz\u00e9rt nem adn\u00e1m.<br \/>\nMert a n\u00e9z\u00e9s\u00e9t meg a j\u00e1r\u00e1s\u00e1t,a cs\u00edp\u0151j\u00e9nek a ring\u00e1s\u00e1t,<br \/>\nsemmi p\u00e9nz\u00e9rt nem adn\u00e1m, semmi p\u00e9nz\u00e9rt nem adn\u00e1m.<br \/>\n&#8212;V\u00e9ge&#8212;<\/p>\n","protected":false},"featured_media":12989,"template":"","meta":{"site-sidebar-layout":"default","site-content-layout":"default","ast-site-content-layout":"default","site-content-style":"default","site-sidebar-style":"default","ast-global-header-display":"","ast-banner-title-visibility":"","ast-main-header-display":"","ast-hfb-above-header-display":"","ast-hfb-below-header-display":"","ast-hfb-mobile-header-display":"","site-post-title":"","ast-breadcrumbs-content":"","ast-featured-img":"","footer-sml-layout":"","theme-transparent-header-meta":"default","adv-header-id-meta":"","stick-header-meta":"","header-above-stick-meta":"","header-main-stick-meta":"","header-below-stick-meta":"","astra-migrate-meta-layouts":"set","ast-page-background-enabled":"default","ast-page-background-meta":{"desktop":{"background-color":"var(--ast-global-color-4)","background-image":"","background-repeat":"repeat","background-position":"center center","background-size":"auto","background-attachment":"scroll","background-type":"","background-media":"","overlay-type":"","overlay-color":"","overlay-opacity":"","overlay-gradient":""},"tablet":{"background-color":"","background-image":"","background-repeat":"repeat","background-position":"center center","background-size":"auto","background-attachment":"scroll","background-type":"","background-media":"","overlay-type":"","overlay-color":"","overlay-opacity":"","overlay-gradient":""},"mobile":{"background-color":"","background-image":"","background-repeat":"repeat","background-position":"center center","background-size":"auto","background-attachment":"scroll","background-type":"","background-media":"","overlay-type":"","overlay-color":"","overlay-opacity":"","overlay-gradient":""}},"ast-content-background-meta":{"desktop":{"background-color":"var(--ast-global-color-5)","background-image":"","background-repeat":"repeat","background-position":"center center","background-size":"auto","background-attachment":"scroll","background-type":"","background-media":"","overlay-type":"","overlay-color":"","overlay-opacity":"","overlay-gradient":""},"tablet":{"background-color":"var(--ast-global-color-5)","background-image":"","background-repeat":"repeat","background-position":"center center","background-size":"auto","background-attachment":"scroll","background-type":"","background-media":"","overlay-type":"","overlay-color":"","overlay-opacity":"","overlay-gradient":""},"mobile":{"background-color":"var(--ast-global-color-5)","background-image":"","background-repeat":"repeat","background-position":"center center","background-size":"auto","background-attachment":"scroll","background-type":"","background-media":"","overlay-type":"","overlay-color":"","overlay-opacity":"","overlay-gradient":""}}},"product_cat":[48],"product_tag":[],"class_list":["post-19531","product","type-product","status-publish","has-post-thumbnail","hentry","product_cat-sunkaraoke-dalok","desktop-align-left","tablet-align-left","mobile-align-left"],"_links":{"self":[{"href":"https:\/\/www.sunkaraoke.hu\/index.php\/wp-json\/wp\/v2\/product\/19531","targetHints":{"allow":["GET"]}}],"collection":[{"href":"https:\/\/www.sunkaraoke.hu\/index.php\/wp-json\/wp\/v2\/product"}],"about":[{"href":"https:\/\/www.sunkaraoke.hu\/index.php\/wp-json\/wp\/v2\/types\/product"}],"wp:featuredmedia":[{"embeddable":true,"href":"https:\/\/www.sunkaraoke.hu\/index.php\/wp-json\/wp\/v2\/media\/12989"}],"wp:attachment":[{"href":"https:\/\/www.sunkaraoke.hu\/index.php\/wp-json\/wp\/v2\/media?parent=19531"}],"wp:term":[{"taxonomy":"product_cat","embeddable":true,"href":"https:\/\/www.sunkaraoke.hu\/index.php\/wp-json\/wp\/v2\/product_cat?post=19531"},{"taxonomy":"product_tag","embeddable":true,"href":"https:\/\/www.sunkaraoke.hu\/index.php\/wp-json\/wp\/v2\/product_tag?post=19531"}],"curies":[{"name":"wp","href":"https:\/\/api.w.org\/{rel}","templated":true}]}}