{"id":19388,"date":"2025-05-24T10:11:24","date_gmt":"2025-05-24T10:11:24","guid":{"rendered":"https:\/\/www.sunkaraoke.hu\/?post_type=product&#038;p=19388"},"modified":"2025-05-24T10:14:48","modified_gmt":"2025-05-24T10:14:48","slug":"modern-rerto-boldogsag-merre-jarsz-2025-new-pb-edition","status":"publish","type":"product","link":"https:\/\/www.sunkaraoke.hu\/index.php\/termek\/modern-rerto-boldogsag-merre-jarsz-2025-new-pb-edition\/","title":{"rendered":"<div class=\"wcmp-player-container product-19388\"><audio controlslist=\"nodownload\" data-product=\"19388\"  volume=\"1\"  preload=\"none\" data-lazyloading=\"none\" class=\"wcmp-player track mejs-classic\" data-duration=\"0:41\" data-estimated_duration=\"5\"><source src=\"https:\/\/www.sunkaraoke.hu\/wp-content\/uploads\/2025\/05\/Boldogsag-merre-jarsz-TRP-2025.-Newdemoo.mp3\" type=\"audio\/mp3\" \/><\/audio><\/div>Modern Rert\u00f3 : Boldogs\u00e1g merre j\u00e1rsz 2025. New( PB. Edition)"},"content":{"rendered":"<p><strong>03:09<\/strong>\u00a0| <strong><img loading=\"lazy\" decoding=\"async\" class=\"alignnone size-full wp-image-467\" src=\"https:\/\/www.sunkaraoke.hu\/wp-content\/uploads\/2022\/07\/choir_2-copy.webp\" alt=\"\" width=\"30\" height=\"30\" \/> <\/strong><\/p>\n","protected":false},"excerpt":{"rendered":"<h6><strong>Bits\u0171r\u0171s\u00e9g: 320<\/strong>kb\/s<strong><br \/>\n<\/strong><strong>Hossz: <\/strong>03:09<strong><br \/>\n<\/strong><strong style=\"font-size: 16px;\">Vok\u00e1lt tartalmaz: <\/strong>Nem <img loading=\"lazy\" decoding=\"async\" class=\"alignnone size-full wp-image-467\" src=\"http:\/\/www.sunkaraoke.hu\/wp-content\/uploads\/2022\/07\/choir_2-copy.png\" alt=\"\" width=\"30\" height=\"30\" \/><strong style=\"font-size: 16px;\"><br \/>\n<\/strong><\/h6>\n<p>Sunkaraoke mp3 st\u00fadi\u00f3 \/ www.sunkaraoke.hu \/ Inf: Tel: 06 20 4275001<\/p>\n<p>&#8212;Intr\u00f3&#8212;<br \/>\nTudom \u00e9n voltam hib\u00e1s, elk\u00f6vettem sz\u00e1mtalan hib\u00e1t,<br \/>\nde \u00e9rzem sz\u00edved vissza v\u00e1r, feledni nem tudlak soha m\u00e1r.<br \/>\nBoldogs\u00e1g vajon merre j\u00e1rsz,<br \/>\nlehet hogy te is engem v\u00e1rsz,<br \/>\nugye nem m\u00falt minden el,<br \/>\nn\u00e9ha m\u00e9g \u00e9rtem k\u00f6nnyezel.<br \/>\nBoldogs\u00e1g vajon merre j\u00e1rsz,<br \/>\nlehet hogy te is engem v\u00e1rsz,<br \/>\nugye nem m\u00falt minden el,<br \/>\nn\u00e9ha m\u00e9g \u00e9rtem k\u00f6nnyezel.<br \/>\n&#8212;Sz\u00f3l\u00f3&#8212;<br \/>\nA holdf\u00e9ny k\u00eds\u00e9r utamon, szavaid a sz\u00e9lben hallgatom,<br \/>\nkereslek b\u00e1rmerre is j\u00e1rsz, tudom hogy sz\u00edved vissza v\u00e1r.<br \/>\nBoldogs\u00e1g vajon merre j\u00e1rsz,<br \/>\nlehet hogy te is engem v\u00e1rsz,<br \/>\nugye nem m\u00falt minden el,<br \/>\nn\u00e9ha m\u00e9g \u00e9rtem k\u00f6nnyezel.<br \/>\nBoldogs\u00e1g vajon merre j\u00e1rsz,<br \/>\nlehet hogy te is engem v\u00e1rsz,<br \/>\nugye nem m\u00falt minden el,<br \/>\nn\u00e9ha m\u00e9g \u00e9rtem k\u00f6nnyezel.<br \/>\n&#8212;Sz\u00f3l\u00f3&#8212;<br \/>\nBoldogs\u00e1g vajon merre j\u00e1rsz,<br \/>\nlehet hogy te is engem v\u00e1rsz,<br \/>\nugye nem m\u00falt minden el,<br \/>\nn\u00e9ha m\u00e9g \u00e9rtem k\u00f6nnyezel.<br \/>\nBoldogs\u00e1g vajon merre j\u00e1rsz,<br \/>\nlehet hogy te is engem v\u00e1rsz,<br \/>\nugye nem m\u00falt minden el,<br \/>\nn\u00e9ha m\u00e9g \u00e9rtem k\u00f6nnyezel.<br \/>\n&#8212;V\u00e9ge&#8212;<\/p>\n","protected":false},"featured_media":19391,"template":"","meta":{"site-sidebar-layout":"default","site-content-layout":"default","ast-site-content-layout":"default","site-content-style":"default","site-sidebar-style":"default","ast-global-header-display":"","ast-banner-title-visibility":"","ast-main-header-display":"","ast-hfb-above-header-display":"","ast-hfb-below-header-display":"","ast-hfb-mobile-header-display":"","site-post-title":"","ast-breadcrumbs-content":"","ast-featured-img":"","footer-sml-layout":"","theme-transparent-header-meta":"default","adv-header-id-meta":"","stick-header-meta":"","header-above-stick-meta":"","header-main-stick-meta":"","header-below-stick-meta":"","astra-migrate-meta-layouts":"set","ast-page-background-enabled":"default","ast-page-background-meta":{"desktop":{"background-color":"var(--ast-global-color-4)","background-image":"","background-repeat":"repeat","background-position":"center center","background-size":"auto","background-attachment":"scroll","background-type":"","background-media":"","overlay-type":"","overlay-color":"","overlay-opacity":"","overlay-gradient":""},"tablet":{"background-color":"","background-image":"","background-repeat":"repeat","background-position":"center center","background-size":"auto","background-attachment":"scroll","background-type":"","background-media":"","overlay-type":"","overlay-color":"","overlay-opacity":"","overlay-gradient":""},"mobile":{"background-color":"","background-image":"","background-repeat":"repeat","background-position":"center center","background-size":"auto","background-attachment":"scroll","background-type":"","background-media":"","overlay-type":"","overlay-color":"","overlay-opacity":"","overlay-gradient":""}},"ast-content-background-meta":{"desktop":{"background-color":"var(--ast-global-color-5)","background-image":"","background-repeat":"repeat","background-position":"center center","background-size":"auto","background-attachment":"scroll","background-type":"","background-media":"","overlay-type":"","overlay-color":"","overlay-opacity":"","overlay-gradient":""},"tablet":{"background-color":"var(--ast-global-color-5)","background-image":"","background-repeat":"repeat","background-position":"center center","background-size":"auto","background-attachment":"scroll","background-type":"","background-media":"","overlay-type":"","overlay-color":"","overlay-opacity":"","overlay-gradient":""},"mobile":{"background-color":"var(--ast-global-color-5)","background-image":"","background-repeat":"repeat","background-position":"center center","background-size":"auto","background-attachment":"scroll","background-type":"","background-media":"","overlay-type":"","overlay-color":"","overlay-opacity":"","overlay-gradient":""}}},"product_cat":[48],"product_tag":[],"class_list":["post-19388","product","type-product","status-publish","has-post-thumbnail","hentry","product_cat-sunkaraoke-dalok","desktop-align-left","tablet-align-left","mobile-align-left"],"_links":{"self":[{"href":"https:\/\/www.sunkaraoke.hu\/index.php\/wp-json\/wp\/v2\/product\/19388","targetHints":{"allow":["GET"]}}],"collection":[{"href":"https:\/\/www.sunkaraoke.hu\/index.php\/wp-json\/wp\/v2\/product"}],"about":[{"href":"https:\/\/www.sunkaraoke.hu\/index.php\/wp-json\/wp\/v2\/types\/product"}],"wp:featuredmedia":[{"embeddable":true,"href":"https:\/\/www.sunkaraoke.hu\/index.php\/wp-json\/wp\/v2\/media\/19391"}],"wp:attachment":[{"href":"https:\/\/www.sunkaraoke.hu\/index.php\/wp-json\/wp\/v2\/media?parent=19388"}],"wp:term":[{"taxonomy":"product_cat","embeddable":true,"href":"https:\/\/www.sunkaraoke.hu\/index.php\/wp-json\/wp\/v2\/product_cat?post=19388"},{"taxonomy":"product_tag","embeddable":true,"href":"https:\/\/www.sunkaraoke.hu\/index.php\/wp-json\/wp\/v2\/product_tag?post=19388"}],"curies":[{"name":"wp","href":"https:\/\/api.w.org\/{rel}","templated":true}]}}