{"id":19329,"date":"2025-05-09T09:06:02","date_gmt":"2025-05-09T09:06:02","guid":{"rendered":"https:\/\/www.sunkaraoke.hu\/?post_type=product&#038;p=19329"},"modified":"2025-05-09T09:07:02","modified_gmt":"2025-05-09T09:07:02","slug":"kaczor-ferenc-gonosz-lany-2025-new-pb-editon","status":"publish","type":"product","link":"https:\/\/www.sunkaraoke.hu\/index.php\/termek\/kaczor-ferenc-gonosz-lany-2025-new-pb-editon\/","title":{"rendered":"<div class=\"wcmp-player-container product-19329\"><audio controlslist=\"nodownload\" data-product=\"19329\"  volume=\"1\"  preload=\"none\" data-lazyloading=\"none\" class=\"wcmp-player track mejs-classic\" data-duration=\"0:35\" data-estimated_duration=\"4\"><source src=\"https:\/\/www.sunkaraoke.hu\/wp-content\/uploads\/2025\/05\/Gonosz-lany-2025.-New-Kaczor-PB.-kdemoo.mp3\" type=\"audio\/mp3\" \/><\/audio><\/div>Kaczor Ferenc -Gonosz l\u00e1ny 2025. NEW (PB Editon)"},"content":{"rendered":"<p><strong>03:34<\/strong>| <strong><img loading=\"lazy\" decoding=\"async\" class=\"alignnone size-full wp-image-467\" src=\"https:\/\/www.sunkaraoke.hu\/wp-content\/uploads\/2022\/07\/choir_2-copy.webp\" alt=\"\" width=\"30\" height=\"30\" \/> | <img decoding=\"async\" src=\"https:\/\/www.sunkaraoke.hu\/wp-content\/uploads\/2022\/07\/transzponalas.webp\" \/> \u00a0<\/strong><\/p>\n","protected":false},"excerpt":{"rendered":"<h5><strong>Bits\u0171r\u0171s\u00e9g: 320kb\/s<\/strong><br \/>\n<strong>Hossz: 03:34<\/strong><br \/>\n<strong>Vok\u00e1lt tartalmaz: Nem <img loading=\"lazy\" decoding=\"async\" class=\"alignnone size-full wp-image-467\" src=\"http:\/\/www.sunkaraoke.hu\/wp-content\/uploads\/2022\/07\/choir_2-copy.png\" alt=\"\" width=\"30\" height=\"30\" \/><\/strong><\/h5>\n<p>Sunkaraoke mp3 st\u00fadi\u00f3 \/ www.sunkaraoke.hu \/ Inf: Tel: 06 20 4275001<\/p>\n<p>&#8212;Intr\u00f3&#8212;<br \/>\nElmehetsz, isten veled, m\u00e1s tal\u00e1n hisz m\u00e9g neked!<br \/>\nA cs\u00f3kod is m\u00e1s\u00e9 lehet, m\u00e1r nem tudok hinni neked!<br \/>\nTudom hogy, mindig hazudt\u00e1l, b\u00e1rmit is mondasz nekem m\u00e1r!<br \/>\nAz egy\u00fctt t\u00f6lt\u00f6tt \u00e9jszak\u00e1k ,lehet hogy k\u00e9pzelet csup\u00e1n!<br \/>\nTudom hogy mindig hazudt\u00e1l, b\u00e1rmit is mondasz nekem m\u00e1r!<br \/>\nAz egy\u00fctt t\u00f6lt\u00f6tt \u00e9jszak\u00e1k, lehet hogy k\u00e9pzelet ma m\u00e1r!?<br \/>\n&#8212;Sz\u00f3l\u00f3&#8212;<br \/>\nSz\u00e9p szavak nem kellenek, valamit, mondan\u00e9k neked,<br \/>\na szerelmem csak te volt\u00e1l, gonosz l\u00e1ny, \u00f3h gonosz l\u00e1ny!<br \/>\nTudom hogy mindig hazudt\u00e1l, b\u00e1rmit is mondasz nekem m\u00e1r!<br \/>\nAz egy\u00fctt t\u00f6lt\u00f6tt \u00e9jszak\u00e1k, lehet hogy k\u00e9pzelet csup\u00e1n!<br \/>\nTudom hogy mindig hazudt\u00e1l, b\u00e1rmit is mondasz nekem m\u00e1r!<br \/>\nAz egy\u00fctt t\u00f6lt\u00f6tt \u00e9jszak\u00e1k, lehet hogy k\u00e9pzelet ma m\u00e1r?<br \/>\n&#8212;Sz\u00f3l\u00f3&#8212;<br \/>\nHa elm\u00e9sz, isten veled, sz\u00e9tt\u00f6rted a sz\u00edvemet,<br \/>\na szerelmem csak te volt\u00e1l, gonosz l\u00e1ny, \u00f3h gonosz l\u00e1ny!<br \/>\nTudom hogy, mindig hazudt\u00e1l, b\u00e1rmit is mondasz nekem m\u00e1r!<br \/>\nAz egy\u00fctt t\u00f6lt\u00f6tt \u00e9jszak\u00e1k, lehet hogy k\u00e9pzelet csup\u00e1n?<br \/>\nTudom hogy mindig hazudt\u00e1l, b\u00e1rmit is mondasz nekem m\u00e1r!<br \/>\nAz egy\u00fctt t\u00f6lt\u00f6tt \u00e9jszak\u00e1k, lehet hogy k\u00e9pzelet ma m\u00e1r?<br \/>\n&#8212;V\u00e9ge&#8212;<\/p>\n","protected":false},"featured_media":8960,"template":"","meta":{"site-sidebar-layout":"default","site-content-layout":"default","ast-site-content-layout":"default","site-content-style":"default","site-sidebar-style":"default","ast-global-header-display":"","ast-banner-title-visibility":"","ast-main-header-display":"","ast-hfb-above-header-display":"","ast-hfb-below-header-display":"","ast-hfb-mobile-header-display":"","site-post-title":"","ast-breadcrumbs-content":"","ast-featured-img":"","footer-sml-layout":"","theme-transparent-header-meta":"default","adv-header-id-meta":"","stick-header-meta":"","header-above-stick-meta":"","header-main-stick-meta":"","header-below-stick-meta":"","astra-migrate-meta-layouts":"set","ast-page-background-enabled":"default","ast-page-background-meta":{"desktop":{"background-color":"var(--ast-global-color-4)","background-image":"","background-repeat":"repeat","background-position":"center center","background-size":"auto","background-attachment":"scroll","background-type":"","background-media":"","overlay-type":"","overlay-color":"","overlay-opacity":"","overlay-gradient":""},"tablet":{"background-color":"","background-image":"","background-repeat":"repeat","background-position":"center center","background-size":"auto","background-attachment":"scroll","background-type":"","background-media":"","overlay-type":"","overlay-color":"","overlay-opacity":"","overlay-gradient":""},"mobile":{"background-color":"","background-image":"","background-repeat":"repeat","background-position":"center center","background-size":"auto","background-attachment":"scroll","background-type":"","background-media":"","overlay-type":"","overlay-color":"","overlay-opacity":"","overlay-gradient":""}},"ast-content-background-meta":{"desktop":{"background-color":"var(--ast-global-color-5)","background-image":"","background-repeat":"repeat","background-position":"center center","background-size":"auto","background-attachment":"scroll","background-type":"","background-media":"","overlay-type":"","overlay-color":"","overlay-opacity":"","overlay-gradient":""},"tablet":{"background-color":"var(--ast-global-color-5)","background-image":"","background-repeat":"repeat","background-position":"center center","background-size":"auto","background-attachment":"scroll","background-type":"","background-media":"","overlay-type":"","overlay-color":"","overlay-opacity":"","overlay-gradient":""},"mobile":{"background-color":"var(--ast-global-color-5)","background-image":"","background-repeat":"repeat","background-position":"center center","background-size":"auto","background-attachment":"scroll","background-type":"","background-media":"","overlay-type":"","overlay-color":"","overlay-opacity":"","overlay-gradient":""}}},"product_cat":[48],"product_tag":[],"class_list":["post-19329","product","type-product","status-publish","has-post-thumbnail","hentry","product_cat-sunkaraoke-dalok","desktop-align-left","tablet-align-left","mobile-align-left"],"_links":{"self":[{"href":"https:\/\/www.sunkaraoke.hu\/index.php\/wp-json\/wp\/v2\/product\/19329","targetHints":{"allow":["GET"]}}],"collection":[{"href":"https:\/\/www.sunkaraoke.hu\/index.php\/wp-json\/wp\/v2\/product"}],"about":[{"href":"https:\/\/www.sunkaraoke.hu\/index.php\/wp-json\/wp\/v2\/types\/product"}],"wp:featuredmedia":[{"embeddable":true,"href":"https:\/\/www.sunkaraoke.hu\/index.php\/wp-json\/wp\/v2\/media\/8960"}],"wp:attachment":[{"href":"https:\/\/www.sunkaraoke.hu\/index.php\/wp-json\/wp\/v2\/media?parent=19329"}],"wp:term":[{"taxonomy":"product_cat","embeddable":true,"href":"https:\/\/www.sunkaraoke.hu\/index.php\/wp-json\/wp\/v2\/product_cat?post=19329"},{"taxonomy":"product_tag","embeddable":true,"href":"https:\/\/www.sunkaraoke.hu\/index.php\/wp-json\/wp\/v2\/product_tag?post=19329"}],"curies":[{"name":"wp","href":"https:\/\/api.w.org\/{rel}","templated":true}]}}